66.249.65.107 - - [19/Sep/2024:14:07:21 -0400] "GET /36kaymp/rxmug32859.html HTTP/1.1" 404 1251 "-" "Mozilla/5.0 (Linux; Android 6.0.1; Nexus 5X Build/MMB29P) AppleWebKit/537.36 (KHTML, like Gecko) Chrome/128.0.6613.137 Mobile Safari/537.36 (compatible; GoogleOther)"
147.78.47.38 - - [19/Sep/2024:14:08:32 -0400] "GET /index.php/jk HTTP/1.1" 404 1251 "-" "Mozilla/5.0 (Windows NT 10.0; Win64; x64) AppleWebKit/537.36 (KHTML, like Gecko) Chrome/75.0.3780 Safari/537.36 Edg/75.0.139"
66.249.65.107 - - [19/Sep/2024:14:09:02 -0400] "GET /23dpof/ftlfp28875.html HTTP/1.1" 404 1251 "-" "Mozilla/5.0 (Linux; Android 6.0.1; Nexus 5X Build/MMB29P) AppleWebKit/537.36 (KHTML, like Gecko) Chrome/128.0.6613.137 Mobile Safari/537.36 (compatible; Googlebot/2.1; +http://www.google.com/bot.html)"
66.249.65.107 - - [19/Sep/2024:14:11:22 -0400] "GET /24ggebs/lbkow32241.html HTTP/1.1" 404 1251 "-" "Mozilla/5.0 (Linux; Android 6.0.1; Nexus 5X Build/MMB29P) AppleWebKit/537.36 (KHTML, like Gecko) Chrome/128.0.6613.137 Mobile Safari/537.36 (compatible; GoogleOther)"
66.249.65.106 - - [19/Sep/2024:14:14:03 -0400] "GET /205rkii/assjx22149.html HTTP/1.1" 404 1251 "-" "Mozilla/5.0 (Linux; Android 6.0.1; Nexus 5X Build/MMB29P) AppleWebKit/537.36 (KHTML, like Gecko) Chrome/128.0.6613.137 Mobile Safari/537.36 (compatible; GoogleOther)"
66.249.65.108 - - [19/Sep/2024:14:15:30 -0400] "GET /254yiex/jnzir34267.html HTTP/1.1" 404 1251 "-" "Mozilla/5.0 (Linux; Android 6.0.1; Nexus 5X Build/MMB29P) AppleWebKit/537.36 (KHTML, like Gecko) Chrome/128.0.6613.137 Mobile Safari/537.36 (compatible; GoogleOther)"
66.249.65.106 - - [19/Sep/2024:14:15:36 -0400] "GET /search?query=%E3%83%A1%E3%83%B3%E3%82%BA%E3%82%A6%E3%82%A7%E3%82%A2&browse=2494078 HTTP/1.1" 404 1251 "-" "Mozilla/5.0 (Linux; Android 6.0.1; Nexus 5X Build/MMB29P) AppleWebKit/537.36 (KHTML, like Gecko) Chrome/128.0.6613.137 Mobile Safari/537.36 (compatible; Googlebot/2.1; +http://www.google.com/bot.html)"
66.249.65.107 - - [19/Sep/2024:14:18:43 -0400] "GET /143wikf/trwqx48228.html HTTP/1.1" 404 1251 "-" "Mozilla/5.0 (Linux; Android 6.0.1; Nexus 5X Build/MMB29P) AppleWebKit/537.36 (KHTML, like Gecko) Chrome/128.0.6613.137 Mobile Safari/537.36 (compatible; GoogleOther)"
40.77.167.121 - - [19/Sep/2024:14:18:52 -0400] "GET /index.php/2024%E5%B9%B4%E5%85%88%E8%A1%8C%E4%BA%88%E7%B4%84+%E3%80%8E%E4%BA%AC%E9%B4%A8%E3%80%8F+%E9%B4%A8%E8%82%89+%E3%81%B5%E3%82%8B%E3%81%95%E3%81%A8%E7%89%B9%E9%81%B8+%E3%82%BB%E3%83%83%E3%83%88%EF%BC%883%E3%83%91%E3%83%83%E3%82%AF%E3%81%A7%E7%B4%84900g%EF%BC%89+2024%E5%B9%B44%E6%9C%88%E3%80%9C%E9%A0%86%E6%AC%A1%E7%99%BA%E9%80%81%E3%80%80%E3%80%80%E3%81%8A%E5%B1%8A%E3%81%91%EF%BC%9A2024%E5%B9%B44%E6%9C%88%E4%B8%AD%E6%97%AC%E3%80%9C/detail/52863330 HTTP/1.1" 404 1251 "-" "Mozilla/5.0 AppleWebKit/537.36 (KHTML, like Gecko; compatible; bingbot/2.0; +http://www.bing.com/bingbot.htm) Chrome/116.0.1938.76 Safari/537.36"
66.249.65.107 - - [19/Sep/2024:14:18:57 -0400] "GET /102esr/xyqyf8530.html HTTP/1.1" 404 1251 "-" "Mozilla/5.0 (Linux; Android 6.0.1; Nexus 5X Build/MMB29P) AppleWebKit/537.36 (KHTML, like Gecko) Chrome/128.0.6613.137 Mobile Safari/537.36 (compatible; GoogleOther)"
66.249.65.106 - - [19/Sep/2024:14:20:22 -0400] "GET /38jlitp/molhf34113.html HTTP/1.1" 404 1251 "-" "Mozilla/5.0 (Linux; Android 6.0.1; Nexus 5X Build/MMB29P) AppleWebKit/537.36 (KHTML, like Gecko) Chrome/128.0.6613.137 Mobile Safari/537.36 (compatible; Googlebot/2.1; +http://www.google.com/bot.html)"
66.249.65.108 - - [19/Sep/2024:14:22:04 -0400] "GET /6rpmf/lisgq262.html HTTP/1.1" 404 1251 "-" "Mozilla/5.0 (Linux; Android 6.0.1; Nexus 5X Build/MMB29P) AppleWebKit/537.36 (KHTML, like Gecko) Chrome/128.0.6613.137 Mobile Safari/537.36 (compatible; Googlebot/2.1; +http://www.google.com/bot.html)"
66.249.65.107 - - [19/Sep/2024:14:22:23 -0400] "GET /category/1524_8526/1 HTTP/1.1" 404 1251 "-" "Mozilla/5.0 (Linux; Android 6.0.1; Nexus 5X Build/MMB29P) AppleWebKit/537.36 (KHTML, like Gecko) Chrome/128.0.6613.137 Mobile Safari/537.36 (compatible; Googlebot/2.1; +http://www.google.com/bot.html)"
66.249.65.108 - - [19/Sep/2024:14:25:35 -0400] "GET /5vpmtz/lrxij28446.html HTTP/1.1" 404 1251 "-" "Mozilla/5.0 (Linux; Android 6.0.1; Nexus 5X Build/MMB29P) AppleWebKit/537.36 (KHTML, like Gecko) Chrome/128.0.6613.137 Mobile Safari/537.36 (compatible; GoogleOther)"
66.249.65.106 - - [19/Sep/2024:14:28:25 -0400] "GET /102pna/zrzka27324.html HTTP/1.1" 404 1251 "-" "Mozilla/5.0 (Linux; Android 6.0.1; Nexus 5X Build/MMB29P) AppleWebKit/537.36 (KHTML, like Gecko) Chrome/128.0.6613.137 Mobile Safari/537.36 (compatible; Googlebot/2.1; +http://www.google.com/bot.html)"
66.249.65.106 - - [19/Sep/2024:14:28:34 -0400] "GET /56mhmx/ngcbo8812.html HTTP/1.1" 404 1251 "-" "Mozilla/5.0 (Linux; Android 6.0.1; Nexus 5X Build/MMB29P) AppleWebKit/537.36 (KHTML, like Gecko) Chrome/128.0.6613.137 Mobile Safari/537.36 (compatible; GoogleOther)"
66.249.65.106 - - [19/Sep/2024:14:30:44 -0400] "GET /171aro/hlimx12382.html HTTP/1.1" 404 1251 "-" "Mozilla/5.0 (Linux; Android 6.0.1; Nexus 5X Build/MMB29P) AppleWebKit/537.36 (KHTML, like Gecko) Chrome/128.0.6613.137 Mobile Safari/537.36 (compatible; GoogleOther)"
66.249.65.108 - - [19/Sep/2024:14:34:44 -0400] "GET /174yuvq/ivtnq28905.html HTTP/1.1" 404 1251 "-" "Mozilla/5.0 (Linux; Android 6.0.1; Nexus 5X Build/MMB29P) AppleWebKit/537.36 (KHTML, like Gecko) Chrome/128.0.6613.137 Mobile Safari/537.36 (compatible; GoogleOther)"
66.249.65.108 - - [19/Sep/2024:14:36:40 -0400] "GET /%E3%82%A8%E3%83%97%E3%82%BD%E3%83%B3+IP03KB+%E3%82%A4%E3%83%B3%E3%82%AF%E3%83%91%E3%83%83%E3%82%AF%28%E3%83%96%E3%83%A9%E3%83%83%E3%82%AF%E7%B4%8410000%E3%83%9A%E3%83%BC%E3%82%B8%29+%E7%9B%AE%E5%AE%89%E5%9C%A8%E5%BA%AB%3D%E2%97%8B/detail/2459961112 HTTP/1.1" 404 1251 "-" "Mozilla/5.0 (Linux; Android 6.0.1; Nexus 5X Build/MMB29P) AppleWebKit/537.36 (KHTML, like Gecko) Chrome/128.0.6613.137 Mobile Safari/537.36 (compatible; GoogleOther)"
66.249.65.107 - - [19/Sep/2024:14:37:41 -0400] "GET /%E3%83%AA%E3%82%A2%E3%83%AB+%E3%82%AB%E3%83%BC%E3%83%9C%E3%83%B3%E3%83%95%E3%82%A1%E3%82%A4%E3%83%90%E3%83%BC+%E3%83%95%E3%83%AD%E3%83%B3%E3%83%88+%E3%82%B7%E3%83%A3%E3%83%99%E3%83%AB+%E3%83%90%E3%83%B3%E3%83%91%E3%83%BC+%E3%83%AA%E3%83%83%E3%83%97+%E3%83%87%E3%82%A3%E3%83%95%E3%83%A5%E3%83%BC%E3%82%B6%E3%83%BC+%E3%83%81%E3%83%B3+%E3%82%B9%E3%83%9D%E3%82%A4%E3%83%A9%E3%83%BC+%E9%81%A9%E7%94%A8%3A+BMW+3%E3%82%B7%E3%83%AA%E3%83%BC%E3%82%BA+F30+F35+2012-2018+AL-OO-2746+AL/detail/2134689528 HTTP/1.1" 404 1251 "-" "Mozilla/5.0 (Linux; Android 6.0.1; Nexus 5X Build/MMB29P) AppleWebKit/537.36 (KHTML, like Gecko) Chrome/128.0.6613.137 Mobile Safari/537.36 (compatible; GoogleOther)"
66.249.65.106 - - [19/Sep/2024:14:39:34 -0400] "GET /%E6%96%BD%E8%A8%AD%E7%94%A8%E5%82%99%E5%93%81%E3%80%80%E8%A8%BA%E5%AF%9F%E5%8F%B0+%E6%9C%89%E5%AD%94%E3%81%93%E3%81%A9%E3%82%82%E3%83%86%E3%83%BC%E3%83%96%E3%83%AB%E3%80%80TB-219U+%E5%B9%85%EF%BC%9A%E3%80%80%E9%95%B7%EF%BC%9A%E3%80%80%E9%AB%98%EF%BC%9A%E3%80%80%E3%82%A4%E3%82%A8%E3%83%AD%E3%83%BC+%E9%AB%98%E7%94%B0%E3%83%99%E3%83%83%E3%83%89%E8%A3%BD%E4%BD%9C%E6%89%80+%E5%8F%96%E5%AF%84%E5%93%81+JAN+254TB219U0008%E3%80%80%E4%BB%8B/detail/2459963684 HTTP/1.1" 404 1251 "-" "Mozilla/5.0 (Linux; Android 6.0.1; Nexus 5X Build/MMB29P) AppleWebKit/537.36 (KHTML, like Gecko) Chrome/128.0.6613.137 Mobile Safari/537.36 (compatible; GoogleOther)"
66.249.65.108 - - [19/Sep/2024:14:47:35 -0400] "GET /88lnd/ihiui8122.html HTTP/1.1" 404 1251 "-" "Mozilla/5.0 (Linux; Android 6.0.1; Nexus 5X Build/MMB29P) AppleWebKit/537.36 (KHTML, like Gecko) Chrome/128.0.6613.137 Mobile Safari/537.36 (compatible; Googlebot/2.1; +http://www.google.com/bot.html)"
66.249.65.106 - - [19/Sep/2024:14:48:01 -0400] "GET /search?query=%E3%82%B4%E3%83%AB%E3%83%95%E3%83%90%E3%83%83%E3%82%B0%E3%83%BB%E3%82%AD%E3%83%A3%E3%83%87%E3%82%A3%E3%83%90%E3%83%83%E3%82%B0&browse=2419978 HTTP/1.1" 404 1251 "-" "Mozilla/5.0 (Linux; Android 6.0.1; Nexus 5X Build/MMB29P) AppleWebKit/537.36 (KHTML, like Gecko) Chrome/128.0.6613.137 Mobile Safari/537.36 (compatible; Googlebot/2.1; +http://www.google.com/bot.html)"
66.249.65.106 - - [19/Sep/2024:14:48:14 -0400] "GET /classify/flow1531000368?id=18880 HTTP/1.1" 404 1251 "-" "Mozilla/5.0 (Linux; Android 6.0.1; Nexus 5X Build/MMB29P) AppleWebKit/537.36 (KHTML, like Gecko) Chrome/128.0.6613.137 Mobile Safari/537.36 (compatible; Googlebot/2.1; +http://www.google.com/bot.html)"
52.167.144.173 - - [19/Sep/2024:14:52:05 -0400] "GET /%E8%B6%85%E5%B8%8C%E5%B0%91%EF%BC%81%E3%80%80%E9%91%91%E5%AE%9A%E6%B8%88%E3%81%BF%E4%B8%96%E7%95%8C15%E6%9E%9A%EF%BC%81%E3%80%80%E3%83%81%E3%83%B3%E3%82%AE%E3%82%B9%E3%83%8F%E3%83%BC%E3%83%B3%E7%99%BA%E8%A1%8C%E3%83%87%E3%82%A3%E3%83%AB%E3%83%8F%E3%83%A0%E9%8A%80%E8%B2%A8/detail/1864918812 HTTP/1.1" 404 1251 "-" "Mozilla/5.0 AppleWebKit/537.36 (KHTML, like Gecko; compatible; bingbot/2.0; +http://www.bing.com/bingbot.htm) Chrome/116.0.1938.76 Safari/537.36"
52.167.144.173 - - [19/Sep/2024:14:52:06 -0400] "GET /%E3%83%95%E3%82%A1%E3%82%A4%E3%82%A2%E3%83%BC%E3%82%A8%E3%83%A0%E3%83%96%E3%83%AC%E3%83%A0+%E3%83%99%E3%83%AC%E3%82%B9+17%E3%82%B9%E3%82%B1%E3%83%BC%E3%83%AB++%E5%A1%97%E8%A3%85%E6%B8%88%E3%81%BF%E5%AE%8C%E6%88%90%E5%93%81%E3%83%95%E3%82%A3%E3%82%AE%E3%83%A5%E3%82%A2/detail/2827948648 HTTP/1.1" 404 1251 "-" "Mozilla/5.0 AppleWebKit/537.36 (KHTML, like Gecko; compatible; bingbot/2.0; +http://www.bing.com/bingbot.htm) Chrome/116.0.1938.76 Safari/537.36"
66.249.65.107 - - [19/Sep/2024:14:53:22 -0400] "GET /%E5%B0%82%E7%94%A8%E5%B8%8C%E5%B0%91%E6%BF%83%E3%81%84%E3%82%81+%E3%83%A2%E3%83%AB%E3%83%80%E3%83%90%E3%82%A4%E3%83%88+%E3%83%96%E3%83%AC%E3%82%B9%E3%83%AC%E3%83%83%E3%83%88+10mm/detail/1262177824 HTTP/1.1" 404 1251 "-" "Mozilla/5.0 (Linux; Android 6.0.1; Nexus 5X Build/MMB29P) AppleWebKit/537.36 (KHTML, like Gecko) Chrome/128.0.6613.137 Mobile Safari/537.36 (compatible; Googlebot/2.1; +http://www.google.com/bot.html)"
66.249.65.107 - - [19/Sep/2024:15:01:40 -0400] "GET /96arns/dzgtk391.html HTTP/1.1" 404 1251 "-" "Mozilla/5.0 (Linux; Android 6.0.1; Nexus 5X Build/MMB29P) AppleWebKit/537.36 (KHTML, like Gecko) Chrome/128.0.6613.137 Mobile Safari/537.36 (compatible; Googlebot/2.1; +http://www.google.com/bot.html)"
52.167.144.210 - - [19/Sep/2024:15:02:09 -0400] "GET /%E9%96%8B%E5%B0%81%E5%93%81%E7%AE%B1%E7%84%A1%E3%81%97%E3%80%80%E3%83%A4%E3%83%83%E3%82%BF%E3%83%BC%E3%83%9E%E3%83%B3+%E3%83%89%E3%83%AD%E3%83%B3%E3%82%B8%E3%83%A7++%E5%BE%A1%E4%BC%BD%E3%81%AD%E3%81%93%E3%82%80/detail/3400004172 HTTP/1.1" 404 1251 "-" "Mozilla/5.0 AppleWebKit/537.36 (KHTML, like Gecko; compatible; bingbot/2.0; +http://www.bing.com/bingbot.htm) Chrome/116.0.1938.76 Safari/537.36"
66.249.65.107 - - [19/Sep/2024:15:06:48 -0400] "GET /4iomw/fhgyz34156.html HTTP/1.1" 404 1251 "-" "Mozilla/5.0 (Linux; Android 6.0.1; Nexus 5X Build/MMB29P) AppleWebKit/537.36 (KHTML, like Gecko) Chrome/128.0.6613.137 Mobile Safari/537.36 (compatible; GoogleOther)"
66.249.65.106 - - [19/Sep/2024:15:07:49 -0400] "GET /60cfuge/fraxn883.html HTTP/1.1" 404 1251 "-" "Mozilla/5.0 (Linux; Android 6.0.1; Nexus 5X Build/MMB29P) AppleWebKit/537.36 (KHTML, like Gecko) Chrome/128.0.6613.137 Mobile Safari/537.36 (compatible; GoogleOther)"
66.249.65.107 - - [19/Sep/2024:15:08:00 -0400] "GET /165buwm/lxjwo29633.html HTTP/1.1" 404 1251 "-" "Mozilla/5.0 (Linux; Android 6.0.1; Nexus 5X Build/MMB29P) AppleWebKit/537.36 (KHTML, like Gecko) Chrome/128.0.6613.137 Mobile Safari/537.36 (compatible; GoogleOther)"
147.78.47.38 - - [19/Sep/2024:15:09:42 -0400] "GET /index.php/jk HTTP/1.1" 404 1251 "-" "Mozilla/5.0 (Windows NT 6.2; WOW64; rv:73.0) Gecko/20100101 Firefox/73.0"
66.249.65.106 - - [19/Sep/2024:15:10:11 -0400] "GET /202lbhsa/ejisj37476.html HTTP/1.1" 404 1251 "-" "Mozilla/5.0 (Linux; Android 6.0.1; Nexus 5X Build/MMB29P) AppleWebKit/537.36 (KHTML, like Gecko) Chrome/128.0.6613.137 Mobile Safari/537.36 (compatible; GoogleOther)"
66.249.65.106 - - [19/Sep/2024:15:11:54 -0400] "GET /66vpjxa/zacoy44911.html HTTP/1.1" 404 1251 "-" "Mozilla/5.0 (Linux; Android 6.0.1; Nexus 5X Build/MMB29P) AppleWebKit/537.36 (KHTML, like Gecko) Chrome/128.0.6613.137 Mobile Safari/537.36 (compatible; GoogleOther)"
157.55.39.11 - - [19/Sep/2024:15:16:21 -0400] "GET /sitemap-detail-1139.xml HTTP/1.1" 404 1251 "-" "Mozilla/5.0 AppleWebKit/537.36 (KHTML, like Gecko; compatible; bingbot/2.0; +http://www.bing.com/bingbot.htm) Chrome/116.0.1938.76 Safari/537.36"
157.55.39.11 - - [19/Sep/2024:15:16:21 -0400] "GET /%E3%83%88%E3%83%9E%E3%82%BB%E3%83%AD%E9%80%B2%E5%8C%96%E3%83%BB%E6%96%87%E5%8C%96%E3%81%A8%E7%99%BA%E9%81%94%E5%BF%83%E7%90%86%E5%AD%A6+%E4%BA%BA%E3%81%AE%E8%AA%8D%E7%9F%A5%E3%81%A8%E7%A4%BE%E4%BC%9A%E6%80%A7%E3%81%AE%E5%80%8B%E4%BD%93%E7%99%BA%E7%94%9F%E3%82%92%E3%81%95%E3%81%90%E3%82%8B%EF%BC%8F%E3%83%9E%E3%82%A4%E3%82%B1%E3%83%AB%E3%83%BB%E3%83%88%E3%83%9E%E3%82%BB%E3%83%AD%EF%BC%8F%E5%A4%A7%E8%97%AA%E6%B3%B0/detail/445957278 HTTP/1.1" 404 1251 "-" "Mozilla/5.0 AppleWebKit/537.36 (KHTML, like Gecko; compatible; bingbot/2.0; +http://www.bing.com/bingbot.htm) Chrome/116.0.1938.76 Safari/537.36"
157.55.39.11 - - [19/Sep/2024:15:16:22 -0400] "GET /%E3%82%A8%E3%83%AC%E3%82%B3%E3%83%A0+%E3%83%AF%E3%82%A4%E3%83%A4%E3%83%AC%E3%82%B9%E3%83%95%E3%83%AB%E3%82%AD%E3%83%BC%E3%83%9C%E3%83%BC%E3%83%89%E3%83%A1%E3%83%B3%E3%83%96%E3%83%AC%E3%83%B3%E5%BC%8F%E3%83%A1%E3%82%AB%E3%83%8B%E3%82%AB%E3%83%AB%E3%83%A9%E3%82%A4%E3%82%AF%E3%83%88%E3%83%A9%E3%83%83%E3%82%AF%E3%83%9C%E3%83%BC%E3%83%AB%E4%BB%98%E3%83%AA%E3%82%B9%E3%83%88%E3%83%AC%E3%82%B9%E3%83%88%E4%BB%98USB%E3%83%8F%E3%83%96%E4%BB%98%E3%83%8F%E3%83%BC%E3%83%89%E3%82%A6%E3%82%A7%E3%82%A2%E3%83%9E%E3%82%AF%E3%83%AD%E5%AF%BE%E5%BF%9C%E3%83%96%E3%83%A9%E3%83%83%E3%82%AF+TK-TB01DMBK/detail/2078338210 HTTP/1.1" 404 1251 "-" "Mozilla/5.0 AppleWebKit/537.36 (KHTML, like Gecko; compatible; bingbot/2.0; +http://www.bing.com/bingbot.htm) Chrome/116.0.1938.76 Safari/537.36"
66.249.65.107 - - [19/Sep/2024:15:17:22 -0400] "GET /%E3%83%9E%E3%82%A6%E3%83%B3%E3%83%86%E3%83%B3%E3%83%91%E3%83%BC%E3%82%AB%E3%83%BC+%E3%82%AD%E3%83%83%E3%82%BA+%E3%82%BB%E3%83%83%E3%83%88%E3%82%A2%E3%83%83%E3%83%97+%E5%AD%90%E4%BE%9B%E6%9C%8D+3%E7%82%B9%E3%82%BB%E3%83%83%E3%83%88+2way+%E6%92%A5%E6%B0%B4+%E4%BF%9D%E6%B8%A9+%E3%82%B8%E3%83%A3%E3%82%B1%E3%83%83%E3%83%88+%E3%83%95%E3%83%AA%E3%83%BC%E3%82%B9+%E3%83%91%E3%83%B3%E3%83%84+%E3%82%A2%E3%82%A6%E3%83%88%E3%83%89%E3%82%A2+%E3%82%B9%E3%83%9D%E3%83%BC%E3%83%84+%E7%94%B7%E5%A5%B3%E5%85%BC%E7%94%A8+%E9%80%9A%E5%AD%A6+%E5%9B%A3%E4%BD%93%E6%9C%8D/detail/40483240 HTTP/1.1" 404 1251 "-" "Mozilla/5.0 (Linux; Android 6.0.1; Nexus 5X Build/MMB29P) AppleWebKit/537.36 (KHTML, like Gecko) Chrome/128.0.6613.137 Mobile Safari/537.36 (compatible; Googlebot/2.1; +http://www.google.com/bot.html)"
66.249.65.106 - - [19/Sep/2024:15:17:43 -0400] "GET /category/14996/2 HTTP/1.1" 404 1251 "-" "Mozilla/5.0 (Linux; Android 6.0.1; Nexus 5X Build/MMB29P) AppleWebKit/537.36 (KHTML, like Gecko) Chrome/128.0.6613.137 Mobile Safari/537.36 (compatible; Googlebot/2.1; +http://www.google.com/bot.html)"
66.249.65.106 - - [19/Sep/2024:15:17:50 -0400] "GET /category/6080_8614/1 HTTP/1.1" 404 1251 "-" "Mozilla/5.0 (Linux; Android 6.0.1; Nexus 5X Build/MMB29P) AppleWebKit/537.36 (KHTML, like Gecko) Chrome/128.0.6613.137 Mobile Safari/537.36 (compatible; Googlebot/2.1; +http://www.google.com/bot.html)"
66.249.65.106 - - [19/Sep/2024:15:20:37 -0400] "GET /15fxyc/nzvna682.html HTTP/1.1" 404 1251 "-" "Mozilla/5.0 (Linux; Android 6.0.1; Nexus 5X Build/MMB29P) AppleWebKit/537.36 (KHTML, like Gecko) Chrome/128.0.6613.137 Mobile Safari/537.36 (compatible; Googlebot/2.1; +http://www.google.com/bot.html)"
52.167.144.203 - - [19/Sep/2024:15:21:40 -0400] "GET /index.php/%E6%97%A5%E6%9C%AC%E5%9B%BD%E6%AD%B4%E4%BB%A3%E5%A4%A9%E7%9A%87%E5%BE%A1%E7%9C%9F%E5%BD%B1%E3%81%AE%E6%8E%9B%E8%BB%B8/detail/1629094594 HTTP/1.1" 404 1251 "-" "Mozilla/5.0 AppleWebKit/537.36 (KHTML, like Gecko; compatible; bingbot/2.0; +http://www.bing.com/bingbot.htm) Chrome/116.0.1938.76 Safari/537.36"
52.167.144.203 - - [19/Sep/2024:15:26:12 -0400] "GET /%E3%82%B7%E3%83%A3%E3%83%BC%E3%83%97+%E6%8E%83%E9%99%A4%E6%A9%9F%E7%94%A8%E5%90%B8%E8%BE%BC%E5%8F%A3%28%E3%83%94%E3%83%B3%E3%82%AF%E7%B3%BB%29%282179351051%29%5B%E9%81%A9%E5%90%88%E6%A9%9F%E7%A8%AE%5DEC-PX600-P/detail/1981393810 HTTP/1.1" 404 1251 "-" "Mozilla/5.0 AppleWebKit/537.36 (KHTML, like Gecko; compatible; bingbot/2.0; +http://www.bing.com/bingbot.htm) Chrome/116.0.1938.76 Safari/537.36"
157.55.39.57 - - [19/Sep/2024:15:26:24 -0400] "GET /search?query=%E6%9C%AC%E3%83%BB%E9%9B%91%E8%AA%8C%E3%83%BB%E6%BC%AB%E7%94%BB&browse=2367902 HTTP/1.1" 404 1251 "-" "Mozilla/5.0 AppleWebKit/537.36 (KHTML, like Gecko; compatible; bingbot/2.0; +http://www.bing.com/bingbot.htm) Chrome/116.0.1938.76 Safari/537.36"
66.249.65.107 - - [19/Sep/2024:15:31:27 -0400] "GET /30ggfvz/tdmyo3359.html HTTP/1.1" 404 1251 "-" "Mozilla/5.0 (Linux; Android 6.0.1; Nexus 5X Build/MMB29P) AppleWebKit/537.36 (KHTML, like Gecko) Chrome/128.0.6613.137 Mobile Safari/537.36 (compatible; Googlebot/2.1; +http://www.google.com/bot.html)"
66.249.65.108 - - [19/Sep/2024:15:32:27 -0400] "GET /53ghsx/siymx30041.html HTTP/1.1" 404 1251 "-" "Mozilla/5.0 (Linux; Android 6.0.1; Nexus 5X Build/MMB29P) AppleWebKit/537.36 (KHTML, like Gecko) Chrome/128.0.6613.137 Mobile Safari/537.36 (compatible; Googlebot/2.1; +http://www.google.com/bot.html)"
52.167.144.168 - - [19/Sep/2024:15:33:44 -0400] "GET /%E6%96%87%E8%B1%AA%E3%82%B9%E3%83%88%E3%83%AC%E3%82%A4%E3%83%89%E3%83%83%E3%82%B0%E3%82%B9+%E4%B8%AD%E5%8E%9F%E4%B8%AD%E4%B9%9F+%E3%83%9B%E3%83%AD%E3%82%B0%E3%83%A9%E3%83%A0+%E3%83%90%E3%83%83%E3%82%B8+%E4%B8%AD%E5%9B%BD%E9%99%90%E5%AE%9A+%E6%B5%B7%E5%A4%9663%E7%82%B9+%E7%97%9B%E3%83%90/detail/2669342700 HTTP/1.1" 404 1251 "-" "Mozilla/5.0 AppleWebKit/537.36 (KHTML, like Gecko; compatible; bingbot/2.0; +http://www.bing.com/bingbot.htm) Chrome/116.0.1938.76 Safari/537.36"
52.167.144.138 - - [19/Sep/2024:15:37:10 -0400] "GET /index.php/SUPER+CAT+%E3%83%AC%E3%83%BC%E3%82%B6%E3%83%BC%EF%BC%86%E3%83%AC%E3%83%BC%E3%83%80%E3%83%BC%E6%8E%A2%E7%9F%A5%E6%A9%9F+A370+%E7%84%A1%E7%B7%9ALAN%E6%A9%9F%E8%83%BD%E4%BB%98SD%E4%BB%98%E5%B1%9E/detail/2636728888 HTTP/1.1" 404 1251 "-" "Mozilla/5.0 AppleWebKit/537.36 (KHTML, like Gecko; compatible; bingbot/2.0; +http://www.bing.com/bingbot.htm) Chrome/116.0.1938.76 Safari/537.36"
66.249.65.106 - - [19/Sep/2024:15:38:40 -0400] "GET /177lzx/tikcr13053.html HTTP/1.1" 404 1251 "-" "Mozilla/5.0 (Linux; Android 6.0.1; Nexus 5X Build/MMB29P) AppleWebKit/537.36 (KHTML, like Gecko) Chrome/128.0.6613.137 Mobile Safari/537.36 (compatible; Googlebot/2.1; +http://www.google.com/bot.html)"
66.249.65.108 - - [19/Sep/2024:15:39:05 -0400] "GET /13ldy/cairr26219.html HTTP/1.1" 404 1251 "-" "Mozilla/5.0 (Linux; Android 6.0.1; Nexus 5X Build/MMB29P) AppleWebKit/537.36 (KHTML, like Gecko) Chrome/128.0.6613.137 Mobile Safari/537.36 (compatible; GoogleOther)"
66.249.65.106 - - [19/Sep/2024:15:40:55 -0400] "GET /5tohxi/hdbct26063.html HTTP/1.1" 404 1251 "-" "Mozilla/5.0 (Linux; Android 6.0.1; Nexus 5X Build/MMB29P) AppleWebKit/537.36 (KHTML, like Gecko) Chrome/128.0.6613.137 Mobile Safari/537.36 (compatible; GoogleOther)"
66.249.65.107 - - [19/Sep/2024:15:40:57 -0400] "GET /wares/septet/680219QS/590 HTTP/1.1" 404 1251 "-" "Mozilla/5.0 (Linux; Android 6.0.1; Nexus 5X Build/MMB29P) AppleWebKit/537.36 (KHTML, like Gecko) Chrome/128.0.6613.137 Mobile Safari/537.36 (compatible; Googlebot/2.1; +http://www.google.com/bot.html)"
40.77.167.7 - - [19/Sep/2024:15:42:04 -0400] "GET /%E3%80%90%E5%85%A5%E6%89%8B%E5%9B%B0%E9%9B%A3%E3%80%91%E3%83%8A%E3%83%8B%E3%83%AF%E3%83%88%E3%83%A2%E3%82%A2%E3%83%AC%E5%85%A8%E5%B7%BB%E3%80%80%E3%81%AA%E3%81%AB%E3%82%8F%E5%8F%8B%E3%81%82%E3%82%8C%E3%80%80%E3%83%95%E3%82%A1%E3%83%96%E3%83%AB/detail/3497295538 HTTP/1.1" 404 1251 "-" "Mozilla/5.0 AppleWebKit/537.36 (KHTML, like Gecko; compatible; bingbot/2.0; +http://www.bing.com/bingbot.htm) Chrome/116.0.1938.76 Safari/537.36"
52.167.144.138 - - [19/Sep/2024:15:43:19 -0400] "GET /SHWB17421W%E3%82%A4%E3%83%B3%E3%82%BF%E3%83%BC%E3%83%9B%E3%83%B3%E3%80%80NAiS%E3%80%80%E6%9D%BE%E4%B8%8B%E9%9B%BB%E5%B7%A5%E9%A0%98%E5%8F%8E%E6%9B%B8%E5%8F%AF%E3%82%A4%E3%83%B3%E3%83%9C%E3%82%A4%E3%82%B9%E5%AF%BE%E5%BF%9C/detail/3281131212 HTTP/1.1" 404 1251 "-" "Mozilla/5.0 AppleWebKit/537.36 (KHTML, like Gecko; compatible; bingbot/2.0; +http://www.bing.com/bingbot.htm) Chrome/116.0.1938.76 Safari/537.36"
40.77.167.7 - - [19/Sep/2024:15:48:18 -0400] "GET /%E3%80%90%E6%BF%80%E3%83%AC%E3%82%A2%E3%80%91%E3%83%A4%E3%83%9E%E3%83%88%E3%82%AE%E3%82%BF%E3%83%BC%E3%80%80%E3%82%BB%E3%83%9F%E3%82%A2%E3%82%B3/detail/1572167744 HTTP/1.1" 404 1251 "-" "Mozilla/5.0 AppleWebKit/537.36 (KHTML, like Gecko; compatible; bingbot/2.0; +http://www.bing.com/bingbot.htm) Chrome/116.0.1938.76 Safari/537.36"
66.249.65.106 - - [19/Sep/2024:15:57:34 -0400] "GET /DII+CAMZ11203+%E3%82%B3%E3%83%83%E3%83%88%E3%83%B3100%25+%E6%B4%97%E6%BF%AF%E6%A9%9F%E6%B4%97%E3%81%84%E5%8F%AF+%E3%83%87%E3%82%A3%E3%83%8A%E3%83%BC+%E5%A4%8F+%E3%83%94%E3%82%AF%E3%83%8B%E3%83%83%E3%82%AF+%E3%83%86%E3%83%BC%E3%83%96%E3%83%AB%E3%82%AF%E3%83%AD%E3%82%B9+6%E4%BA%BA%E3%81%8B%E3%82%898%E4%BA%BA%E7%94%A8+60x84%E3%82%A4%E3%83%B3%E3%83%81+%E3%83%9C%E3%82%BF%E3%83%8B%E3%82%AB%E3%83%AB%E3%83%97%E3%83%AA%E3%83%B3%E3%83%88/detail/44611292 HTTP/1.1" 404 1251 "-" "Mozilla/5.0 (Linux; Android 6.0.1; Nexus 5X Build/MMB29P) AppleWebKit/537.36 (KHTML, like Gecko) Chrome/128.0.6613.137 Mobile Safari/537.36 (compatible; Googlebot/2.1; +http://www.google.com/bot.html)"
66.249.65.107 - - [19/Sep/2024:15:57:46 -0400] "GET /merchandise/approve152746467?id=32372 HTTP/1.1" 404 1251 "-" "Mozilla/5.0 (Linux; Android 6.0.1; Nexus 5X Build/MMB29P) AppleWebKit/537.36 (KHTML, like Gecko) Chrome/128.0.6613.137 Mobile Safari/537.36 (compatible; Googlebot/2.1; +http://www.google.com/bot.html)"
66.249.65.106 - - [19/Sep/2024:15:57:53 -0400] "GET /73nrzh/sjyxs652.html HTTP/1.1" 404 1251 "-" "Mozilla/5.0 (Linux; Android 6.0.1; Nexus 5X Build/MMB29P) AppleWebKit/537.36 (KHTML, like Gecko) Chrome/128.0.6613.137 Mobile Safari/537.36 (compatible; Googlebot/2.1; +http://www.google.com/bot.html)"
52.167.144.185 - - [19/Sep/2024:15:58:51 -0400] "GET /index.php/%E3%83%8F%E3%83%A9%E3%83%83%E3%82%AF%E3%82%B9%EF%BD%9CHARAX+%EF%BC%9C2%E5%8F%B0set%E5%93%81%EF%BC%9E%E3%82%A2%E3%83%AB%E3%82%B9%E3%83%86%E3%83%83%E3%83%97+AP-6%EF%BC%9C%E4%BC%B8%E7%B8%AE%E5%BC%8F%EF%BC%9E+%E4%BF%A1%E9%A0%BC%E3%81%AE%E6%97%A5%E6%9C%AC%E8%A3%BD%EF%BC%81%E3%82%A2%E3%83%AB%E3%83%9F%E8%A3%BD+%E4%B8%89%E8%84%9A%E8%84%9A%E7%AB%8B%EF%BD%9C%E6%B3%95%E4%BA%BA%E3%83%BB%E8%BE%B2%E5%9C%92%E6%A7%98%E9%99%90%E5%AE%9A/detail/17653362 HTTP/1.1" 404 1251 "-" "Mozilla/5.0 AppleWebKit/537.36 (KHTML, like Gecko; compatible; bingbot/2.0; +http://www.bing.com/bingbot.htm) Chrome/116.0.1938.76 Safari/537.36"
40.77.167.72 - - [19/Sep/2024:16:06:43 -0400] "GET /e-DEN+%E9%9B%BB%E9%A8%93%E3%83%8B%E7%A8%AE%E5%AE%8C%E5%85%A8%E6%94%BB%E7%95%A5+ToKoToN%E8%AC%9B%E5%BA%A7+%E6%94%B9%E8%A8%82%EF%BC%92%E7%89%88+%E4%B8%80%E6%AC%A1+%E4%BA%8C%E6%AC%A1+%E9%9B%BB%E6%B0%97%E6%95%B0%E5%AD%A6/detail/1672805992 HTTP/1.1" 404 1251 "-" "Mozilla/5.0 AppleWebKit/537.36 (KHTML, like Gecko; compatible; bingbot/2.0; +http://www.bing.com/bingbot.htm) Chrome/116.0.1938.76 Safari/537.36"
66.249.65.106 - - [19/Sep/2024:16:08:00 -0400] "GET /1btnm/mejct36177.html HTTP/1.1" 404 1251 "-" "Mozilla/5.0 (Linux; Android 6.0.1; Nexus 5X Build/MMB29P) AppleWebKit/537.36 (KHTML, like Gecko) Chrome/128.0.6613.137 Mobile Safari/537.36 (compatible; GoogleOther)"
40.77.167.72 - - [19/Sep/2024:16:09:23 -0400] "GET /%E6%97%A5%E6%9C%AC%E5%8D%A0%E9%A0%98%E3%82%B9%E3%82%AC%E3%83%A2%E3%83%97%E3%83%AA%E3%82%BA%E3%83%B3%E8%B3%87%E6%96%99%E3%80%805%E3%80%805/detail/496530522 HTTP/1.1" 404 1251 "-" "Mozilla/5.0 AppleWebKit/537.36 (KHTML, like Gecko; compatible; bingbot/2.0; +http://www.bing.com/bingbot.htm) Chrome/116.0.1938.76 Safari/537.36"
66.249.65.108 - - [19/Sep/2024:16:11:31 -0400] "GET /147glrj/lmpfe6132.html HTTP/1.1" 404 1251 "-" "Mozilla/5.0 (Linux; Android 6.0.1; Nexus 5X Build/MMB29P) AppleWebKit/537.36 (KHTML, like Gecko) Chrome/128.0.6613.137 Mobile Safari/537.36 (compatible; Googlebot/2.1; +http://www.google.com/bot.html)"
66.249.65.107 - - [19/Sep/2024:16:11:52 -0400] "GET /search?query=%E7%94%9F%E6%B4%BB%E5%AE%B6%E9%9B%BB&browse=4369600 HTTP/1.1" 404 1251 "-" "Mozilla/5.0 (Linux; Android 6.0.1; Nexus 5X Build/MMB29P) AppleWebKit/537.36 (KHTML, like Gecko) Chrome/128.0.6613.137 Mobile Safari/537.36 (compatible; Googlebot/2.1; +http://www.google.com/bot.html)"
87.236.176.82 - - [19/Sep/2024:16:14:41 -0400] "GET / HTTP/1.1" 200 1729 "-" "Mozilla/5.0 (compatible; InternetMeasurement/1.0; +https://internet-measurement.com/)"
66.249.65.106 - - [19/Sep/2024:16:15:12 -0400] "GET /5xnz/byxnl4634.html HTTP/1.1" 404 1251 "-" "Mozilla/5.0 (Linux; Android 6.0.1; Nexus 5X Build/MMB29P) AppleWebKit/537.36 (KHTML, like Gecko) Chrome/128.0.6613.137 Mobile Safari/537.36 (compatible; GoogleOther)"
66.249.65.108 - - [19/Sep/2024:16:16:16 -0400] "GET /5bhce/nkvqi4632.html HTTP/1.1" 404 1251 "-" "Mozilla/5.0 (Linux; Android 6.0.1; Nexus 5X Build/MMB29P) AppleWebKit/537.36 (KHTML, like Gecko) Chrome/128.0.6613.137 Mobile Safari/537.36 (compatible; GoogleOther)"
66.249.65.107 - - [19/Sep/2024:16:17:09 -0400] "GET /5oqke/mepkh4633.html HTTP/1.1" 404 1251 "-" "Mozilla/5.0 (Linux; Android 6.0.1; Nexus 5X Build/MMB29P) AppleWebKit/537.36 (KHTML, like Gecko) Chrome/128.0.6613.137 Mobile Safari/537.36 (compatible; GoogleOther)"
52.167.144.225 - - [19/Sep/2024:16:18:17 -0400] "GET /karimoku60%28%E3%82%AB%E3%83%AA%E3%83%A2%E3%82%AF60%29++K%E3%83%81%E3%82%A7%E3%82%A2+2%E3%82%B7%E3%83%BC%E3%82%BF%E3%83%BC%E3%82%BD%E3%83%95%E3%82%A1/detail/1366823962 HTTP/1.1" 404 1251 "-" "Mozilla/5.0 AppleWebKit/537.36 (KHTML, like Gecko; compatible; bingbot/2.0; +http://www.bing.com/bingbot.htm) Chrome/116.0.1938.76 Safari/537.36"
66.249.65.107 - - [19/Sep/2024:16:20:54 -0400] "GET /a2f6product/product_id/s1126638710/reviews HTTP/1.1" 404 1251 "-" "Mozilla/5.0 (Linux; Android 6.0.1; Nexus 5X Build/MMB29P) AppleWebKit/537.36 (KHTML, like Gecko) Chrome/128.0.6613.137 Mobile Safari/537.36 (compatible; Googlebot/2.1; +http://www.google.com/bot.html)"
52.167.144.210 - - [19/Sep/2024:16:43:25 -0400] "GET /search?query=%E3%82%B9%E3%83%9E%E3%83%9B%E3%83%BB%E3%82%BF%E3%83%96%E3%83%AC%E3%83%83%E3%83%88%E3%83%BB%E3%83%91%E3%82%BD%E3%82%B3%E3%83%B3&browse=4412654 HTTP/1.1" 404 1251 "-" "Mozilla/5.0 AppleWebKit/537.36 (KHTML, like Gecko; compatible; bingbot/2.0; +http://www.bing.com/bingbot.htm) Chrome/116.0.1938.76 Safari/537.36"
147.78.47.38 - - [19/Sep/2024:16:53:33 -0400] "GET /index.php/jk HTTP/1.1" 404 1251 "-" "Mozilla/5.0 (Windows NT 10.0; Win64; x64; rv:83.0) Gecko/20100101 Firefox/83.0"
66.249.65.106 - - [19/Sep/2024:16:55:14 -0400] "GET /145ptlbb/akiig3179.html HTTP/1.1" 404 1251 "-" "Mozilla/5.0 (Linux; Android 6.0.1; Nexus 5X Build/MMB29P) AppleWebKit/537.36 (KHTML, like Gecko) Chrome/128.0.6613.137 Mobile Safari/537.36 (compatible; Googlebot/2.1; +http://www.google.com/bot.html)"
66.249.65.108 - - [19/Sep/2024:16:55:18 -0400] "GET /141ede/yxgiw1220.html HTTP/1.1" 404 1251 "-" "Mozilla/5.0 (Linux; Android 6.0.1; Nexus 5X Build/MMB29P) AppleWebKit/537.36 (KHTML, like Gecko) Chrome/128.0.6613.137 Mobile Safari/537.36 (compatible; Googlebot/2.1; +http://www.google.com/bot.html)"
52.167.144.238 - - [19/Sep/2024:17:08:06 -0400] "GET /sitemap-detail-2464.xml HTTP/1.1" 404 1251 "-" "Mozilla/5.0 AppleWebKit/537.36 (KHTML, like Gecko; compatible; bingbot/2.0; +http://www.bing.com/bingbot.htm) Chrome/116.0.1938.76 Safari/537.36"
66.249.65.108 - - [19/Sep/2024:17:17:26 -0400] "GET /53lfvqd/vkgav10091.html HTTP/1.1" 404 1251 "-" "Mozilla/5.0 (Linux; Android 6.0.1; Nexus 5X Build/MMB29P) AppleWebKit/537.36 (KHTML, like Gecko) Chrome/128.0.6613.137 Mobile Safari/537.36 (compatible; GoogleOther)"
66.249.65.107 - - [19/Sep/2024:17:18:26 -0400] "GET /75ehfp/nwdti44007.html HTTP/1.1" 404 1251 "-" "Mozilla/5.0 (Linux; Android 6.0.1; Nexus 5X Build/MMB29P) AppleWebKit/537.36 (KHTML, like Gecko) Chrome/128.0.6613.137 Mobile Safari/537.36 (compatible; GoogleOther)"
66.249.65.106 - - [19/Sep/2024:17:19:05 -0400] "GET /46wgvks/danig8962.html HTTP/1.1" 404 1251 "-" "Mozilla/5.0 (Linux; Android 6.0.1; Nexus 5X Build/MMB29P) AppleWebKit/537.36 (KHTML, like Gecko) Chrome/128.0.6613.137 Mobile Safari/537.36 (compatible; GoogleOther)"
66.249.65.108 - - [19/Sep/2024:17:20:02 -0400] "GET /1zdn/frvjt1233.html HTTP/1.1" 404 1251 "-" "Mozilla/5.0 (Linux; Android 6.0.1; Nexus 5X Build/MMB29P) AppleWebKit/537.36 (KHTML, like Gecko) Chrome/128.0.6613.137 Mobile Safari/537.36 (compatible; GoogleOther)"
66.249.65.106 - - [19/Sep/2024:17:20:26 -0400] "GET /13cpxl/xfrke638.html HTTP/1.1" 404 1251 "-" "Mozilla/5.0 (Linux; Android 6.0.1; Nexus 5X Build/MMB29P) AppleWebKit/537.36 (KHTML, like Gecko) Chrome/128.0.6613.137 Mobile Safari/537.36 (compatible; Googlebot/2.1; +http://www.google.com/bot.html)"
66.249.65.108 - - [19/Sep/2024:17:21:34 -0400] "GET /category/2835/2 HTTP/1.1" 404 1251 "-" "Mozilla/5.0 (Linux; Android 6.0.1; Nexus 5X Build/MMB29P) AppleWebKit/537.36 (KHTML, like Gecko) Chrome/128.0.6613.137 Mobile Safari/537.36 (compatible; Googlebot/2.1; +http://www.google.com/bot.html)"
66.249.65.106 - - [19/Sep/2024:17:21:51 -0400] "GET /150hdkx/cntxp49535.html HTTP/1.1" 404 1251 "-" "Mozilla/5.0 (Linux; Android 6.0.1; Nexus 5X Build/MMB29P) AppleWebKit/537.36 (KHTML, like Gecko) Chrome/128.0.6613.137 Mobile Safari/537.36 (compatible; GoogleOther)"
147.78.47.38 - - [19/Sep/2024:17:21:52 -0400] "GET /index.php/jk HTTP/1.1" 404 1251 "-" "Mozilla/5.0 (iPad; U; CPU OS 4_1_3 like Mac OS X; ja) AppleWebKit/533.17.9 (KHTML, like Gecko) Version/5.0.2 Mobile/8J2 Safari/6533.18.5"
66.249.65.106 - - [19/Sep/2024:17:22:49 -0400] "GET /75pgdt/xhkkh48709.html HTTP/1.1" 404 1251 "-" "Mozilla/5.0 (Linux; Android 6.0.1; Nexus 5X Build/MMB29P) AppleWebKit/537.36 (KHTML, like Gecko) Chrome/128.0.6613.137 Mobile Safari/537.36 (compatible; GoogleOther)"
66.249.65.106 - - [19/Sep/2024:17:24:02 -0400] "GET /1xwkrz/eaqxs34727.html HTTP/1.1" 404 1251 "-" "Mozilla/5.0 (Linux; Android 6.0.1; Nexus 5X Build/MMB29P) AppleWebKit/537.36 (KHTML, like Gecko) Chrome/128.0.6613.137 Mobile Safari/537.36 (compatible; GoogleOther)"
52.167.144.140 - - [19/Sep/2024:17:25:52 -0400] "GET /sitemap-detail-1016.xml HTTP/1.1" 404 1251 "-" "Mozilla/5.0 AppleWebKit/537.36 (KHTML, like Gecko; compatible; bingbot/2.0; +http://www.bing.com/bingbot.htm) Chrome/116.0.1938.76 Safari/537.36"
66.249.65.108 - - [19/Sep/2024:17:46:46 -0400] "GET /254mbsh/mwlwd26460.html HTTP/1.1" 404 1251 "-" "Mozilla/5.0 (Linux; Android 6.0.1; Nexus 5X Build/MMB29P) AppleWebKit/537.36 (KHTML, like Gecko) Chrome/128.0.6613.137 Mobile Safari/537.36 (compatible; GoogleOther)"
66.249.65.107 - - [19/Sep/2024:17:47:12 -0400] "GET /127uhm/tklnt28452.html HTTP/1.1" 404 1251 "-" "Mozilla/5.0 (Linux; Android 6.0.1; Nexus 5X Build/MMB29P) AppleWebKit/537.36 (KHTML, like Gecko) Chrome/128.0.6613.137 Mobile Safari/537.36 (compatible; GoogleOther)"
66.249.65.106 - - [19/Sep/2024:17:48:27 -0400] "GET /15nfba/yioka48843.html HTTP/1.1" 404 1251 "-" "Mozilla/5.0 (Linux; Android 6.0.1; Nexus 5X Build/MMB29P) AppleWebKit/537.36 (KHTML, like Gecko) Chrome/128.0.6613.137 Mobile Safari/537.36 (compatible; GoogleOther)"
66.249.65.107 - - [19/Sep/2024:17:49:59 -0400] "GET /1ppjuy/nopxn27038.html HTTP/1.1" 404 1251 "-" "Mozilla/5.0 (Linux; Android 6.0.1; Nexus 5X Build/MMB29P) AppleWebKit/537.36 (KHTML, like Gecko) Chrome/128.0.6613.137 Mobile Safari/537.36 (compatible; GoogleOther)"
52.167.144.219 - - [19/Sep/2024:18:05:59 -0400] "GET /%E4%B9%85%E4%B8%96%E5%85%89%E5%BD%A6%C3%97%E5%90%91%E7%94%B0%E9%82%A6%E5%AD%90%E3%82%B9%E3%83%9A%E3%82%B7%E3%83%A3%E3%83%AB%E3%83%89%E3%83%A9%E3%83%9E%E5%82%91%E4%BD%9C%E9%81%B8+10%E6%9C%AC%E3%82%BB%E3%83%83%E3%83%88++%E7%AE%A1%E7%90%86%E7%95%AA%E5%8F%B71207/detail/2849132450 HTTP/1.1" 404 1251 "-" "Mozilla/5.0 AppleWebKit/537.36 (KHTML, like Gecko; compatible; bingbot/2.0; +http://www.bing.com/bingbot.htm) Chrome/116.0.1938.76 Safari/537.36"
52.167.144.219 - - [19/Sep/2024:18:06:39 -0400] "GET /index.php/%E4%B8%89%E8%8F%B1%E9%9B%BB%E6%A9%9F%E3%80%8027%E3%82%A4%E3%83%B3%E3%83%81%E6%B6%B2%E6%99%B6%E3%83%A2%E3%83%8B%E3%82%BF%E3%83%BC%E3%80%80MITSUBISHI+RDT271WLM/detail/3279581268 HTTP/1.1" 404 1251 "-" "Mozilla/5.0 AppleWebKit/537.36 (KHTML, like Gecko; compatible; bingbot/2.0; +http://www.bing.com/bingbot.htm) Chrome/116.0.1938.76 Safari/537.36"
66.249.65.106 - - [19/Sep/2024:18:12:33 -0400] "GET /1mlnil/bqxbw20760.html HTTP/1.1" 404 1251 "-" "Mozilla/5.0 (Linux; Android 6.0.1; Nexus 5X Build/MMB29P) AppleWebKit/537.36 (KHTML, like Gecko) Chrome/128.0.6613.137 Mobile Safari/537.36 (compatible; GoogleOther)"
66.249.65.108 - - [19/Sep/2024:18:13:01 -0400] "GET /230qbuy/vertt22946.html HTTP/1.1" 404 1251 "-" "Mozilla/5.0 (Linux; Android 6.0.1; Nexus 5X Build/MMB29P) AppleWebKit/537.36 (KHTML, like Gecko) Chrome/128.0.6613.137 Mobile Safari/537.36 (compatible; GoogleOther)"
40.77.167.65 - - [19/Sep/2024:18:13:54 -0400] "GET /index.php/%E6%9D%B1%E4%BA%AC%E3%83%9E%E3%83%AB%E3%82%A4+%E3%82%AC%E3%82%B9%E3%83%96%E3%83%AD%E3%83%BC%E3%83%90%E3%83%83%E3%82%AF+%E3%83%9E%E3%82%B7%E3%83%B3%E3%82%AC%E3%83%B3+MTR16/detail/1049868910 HTTP/1.1" 404 1251 "-" "Mozilla/5.0 AppleWebKit/537.36 (KHTML, like Gecko; compatible; bingbot/2.0; +http://www.bing.com/bingbot.htm) Chrome/116.0.1938.76 Safari/537.36"
66.249.65.108 - - [19/Sep/2024:18:14:27 -0400] "GET /91vog/lflwc46418.html HTTP/1.1" 404 1251 "-" "Mozilla/5.0 (Linux; Android 6.0.1; Nexus 5X Build/MMB29P) AppleWebKit/537.36 (KHTML, like Gecko) Chrome/128.0.6613.137 Mobile Safari/537.36 (compatible; GoogleOther)"
66.249.65.108 - - [19/Sep/2024:18:15:56 -0400] "GET /14bwnd/pahet38170.html HTTP/1.1" 404 1251 "-" "Mozilla/5.0 (Linux; Android 6.0.1; Nexus 5X Build/MMB29P) AppleWebKit/537.36 (KHTML, like Gecko) Chrome/128.0.6613.137 Mobile Safari/537.36 (compatible; GoogleOther)"
66.249.65.107 - - [19/Sep/2024:18:19:45 -0400] "GET /111txdsb/cwkyz4537.html HTTP/1.1" 404 1251 "-" "Mozilla/5.0 (Linux; Android 6.0.1; Nexus 5X Build/MMB29P) AppleWebKit/537.36 (KHTML, like Gecko) Chrome/128.0.6613.137 Mobile Safari/537.36 (compatible; GoogleOther)"
66.249.65.108 - - [19/Sep/2024:18:21:11 -0400] "GET /138vzvd/sjqui23558.html HTTP/1.1" 404 1251 "-" "Mozilla/5.0 (Linux; Android 6.0.1; Nexus 5X Build/MMB29P) AppleWebKit/537.36 (KHTML, like Gecko) Chrome/128.0.6613.137 Mobile Safari/537.36 (compatible; GoogleOther)"
66.249.65.107 - - [19/Sep/2024:18:21:46 -0400] "GET /212nve/fhpsr16230.html HTTP/1.1" 404 1251 "-" "Mozilla/5.0 (Linux; Android 6.0.1; Nexus 5X Build/MMB29P) AppleWebKit/537.36 (KHTML, like Gecko) Chrome/128.0.6613.137 Mobile Safari/537.36 (compatible; GoogleOther)"
66.249.65.106 - - [19/Sep/2024:18:25:30 -0400] "GET /%E3%82%B7%E3%83%AD%E3%83%BC%E6%A7%98+%E3%83%AA%E3%82%AF%E3%82%A8%E3%82%B9%E3%83%88+2%E7%82%B9+%E3%81%BE%E3%81%A8%E3%82%81%E5%95%86%E5%93%81/detail/1252021906 HTTP/1.1" 404 1251 "-" "Mozilla/5.0 (Linux; Android 6.0.1; Nexus 5X Build/MMB29P) AppleWebKit/537.36 (KHTML, like Gecko) Chrome/128.0.6613.137 Mobile Safari/537.36 (compatible; Googlebot/2.1; +http://www.google.com/bot.html)"
66.249.65.106 - - [19/Sep/2024:18:26:33 -0400] "GET /classify/georgia1531000320?id=18640 HTTP/1.1" 404 1251 "-" "Mozilla/5.0 (Linux; Android 6.0.1; Nexus 5X Build/MMB29P) AppleWebKit/537.36 (KHTML, like Gecko) Chrome/128.0.6613.137 Mobile Safari/537.36 (compatible; Googlebot/2.1; +http://www.google.com/bot.html)"
66.249.65.107 - - [19/Sep/2024:18:29:52 -0400] "GET /53evy/apqjy32695.html HTTP/1.1" 404 1251 "-" "Mozilla/5.0 (Linux; Android 6.0.1; Nexus 5X Build/MMB29P) AppleWebKit/537.36 (KHTML, like Gecko) Chrome/128.0.6613.137 Mobile Safari/537.36 (compatible; GoogleOther)"
66.249.65.107 - - [19/Sep/2024:18:32:39 -0400] "GET /265achjs/azoju14053.html HTTP/1.1" 404 1251 "-" "Mozilla/5.0 (Linux; Android 6.0.1; Nexus 5X Build/MMB29P) AppleWebKit/537.36 (KHTML, like Gecko) Chrome/128.0.6613.137 Mobile Safari/537.36 (compatible; Googlebot/2.1; +http://www.google.com/bot.html)"
66.249.65.107 - - [19/Sep/2024:18:35:09 -0400] "GET /167qigil/xbxzy42573.html HTTP/1.1" 404 1251 "-" "Mozilla/5.0 (Linux; Android 6.0.1; Nexus 5X Build/MMB29P) AppleWebKit/537.36 (KHTML, like Gecko) Chrome/128.0.6613.137 Mobile Safari/537.36 (compatible; Googlebot/2.1; +http://www.google.com/bot.html)"
66.249.65.108 - - [19/Sep/2024:18:37:19 -0400] "GET /187cuj/rwcsm11990.html HTTP/1.1" 404 1251 "-" "Mozilla/5.0 (Linux; Android 6.0.1; Nexus 5X Build/MMB29P) AppleWebKit/537.36 (KHTML, like Gecko) Chrome/128.0.6613.137 Mobile Safari/537.36 (compatible; GoogleOther)"
66.249.65.108 - - [19/Sep/2024:18:38:49 -0400] "GET /256lnjn/bvbgg38095.html HTTP/1.1" 404 1251 "-" "Mozilla/5.0 (Linux; Android 6.0.1; Nexus 5X Build/MMB29P) AppleWebKit/537.36 (KHTML, like Gecko) Chrome/128.0.6613.137 Mobile Safari/537.36 (compatible; GoogleOther)"
66.249.65.106 - - [19/Sep/2024:18:40:20 -0400] "GET /187rkhp/wujml30089.html HTTP/1.1" 404 1251 "-" "Mozilla/5.0 (Linux; Android 6.0.1; Nexus 5X Build/MMB29P) AppleWebKit/537.36 (KHTML, like Gecko) Chrome/128.0.6613.137 Mobile Safari/537.36 (compatible; GoogleOther)"
66.249.65.108 - - [19/Sep/2024:18:43:54 -0400] "GET /48xrb/jihcv26751.html HTTP/1.1" 404 1251 "-" "Mozilla/5.0 (Linux; Android 6.0.1; Nexus 5X Build/MMB29P) AppleWebKit/537.36 (KHTML, like Gecko) Chrome/128.0.6613.137 Mobile Safari/537.36 (compatible; GoogleOther)"
52.167.144.190 - - [19/Sep/2024:18:46:35 -0400] "GET /%E3%83%95%E3%83%AD%E3%83%B3%E3%82%B1%E3%83%9F%E3%82%AB%E3%83%AB+PFA%E3%82%B9%E3%83%88%E3%83%AC%E3%83%BC%E3%83%88%E3%83%BB%E3%83%A6%E3%83%8B%E3%82%AA%E3%83%B3%28%E3%82%BD%E3%83%AD%E3%83%90%E3%83%B3%E5%9E%8B%E3%82%B7%E3%83%BC%E3%83%AB%29SFU-19NR1042015/detail/2365644460 HTTP/1.1" 404 1251 "-" "Mozilla/5.0 AppleWebKit/537.36 (KHTML, like Gecko; compatible; bingbot/2.0; +http://www.bing.com/bingbot.htm) Chrome/116.0.1938.76 Safari/537.36"
40.77.167.43 - - [19/Sep/2024:18:49:30 -0400] "GET /index.php/%E5%9C%9F%E4%BA%95%E3%81%9F%E3%81%8B%E5%AD%90%E3%81%8C%E8%BE%9E%E3%82%81%E3%82%8B%E6%97%A5+%E3%81%93%E3%82%8C%E3%81%BB%E3%81%A9%E3%81%AE%E9%A0%86%E9%A2%A8%E3%82%92%E6%B4%BB%E3%81%8B%E3%81%9B%E3%81%AA%E3%81%8B%E3%81%A3%E3%81%9F%E2%80%9C%E3%81%84%E3%82%8F%E3%82%86%E3%82%8B%E5%9C%9F%E4%BA%95%E4%BA%BA%E6%B0%97%E2%80%9D++%E3%82%A2%E3%82%A4%E3%83%9A%E3%83%83%E3%82%AF++%E3%82%A2%E3%82%A4%E3%83%9A%E3%83%83%E3%82%AF+%5B%E6%96%B0%E6%9B%B8%5D/detail/155293508 HTTP/1.1" 404 1251 "-" "Mozilla/5.0 AppleWebKit/537.36 (KHTML, like Gecko; compatible; bingbot/2.0; +http://www.bing.com/bingbot.htm) Chrome/116.0.1938.76 Safari/537.36"
40.77.167.33 - - [19/Sep/2024:19:09:25 -0400] "GET /%E3%80%8A%E5%8F%82%E8%80%83%E3%80%8B%E3%83%94%E3%83%A9%E3%83%9F%E3%83%83%E3%83%89%E3%82%A2%E3%82%B8%E3%82%B5%E3%82%A4%E3%81%A8%E3%82%A2%E3%83%8A%E3%83%99%E3%83%AB%E3%82%A2%E3%82%B8%E3%82%B5%E3%82%A4%E3%81%AE%E6%AF%94%E8%BC%83%E3%81%AB%E3%81%A4%E3%81%84%E3%81%A6/detail/1847664944 HTTP/1.1" 404 1251 "-" "Mozilla/5.0 AppleWebKit/537.36 (KHTML, like Gecko; compatible; bingbot/2.0; +http://www.bing.com/bingbot.htm) Chrome/116.0.1938.76 Safari/537.36"
147.78.47.38 - - [19/Sep/2024:19:26:18 -0400] "GET /index.php/jk HTTP/1.1" 404 1251 "-" "Mozilla/5.0 (Macintosh; Intel Mac OS X 10.11; rv:103.0) Gecko/20100101 Firefox/102.0"
66.249.65.108 - - [19/Sep/2024:19:28:54 -0400] "GET /42dzp/zurpi3349.html HTTP/1.1" 404 1251 "-" "Mozilla/5.0 (Linux; Android 6.0.1; Nexus 5X Build/MMB29P) AppleWebKit/537.36 (KHTML, like Gecko) Chrome/128.0.6613.137 Mobile Safari/537.36 (compatible; GoogleOther)"
52.167.144.66 - - [19/Sep/2024:19:50:17 -0400] "GET /robots.txt HTTP/1.1" 404 1251 "-" "Mozilla/5.0 AppleWebKit/537.36 (KHTML, like Gecko; compatible; bingbot/2.0; +http://www.bing.com/bingbot.htm) Chrome/116.0.1938.76 Safari/537.36"
40.77.167.68 - - [19/Sep/2024:19:50:19 -0400] "GET /%E3%80%90PSA10%E3%80%91%E3%83%93%E3%82%AF%E3%83%86%E3%82%A3%E3%83%8B+%E4%BC%9D%E8%AA%AC%E3%83%89%E3%83%AA%E3%83%BC%E3%83%A0%E3%82%AD%E3%83%A9%E3%82%B3%E3%83%AC%E3%82%AF%E3%82%B7%E3%83%A7%E3%83%B3+%E3%83%9D%E3%82%B1%E3%82%AB+1ED++CP5/detail/3510016690 HTTP/1.1" 404 1251 "-" "Mozilla/5.0 AppleWebKit/537.36 (KHTML, like Gecko; compatible; bingbot/2.0; +http://www.bing.com/bingbot.htm) Chrome/116.0.1938.76 Safari/537.36"
147.78.47.38 - - [19/Sep/2024:19:52:24 -0400] "GET /index.php/jk HTTP/1.1" 404 1251 "-" "Mozilla/5.0 (Macintosh; Intel Mac OS X 10.15; rv:81.0) Gecko/20100101 Firefox/81.0"
40.77.167.55 - - [19/Sep/2024:19:58:04 -0400] "GET /%E7%9F%B3%E5%B4%8E%E9%9B%BB%E6%A9%9F%E8%A3%BD%E4%BD%9C%E6%89%80%E3%83%BBSURE+%E4%BD%8E%E6%B8%A9%E8%AA%BF%E7%90%86%E5%99%A8+TC-900+1%E5%80%8B/detail/493167516 HTTP/1.1" 404 1251 "-" "Mozilla/5.0 AppleWebKit/537.36 (KHTML, like Gecko; compatible; bingbot/2.0; +http://www.bing.com/bingbot.htm) Chrome/116.0.1938.76 Safari/537.36"
40.77.167.64 - - [19/Sep/2024:20:12:57 -0400] "GET /index.php/BenQ+EC1-C+%E3%82%B2%E3%83%BC%E3%83%9F%E3%83%B3%E3%82%B0%E3%83%9E%E3%82%A6%E3%82%B9%EF%BC%88%E5%B7%A6%E5%8F%B3%E9%9D%9E%E5%AF%BE%E7%A7%B0%E3%83%87%E3%82%B6%E3%82%A4%E3%83%B33360%E3%82%BB%E3%83%B3%E3%82%B5%E3%83%BC%E5%8F%B3%E5%88%A9%E3%81%8D%E7%94%A8%E3%83%91%E3%83%A9%E3%82%B3%E3%83%BC%E3%83%89%E8%BB%BD%E9%87%8FUSB%E3%83%9D%E3%83%BC%E3%83%88%E6%8E%A5%E7%B6%9A%E3%83%97%E3%83%A9%E3%82%B0%EF%BC%86%E3%83%97%E3%83%AC%E3%82%A4S/detail/2428721534 HTTP/1.1" 404 1251 "-" "Mozilla/5.0 AppleWebKit/537.36 (KHTML, like Gecko; compatible; bingbot/2.0; +http://www.bing.com/bingbot.htm) Chrome/116.0.1938.76 Safari/537.36"
40.77.167.76 - - [19/Sep/2024:20:15:57 -0400] "GET /%23%23%23%E3%83%91%E3%83%8A%E3%82%BD%E3%83%8B%E3%83%83%E3%82%AF+%E3%83%95%E3%83%AA%E3%83%BC%E3%83%93%E3%83%AB%E3%83%88%E3%82%A4%E3%83%B3%E3%82%A8%E3%82%A2%E3%82%B3%E3%83%B3%E5%8D%98%E7%9B%B8200V+10%E7%95%B3%E7%94%A8%E3%80%94IC%E3%80%95/detail/2023408408 HTTP/1.1" 404 1251 "-" "Mozilla/5.0 AppleWebKit/537.36 (KHTML, like Gecko; compatible; bingbot/2.0; +http://www.bing.com/bingbot.htm) Chrome/116.0.1938.76 Safari/537.36"
40.77.167.7 - - [19/Sep/2024:20:17:07 -0400] "GET /%E6%96%87%E5%8C%96%E4%BA%BA%E9%A1%9E%E5%AD%A6%E3%83%BB%E6%B0%91%E4%BF%97%E5%AD%A6%E3%81%AB%E9%96%A2%E3%81%99%E3%82%8B%EF%BC%91%EF%BC%90%E5%B9%B4%E9%96%93%E3%81%AE%E9%9B%91%E8%AA%8C%E6%96%87%E7%8C%AE%E7%9B%AE%E9%8C%B2+%E6%98%AD%E5%92%8C%EF%BC%95%EF%BC%90%E5%B9%B4-%E6%98%AD%E5%92%8C%EF%BC%95%EF%BC%99%E5%B9%B4+%E6%97%A5%E5%A4%96%E3%82%A2%E3%82%BD%E3%82%B7%E3%82%A8-%E3%83%84%E6%97%A5%E5%A4%96%E3%82%A2%E3%82%BD%E3%82%B7%E3%82%A8-%E3%83%84%EF%BC%88%E5%A4%A7%E5%9E%8B%E6%9C%AC%EF%BC%89/detail/419682402 HTTP/1.1" 404 1251 "-" "Mozilla/5.0 AppleWebKit/537.36 (KHTML, like Gecko; compatible; bingbot/2.0; +http://www.bing.com/bingbot.htm) Chrome/116.0.1938.76 Safari/537.36"
40.77.167.7 - - [19/Sep/2024:20:20:48 -0400] "GET /%E3%83%88%E3%83%A8%E3%82%BF%E3%82%A8%E3%82%B9%E3%83%86%E3%82%A3%E3%83%9E%E7%B4%94%E6%AD%A3%E3%82%A2%E3%83%AB%E3%83%9F%E5%A4%8F%E3%82%BF%E3%82%A4%E3%83%A4%E4%BB%9821555R17+DBA-GSR50W/detail/3223186892 HTTP/1.1" 404 1251 "-" "Mozilla/5.0 AppleWebKit/537.36 (KHTML, like Gecko; compatible; bingbot/2.0; +http://www.bing.com/bingbot.htm) Chrome/116.0.1938.76 Safari/537.36"
52.167.144.198 - - [19/Sep/2024:20:22:24 -0400] "GET /sitemap-detail-2113.xml HTTP/1.1" 404 1251 "-" "Mozilla/5.0 AppleWebKit/537.36 (KHTML, like Gecko; compatible; bingbot/2.0; +http://www.bing.com/bingbot.htm) Chrome/116.0.1938.76 Safari/537.36"
66.249.65.108 - - [19/Sep/2024:20:23:36 -0400] "GET /robots.txt HTTP/1.1" 404 1251 "-" "Mozilla/5.0 (compatible; Googlebot/2.1; +http://www.google.com/bot.html)"
52.167.144.192 - - [19/Sep/2024:20:24:49 -0400] "GET /%E5%B7%A5%E6%A5%AD%E7%94%A8%E3%83%9F%E3%82%B7%E3%83%B3%E3%80%81%E3%82%B8%E3%83%A5%E3%83%BC%E3%82%ADJUKI%E6%9C%AC%E7%B8%AB%E3%81%84%E3%83%9F%E3%82%B7%E3%83%B3DDL-5530%E8%B6%85%E7%B6%BA%E9%BA%97%E3%80%81%E6%95%B4%E5%82%99%E6%B8%88/detail/1429552006 HTTP/1.1" 404 1251 "-" "Mozilla/5.0 AppleWebKit/537.36 (KHTML, like Gecko; compatible; bingbot/2.0; +http://www.bing.com/bingbot.htm) Chrome/116.0.1938.76 Safari/537.36"
40.77.167.26 - - [19/Sep/2024:20:42:03 -0400] "GET /index.php/SK%E5%BC%8F+FRP%E8%A3%BD+%E9%96%8B%E6%94%BE%E5%BD%A2%E8%86%A8%E5%BC%B5%E3%82%BF%E3%83%B3%E3%82%AF%E5%B0%82%E7%94%A8%E6%9E%B6%E5%8F%B0%E3%83%BB%E5%A4%96%E6%A2%AF%E5%AD%90+FRS-TN%E5%9E%8B+%28SUS304%E8%A3%BD%29+%E3%80%80500%E3%83%AA%E3%83%83%E3%83%88%E3%83%AB%E7%94%A8/detail/1971553108 HTTP/1.1" 404 1251 "-" "Mozilla/5.0 AppleWebKit/537.36 (KHTML, like Gecko; compatible; bingbot/2.0; +http://www.bing.com/bingbot.htm) Chrome/116.0.1938.76 Safari/537.36"
66.249.65.106 - - [19/Sep/2024:20:43:18 -0400] "GET /2uaev/dpznw16775.html HTTP/1.1" 404 1251 "-" "Mozilla/5.0 (Linux; Android 6.0.1; Nexus 5X Build/MMB29P) AppleWebKit/537.36 (KHTML, like Gecko) Chrome/128.0.6613.137 Mobile Safari/537.36 (compatible; Googlebot/2.1; +http://www.google.com/bot.html)"
40.77.167.26 - - [19/Sep/2024:20:49:54 -0400] "GET /SEGA+%E3%82%B5%E3%82%AF%E3%83%A9%E3%82%BF%E3%82%A4%E3%82%BB%E3%83%B3DREAMCAST/detail/646076746 HTTP/1.1" 404 1251 "-" "Mozilla/5.0 AppleWebKit/537.36 (KHTML, like Gecko; compatible; bingbot/2.0; +http://www.bing.com/bingbot.htm) Chrome/116.0.1938.76 Safari/537.36"
52.167.144.173 - - [19/Sep/2024:20:52:23 -0400] "GET /%E6%A9%9F%E9%96%A2%E8%89%AF%E5%A5%BD%EF%BC%81%E3%82%A8%E3%82%A2%E3%82%B3%E3%83%B3%E3%83%90%E3%83%83%E3%83%81%E3%83%AA%E3%83%8F%E3%82%A4%E3%82%BC%E3%83%83%E3%83%88%E3%82%AB%E3%83%BC%E3%82%B4%E8%BB%8A%E6%A4%9C%E4%BB%A4%E5%92%8C7%E5%B9%B48%E6%9C%88%E3%83%95%E3%83%AB%E3%82%BB%E3%82%B0TV+ETC/detail/1420562112 HTTP/1.1" 404 1251 "-" "Mozilla/5.0 AppleWebKit/537.36 (KHTML, like Gecko; compatible; bingbot/2.0; +http://www.bing.com/bingbot.htm) Chrome/116.0.1938.76 Safari/537.36"
40.77.167.70 - - [19/Sep/2024:21:05:16 -0400] "GET /%E3%80%90%E6%9C%AA%E9%96%8B%E5%B0%81%E3%83%BB%E7%AE%B1%E3%81%AF%E5%82%B7%E3%81%82%E3%82%8A%E3%80%91%E3%82%B5%E3%83%B3%E3%83%88%E3%83%AA%E3%83%BC%E3%83%94%E3%83%A5%E3%82%A2%E3%83%A2%E3%83%AB%E3%83%88%E3%82%A6%E3%82%A3%E3%82%B9%E3%82%AD%E3%83%BC%E5%B1%B1%E5%B4%8E12%E5%B9%B4750ml/detail/3263013244 HTTP/1.1" 404 1251 "-" "Mozilla/5.0 AppleWebKit/537.36 (KHTML, like Gecko; compatible; bingbot/2.0; +http://www.bing.com/bingbot.htm) Chrome/116.0.1938.76 Safari/537.36"
52.167.144.197 - - [19/Sep/2024:21:08:18 -0400] "GET /%E3%80%90%E8%A8%BC%E6%98%8E%E6%9B%B8%E4%BB%98%E3%81%8D%E3%80%91%E3%82%A4%E3%83%A9%E3%82%AF%E3%83%87%E3%82%A3%E3%83%8A%E3%83%BC%E3%83%AB50000%E7%B4%99%E5%B9%A35%E6%9E%9A%E3%81%A7%E3%81%99/detail/1595616332 HTTP/1.1" 404 1251 "-" "Mozilla/5.0 AppleWebKit/537.36 (KHTML, like Gecko; compatible; bingbot/2.0; +http://www.bing.com/bingbot.htm) Chrome/116.0.1938.76 Safari/537.36"
40.77.167.2 - - [19/Sep/2024:21:09:10 -0400] "GET /%E5%BC%B7%E5%9B%BA%E3%81%AA%E7%88%AC%E8%99%AB%E9%A1%9E%E3%82%B1%E3%83%BC%E3%82%B8%E3%80%8C%E5%BC%95%E3%81%8D%E5%87%BA%E3%81%97%E3%82%BF%E3%82%A4%E3%83%97%E3%80%8D120%C3%9745%C3%9745cm%E9%80%81%E6%96%99%E7%84%A1%E6%96%99%E4%BE%A1%E6%A0%BC%E8%A1%A8%E9%96%8B%E7%A4%BA/detail/755358208 HTTP/1.1" 404 1251 "-" "Mozilla/5.0 AppleWebKit/537.36 (KHTML, like Gecko; compatible; bingbot/2.0; +http://www.bing.com/bingbot.htm) Chrome/116.0.1938.76 Safari/537.36"
66.249.65.106 - - [19/Sep/2024:21:12:59 -0400] "GET /241wbrpe/mgjbh7740.html HTTP/1.1" 404 1251 "-" "Mozilla/5.0 (Linux; Android 6.0.1; Nexus 5X Build/MMB29P) AppleWebKit/537.36 (KHTML, like Gecko) Chrome/128.0.6613.137 Mobile Safari/537.36 (compatible; Googlebot/2.1; +http://www.google.com/bot.html)"
52.167.144.187 - - [19/Sep/2024:21:17:30 -0400] "GET /FUJIFILM+XF16mm+F1.4+R+WR+%E5%AF%8C%E5%A3%AB%E3%83%95%E3%82%A4%E3%83%AB%E3%83%A0%E3%80%80LH-XF16/detail/2782306594 HTTP/1.1" 404 1251 "-" "Mozilla/5.0 AppleWebKit/537.36 (KHTML, like Gecko; compatible; bingbot/2.0; +http://www.bing.com/bingbot.htm) Chrome/116.0.1938.76 Safari/537.36"
52.167.144.187 - - [19/Sep/2024:21:20:52 -0400] "GET /index.php/%E3%82%B7%E3%82%A7%E3%83%BC%E3%83%B3%E3%83%90%E3%83%AB%E3%83%89+%E3%83%A9%E3%83%A1%E3%82%AD%E3%83%B3+9278207%283011-7B%29%E8%8C%B6/detail/470671094 HTTP/1.1" 404 1251 "-" "Mozilla/5.0 AppleWebKit/537.36 (KHTML, like Gecko; compatible; bingbot/2.0; +http://www.bing.com/bingbot.htm) Chrome/116.0.1938.76 Safari/537.36"
52.167.144.21 - - [19/Sep/2024:21:46:11 -0400] "GET /index.php/YKKAP%E7%AA%93%E3%82%B5%E3%83%83%E3%82%B7+%E5%BC%95%E3%81%8D%E9%81%95%E3%81%84%E7%AA%93+%E3%83%95%E3%83%AC%E3%83%9F%E3%83%B3%E3%82%B0J%5BLow-E%E8%A4%87%E5%B1%A4%E9%98%B2%E7%8A%AF%E3%82%AC%E3%83%A9%E3%82%B9%5D+2%E6%9E%9A%E5%BB%BA%5B%E3%82%B7%E3%83%A3%E3%83%83%E3%82%BF%E3%83%BC%E4%BB%98%5D+%E3%82%B9%E3%83%81%E3%83%BC%E3%83%AB%E8%80%90%E9%A2%A8%5B%E5%8D%8A%E5%A4%96%5DLow-E%E9%80%8F%E6%98%8E5%2B%E5%90%88%E3%82%8F%E3%81%9B%E5%9E%8B7mm%EF%BC%9A%5B%E5%B9%851640mm%C3%97%E9%AB%981830mm%5D/detail/587390932 HTTP/1.1" 404 1251 "-" "Mozilla/5.0 AppleWebKit/537.36 (KHTML, like Gecko; compatible; bingbot/2.0; +http://www.bing.com/bingbot.htm) Chrome/116.0.1938.76 Safari/537.36"
40.77.167.76 - - [19/Sep/2024:21:46:26 -0400] "GET /OD301214D%EF%BC%88%E5%85%89%E6%BA%90%E3%83%A6%E3%83%8B%E3%83%83%E3%83%88%E5%88%A5%E6%A2%B1%E5%8C%85%EF%BC%89%E3%80%8EOD301214%23%EF%BC%8BUN3021D%E3%80%8F+%E3%82%AA%E3%83%BC%E3%83%87%E3%83%AA%E3%83%83%E3%82%AF%E7%85%A7%E6%98%8E%E5%99%A8%E5%85%B7+%E3%83%99%E3%83%BC%E3%82%B9%E3%83%A9%E3%82%A4%E3%83%88+%E5%A4%A9%E4%BA%95%E5%9F%8B%E8%BE%BC%E5%9E%8B+LED+%E9%80%A3%E7%B5%90%E7%AB%AF%E9%83%A8%E7%94%A8/detail/2162154832 HTTP/1.1" 404 1251 "-" "Mozilla/5.0 AppleWebKit/537.36 (KHTML, like Gecko; compatible; bingbot/2.0; +http://www.bing.com/bingbot.htm) Chrome/116.0.1938.76 Safari/537.36"
