66.102.9.228 - - [19/Sep/2024:12:57:30 -0400] "GET /feed/ HTTP/1.1" 200 0 "-" "FeedBurner/1.0 (http://www.FeedBurner.com)"
162.215.222.160 - - [19/Sep/2024:12:59:10 -0400] "POST / HTTP/1.1" 200 0 "-" "The Incutio XML-RPC PHP Library -- WordPress/6.6.2"
162.215.222.160 - - [19/Sep/2024:12:59:10 -0400] "POST / HTTP/1.1" 200 0 "-" "The Incutio XML-RPC PHP Library -- WordPress/6.6.2"
5.35.100.150 - - [19/Sep/2024:13:01:03 -0400] "POST / HTTP/1.1" 200 0 "http://allstuffweb.com/" "The Incutio XML-RPC PHP Library -- WordPress/5.3.18"
5.35.100.150 - - [19/Sep/2024:13:01:04 -0400] "POST / HTTP/1.1" 200 0 "http://allstuffweb.com/" "The Incutio XML-RPC PHP Library -- WordPress/5.3.18"
35.212.97.25 - - [19/Sep/2024:13:02:32 -0400] "POST / HTTP/1.1" 200 0 "-" "The Incutio XML-RPC PHP Library -- WordPress/6.6.2"
35.212.97.25 - - [19/Sep/2024:13:02:32 -0400] "POST / HTTP/1.1" 200 0 "-" "The Incutio XML-RPC PHP Library -- WordPress/6.6.2"
54.36.129.69 - - [19/Sep/2024:13:06:47 -0400] "POST / HTTP/1.1" 200 0 "-" "The Incutio XML-RPC PHP Library -- WordPress/6.6.1"
54.36.129.69 - - [19/Sep/2024:13:06:47 -0400] "POST / HTTP/1.1" 200 0 "-" "The Incutio XML-RPC PHP Library -- WordPress/6.6.1"
51.254.5.189 - - [19/Sep/2024:13:07:24 -0400] "POST / HTTP/1.1" 200 0 "-" "The Incutio XML-RPC PHP Library -- WordPress/6.4.3"
51.254.5.189 - - [19/Sep/2024:13:07:25 -0400] "POST / HTTP/1.1" 200 0 "-" "The Incutio XML-RPC PHP Library -- WordPress/6.4.3"
5.35.100.150 - - [19/Sep/2024:13:10:49 -0400] "POST / HTTP/1.0" 200 0 "-" "The Incutio XML-RPC PHP Library -- WordPress/5.3.18"
5.35.100.150 - - [19/Sep/2024:13:10:49 -0400] "POST / HTTP/1.0" 200 0 "-" "The Incutio XML-RPC PHP Library -- WordPress/5.3.18"
5.35.100.150 - - [19/Sep/2024:13:11:00 -0400] "POST / HTTP/1.1" 200 0 "http://allstuffweb.com/" "The Incutio XML-RPC PHP Library -- WordPress/5.3.18"
5.35.100.150 - - [19/Sep/2024:13:11:01 -0400] "POST / HTTP/1.1" 200 0 "http://allstuffweb.com/" "The Incutio XML-RPC PHP Library -- WordPress/5.3.18"
162.0.209.242 - - [19/Sep/2024:13:17:22 -0400] "POST / HTTP/1.0" 200 0 "-" "The Incutio XML-RPC PHP Library -- WordPress/PBPP"
162.0.209.242 - - [19/Sep/2024:13:17:22 -0400] "POST / HTTP/1.0" 200 0 "-" "The Incutio XML-RPC PHP Library -- WordPress/PBPP"
5.35.100.150 - - [19/Sep/2024:13:20:44 -0400] "POST / HTTP/1.0" 200 0 "-" "The Incutio XML-RPC PHP Library -- WordPress/5.3.18"
5.35.100.150 - - [19/Sep/2024:13:20:44 -0400] "POST / HTTP/1.0" 200 0 "-" "The Incutio XML-RPC PHP Library -- WordPress/5.3.18"
5.35.100.150 - - [19/Sep/2024:13:21:00 -0400] "POST / HTTP/1.1" 200 0 "http://allstuffweb.com/" "The Incutio XML-RPC PHP Library -- WordPress/5.3.18"
5.35.100.150 - - [19/Sep/2024:13:21:00 -0400] "POST / HTTP/1.1" 200 0 "http://allstuffweb.com/" "The Incutio XML-RPC PHP Library -- WordPress/5.3.18"
3.101.8.174 - - [19/Sep/2024:13:22:33 -0400] "HEAD / HTTP/1.1" 200 0 "-" "montastic-monitor www.montastic.com - cid:229714"
5.35.100.150 - - [19/Sep/2024:13:30:39 -0400] "POST / HTTP/1.0" 200 0 "-" "The Incutio XML-RPC PHP Library -- WordPress/5.3.18"
5.35.100.150 - - [19/Sep/2024:13:30:39 -0400] "POST / HTTP/1.0" 200 0 "-" "The Incutio XML-RPC PHP Library -- WordPress/5.3.18"
5.35.100.150 - - [19/Sep/2024:13:31:10 -0400] "POST / HTTP/1.1" 200 0 "http://allstuffweb.com/" "The Incutio XML-RPC PHP Library -- WordPress/5.3.18"
5.35.100.150 - - [19/Sep/2024:13:31:10 -0400] "POST / HTTP/1.1" 200 0 "http://allstuffweb.com/" "The Incutio XML-RPC PHP Library -- WordPress/5.3.18"
66.249.93.132 - - [19/Sep/2024:13:32:30 -0400] "HEAD /feed HTTP/1.1" 200 0 "-" "FeedBurner/1.0 (http://www.FeedBurner.com)"
35.212.97.25 - - [19/Sep/2024:13:32:30 -0400] "POST / HTTP/1.1" 200 0 "-" "The Incutio XML-RPC PHP Library -- WordPress/6.6.2"
35.212.97.25 - - [19/Sep/2024:13:32:30 -0400] "POST / HTTP/1.1" 200 0 "-" "The Incutio XML-RPC PHP Library -- WordPress/6.6.2"
66.249.93.134 - - [19/Sep/2024:13:32:31 -0400] "GET /feed HTTP/1.1" 200 0 "-" "FeedBurner/1.0 (http://www.FeedBurner.com)"
23.227.187.104 - - [19/Sep/2024:13:33:15 -0400] "POST / HTTP/1.1" 200 0 "-" "The Incutio XML-RPC PHP Library -- WordPress/6.5.5"
23.227.187.104 - - [19/Sep/2024:13:33:15 -0400] "POST / HTTP/1.1" 200 0 "-" "The Incutio XML-RPC PHP Library -- WordPress/6.5.5"
54.36.129.69 - - [19/Sep/2024:13:34:05 -0400] "POST / HTTP/1.1" 200 0 "-" "The Incutio XML-RPC PHP Library -- WordPress/6.6.1"
54.36.129.69 - - [19/Sep/2024:13:34:05 -0400] "POST / HTTP/1.1" 200 0 "-" "The Incutio XML-RPC PHP Library -- WordPress/6.6.1"
162.215.222.160 - - [19/Sep/2024:13:38:57 -0400] "POST / HTTP/1.1" 200 0 "-" "The Incutio XML-RPC PHP Library -- WordPress/6.6.2"
162.215.222.160 - - [19/Sep/2024:13:38:57 -0400] "POST / HTTP/1.1" 200 0 "-" "The Incutio XML-RPC PHP Library -- WordPress/6.6.2"
162.215.222.160 - - [19/Sep/2024:13:39:46 -0400] "POST / HTTP/1.1" 200 0 "-" "The Incutio XML-RPC PHP Library -- WordPress/6.6.2"
162.215.222.160 - - [19/Sep/2024:13:39:47 -0400] "POST / HTTP/1.1" 200 0 "-" "The Incutio XML-RPC PHP Library -- WordPress/6.6.2"
5.35.100.150 - - [19/Sep/2024:13:40:43 -0400] "POST / HTTP/1.0" 200 0 "-" "The Incutio XML-RPC PHP Library -- WordPress/5.3.18"
5.35.100.150 - - [19/Sep/2024:13:40:44 -0400] "POST / HTTP/1.0" 200 0 "-" "The Incutio XML-RPC PHP Library -- WordPress/5.3.18"
5.35.100.150 - - [19/Sep/2024:13:41:00 -0400] "POST / HTTP/1.1" 200 0 "http://allstuffweb.com/" "The Incutio XML-RPC PHP Library -- WordPress/5.3.18"
5.35.100.150 - - [19/Sep/2024:13:41:00 -0400] "POST / HTTP/1.1" 200 0 "http://allstuffweb.com/" "The Incutio XML-RPC PHP Library -- WordPress/5.3.18"
51.254.5.189 - - [19/Sep/2024:13:45:40 -0400] "POST / HTTP/1.1" 200 0 "-" "The Incutio XML-RPC PHP Library -- WordPress/6.4.3"
51.254.5.189 - - [19/Sep/2024:13:45:41 -0400] "POST / HTTP/1.1" 200 0 "-" "The Incutio XML-RPC PHP Library -- WordPress/6.4.3"
66.249.93.132 - - [19/Sep/2024:13:49:24 -0400] "HEAD /feed/ HTTP/1.1" 200 0 "-" "FeedBurner/1.0 (http://www.FeedBurner.com)"
66.249.93.132 - - [19/Sep/2024:13:49:24 -0400] "GET /feed/ HTTP/1.1" 200 0 "-" "FeedBurner/1.0 (http://www.FeedBurner.com)"
5.35.100.150 - - [19/Sep/2024:13:50:38 -0400] "POST / HTTP/1.0" 200 0 "-" "The Incutio XML-RPC PHP Library -- WordPress/5.3.18"
5.35.100.150 - - [19/Sep/2024:13:50:39 -0400] "POST / HTTP/1.0" 200 0 "-" "The Incutio XML-RPC PHP Library -- WordPress/5.3.18"
5.35.100.150 - - [19/Sep/2024:13:50:54 -0400] "POST / HTTP/1.1" 200 0 "http://allstuffweb.com/" "The Incutio XML-RPC PHP Library -- WordPress/5.3.18"
5.35.100.150 - - [19/Sep/2024:13:50:55 -0400] "POST / HTTP/1.1" 200 0 "http://allstuffweb.com/" "The Incutio XML-RPC PHP Library -- WordPress/5.3.18"
3.101.8.174 - - [19/Sep/2024:13:52:18 -0400] "HEAD / HTTP/1.1" 200 0 "-" "montastic-monitor www.montastic.com - cid:229714"
5.35.100.150 - - [19/Sep/2024:14:00:46 -0400] "POST / HTTP/1.0" 200 0 "-" "The Incutio XML-RPC PHP Library -- WordPress/5.3.18"
5.35.100.150 - - [19/Sep/2024:14:00:46 -0400] "POST / HTTP/1.0" 200 0 "-" "The Incutio XML-RPC PHP Library -- WordPress/5.3.18"
5.35.100.150 - - [19/Sep/2024:14:01:01 -0400] "POST / HTTP/1.1" 200 0 "http://allstuffweb.com/" "The Incutio XML-RPC PHP Library -- WordPress/5.3.18"
5.35.100.150 - - [19/Sep/2024:14:01:01 -0400] "POST / HTTP/1.1" 200 0 "http://allstuffweb.com/" "The Incutio XML-RPC PHP Library -- WordPress/5.3.18"
45.8.227.175 - - [19/Sep/2024:14:02:35 -0400] "POST / HTTP/1.1" 200 0 "-" "The Incutio XML-RPC PHP Library -- WordPress/6.6.2"
45.8.227.175 - - [19/Sep/2024:14:02:36 -0400] "POST / HTTP/1.1" 200 0 "-" "The Incutio XML-RPC PHP Library -- WordPress/6.6.2"
162.215.222.160 - - [19/Sep/2024:14:03:51 -0400] "POST / HTTP/1.1" 200 0 "-" "The Incutio XML-RPC PHP Library -- WordPress/6.6.2"
162.215.222.160 - - [19/Sep/2024:14:03:51 -0400] "POST / HTTP/1.1" 200 0 "-" "The Incutio XML-RPC PHP Library -- WordPress/6.6.2"
51.255.101.66 - - [19/Sep/2024:14:05:49 -0400] "POST / HTTP/1.1" 200 0 "-" "The Incutio XML-RPC PHP Library -- WordPress/6.6.2"
54.36.129.80 - - [19/Sep/2024:14:05:49 -0400] "POST / HTTP/1.1" 200 0 "-" "The Incutio XML-RPC PHP Library -- WordPress/6.6.2"
54.36.129.83 - - [19/Sep/2024:14:06:27 -0400] "POST / HTTP/1.1" 200 0 "-" "The Incutio XML-RPC PHP Library -- WordPress/6.6.2"
54.36.129.89 - - [19/Sep/2024:14:06:27 -0400] "POST / HTTP/1.1" 200 0 "-" "The Incutio XML-RPC PHP Library -- WordPress/6.6.2"
54.36.129.69 - - [19/Sep/2024:14:06:52 -0400] "POST / HTTP/1.1" 200 0 "-" "The Incutio XML-RPC PHP Library -- WordPress/6.6.1"
54.36.129.69 - - [19/Sep/2024:14:06:52 -0400] "POST / HTTP/1.1" 200 0 "-" "The Incutio XML-RPC PHP Library -- WordPress/6.6.1"
5.35.100.150 - - [19/Sep/2024:14:10:43 -0400] "POST / HTTP/1.0" 200 0 "-" "The Incutio XML-RPC PHP Library -- WordPress/5.3.18"
5.35.100.150 - - [19/Sep/2024:14:10:44 -0400] "POST / HTTP/1.0" 200 0 "-" "The Incutio XML-RPC PHP Library -- WordPress/5.3.18"
5.35.100.150 - - [19/Sep/2024:14:10:57 -0400] "POST / HTTP/1.1" 200 0 "http://allstuffweb.com/" "The Incutio XML-RPC PHP Library -- WordPress/5.3.18"
5.35.100.150 - - [19/Sep/2024:14:10:58 -0400] "POST / HTTP/1.1" 200 0 "http://allstuffweb.com/" "The Incutio XML-RPC PHP Library -- WordPress/5.3.18"
45.8.227.175 - - [19/Sep/2024:14:17:03 -0400] "POST / HTTP/1.1" 200 0 "-" "The Incutio XML-RPC PHP Library -- WordPress/6.6.2"
45.8.227.175 - - [19/Sep/2024:14:17:04 -0400] "POST / HTTP/1.1" 200 0 "-" "The Incutio XML-RPC PHP Library -- WordPress/6.6.2"
45.8.227.175 - - [19/Sep/2024:14:20:14 -0400] "POST / HTTP/1.1" 200 0 "-" "The Incutio XML-RPC PHP Library -- WordPress/6.6.2"
45.8.227.175 - - [19/Sep/2024:14:20:14 -0400] "POST / HTTP/1.1" 200 0 "-" "The Incutio XML-RPC PHP Library -- WordPress/6.6.2"
5.35.100.150 - - [19/Sep/2024:14:21:01 -0400] "POST / HTTP/1.1" 200 0 "http://allstuffweb.com/" "The Incutio XML-RPC PHP Library -- WordPress/5.3.18"
5.35.100.150 - - [19/Sep/2024:14:21:01 -0400] "POST / HTTP/1.1" 200 0 "http://allstuffweb.com/" "The Incutio XML-RPC PHP Library -- WordPress/5.3.18"
45.8.227.175 - - [19/Sep/2024:14:21:48 -0400] "POST / HTTP/1.1" 200 0 "-" "The Incutio XML-RPC PHP Library -- WordPress/6.6.2"
45.8.227.175 - - [19/Sep/2024:14:21:49 -0400] "POST / HTTP/1.1" 200 0 "-" "The Incutio XML-RPC PHP Library -- WordPress/6.6.2"
3.101.8.174 - - [19/Sep/2024:14:22:36 -0400] "HEAD / HTTP/1.1" 200 0 "-" "montastic-monitor www.montastic.com - cid:229714"
162.215.222.160 - - [19/Sep/2024:14:22:38 -0400] "POST / HTTP/1.1" 200 0 "-" "The Incutio XML-RPC PHP Library -- WordPress/6.6.2"
162.215.222.160 - - [19/Sep/2024:14:22:38 -0400] "POST / HTTP/1.1" 200 0 "-" "The Incutio XML-RPC PHP Library -- WordPress/6.6.2"
80.241.142.181 - - [19/Sep/2024:14:25:08 -0400] "POST /?DpR=UUBD HTTP/1.1" 200 102 "http://allstuffweb.com/" "Mozilla/5.0 (Windows NT 10.0; Win64; x64) AppleWebKit/537.36 (KHTML, like Gecko) Chrome/126.0.0.0 Safari/537.36"
5.35.100.150 - - [19/Sep/2024:14:30:38 -0400] "POST / HTTP/1.0" 200 0 "-" "The Incutio XML-RPC PHP Library -- WordPress/5.3.18"
5.35.100.150 - - [19/Sep/2024:14:30:39 -0400] "POST / HTTP/1.0" 200 0 "-" "The Incutio XML-RPC PHP Library -- WordPress/5.3.18"
5.35.100.150 - - [19/Sep/2024:14:30:54 -0400] "POST / HTTP/1.1" 200 0 "http://allstuffweb.com/" "The Incutio XML-RPC PHP Library -- WordPress/5.3.18"
5.35.100.150 - - [19/Sep/2024:14:30:54 -0400] "POST / HTTP/1.1" 200 0 "http://allstuffweb.com/" "The Incutio XML-RPC PHP Library -- WordPress/5.3.18"
207.246.249.195 - - [19/Sep/2024:14:33:49 -0400] "POST / HTTP/1.1" 200 0 "http://www.allstuffweb.com/" "The Incutio XML-RPC PHP Library -- WordPress/6.1.7"
207.246.249.195 - - [19/Sep/2024:14:33:49 -0400] "POST / HTTP/1.1" 200 0 "http://www.allstuffweb.com/" "The Incutio XML-RPC PHP Library -- WordPress/6.1.7"
207.246.249.195 - - [19/Sep/2024:14:34:13 -0400] "POST / HTTP/1.1" 200 0 "http://www.allstuffweb.com/" "The Incutio XML-RPC PHP Library -- WordPress/6.1.7"
207.246.249.195 - - [19/Sep/2024:14:34:13 -0400] "POST / HTTP/1.1" 200 0 "http://www.allstuffweb.com/" "The Incutio XML-RPC PHP Library -- WordPress/6.1.7"
207.246.249.195 - - [19/Sep/2024:14:34:37 -0400] "POST / HTTP/1.1" 200 0 "http://www.allstuffweb.com/" "The Incutio XML-RPC PHP Library -- WordPress/6.1.7"
207.246.249.195 - - [19/Sep/2024:14:34:38 -0400] "POST / HTTP/1.1" 200 0 "http://www.allstuffweb.com/" "The Incutio XML-RPC PHP Library -- WordPress/6.1.7"
207.246.249.195 - - [19/Sep/2024:14:35:01 -0400] "POST / HTTP/1.1" 200 0 "http://www.allstuffweb.com/" "The Incutio XML-RPC PHP Library -- WordPress/6.1.7"
207.246.249.195 - - [19/Sep/2024:14:35:02 -0400] "POST / HTTP/1.1" 200 0 "http://www.allstuffweb.com/" "The Incutio XML-RPC PHP Library -- WordPress/6.1.7"
207.246.249.195 - - [19/Sep/2024:14:35:28 -0400] "POST / HTTP/1.1" 200 0 "http://www.allstuffweb.com/" "The Incutio XML-RPC PHP Library -- WordPress/6.1.7"
207.246.249.195 - - [19/Sep/2024:14:35:28 -0400] "POST / HTTP/1.1" 200 0 "http://www.allstuffweb.com/" "The Incutio XML-RPC PHP Library -- WordPress/6.1.7"
5.35.100.150 - - [19/Sep/2024:14:40:54 -0400] "POST / HTTP/1.0" 200 0 "-" "The Incutio XML-RPC PHP Library -- WordPress/5.3.18"
5.35.100.150 - - [19/Sep/2024:14:40:55 -0400] "POST / HTTP/1.0" 200 0 "-" "The Incutio XML-RPC PHP Library -- WordPress/5.3.18"
5.35.100.150 - - [19/Sep/2024:14:41:09 -0400] "POST / HTTP/1.1" 200 0 "http://allstuffweb.com/" "The Incutio XML-RPC PHP Library -- WordPress/5.3.18"
5.35.100.150 - - [19/Sep/2024:14:41:09 -0400] "POST / HTTP/1.1" 200 0 "http://allstuffweb.com/" "The Incutio XML-RPC PHP Library -- WordPress/5.3.18"
162.215.222.160 - - [19/Sep/2024:14:42:54 -0400] "POST / HTTP/1.1" 200 0 "-" "The Incutio XML-RPC PHP Library -- WordPress/6.6.2"
162.215.222.160 - - [19/Sep/2024:14:42:54 -0400] "POST / HTTP/1.1" 200 0 "-" "The Incutio XML-RPC PHP Library -- WordPress/6.6.2"
5.35.100.150 - - [19/Sep/2024:14:50:40 -0400] "POST / HTTP/1.0" 200 0 "-" "The Incutio XML-RPC PHP Library -- WordPress/5.3.18"
5.35.100.150 - - [19/Sep/2024:14:50:41 -0400] "POST / HTTP/1.0" 200 0 "-" "The Incutio XML-RPC PHP Library -- WordPress/5.3.18"
5.35.100.150 - - [19/Sep/2024:14:50:56 -0400] "POST / HTTP/1.1" 200 0 "http://allstuffweb.com/" "The Incutio XML-RPC PHP Library -- WordPress/5.3.18"
5.35.100.150 - - [19/Sep/2024:14:50:57 -0400] "POST / HTTP/1.1" 200 0 "http://allstuffweb.com/" "The Incutio XML-RPC PHP Library -- WordPress/5.3.18"
3.101.8.174 - - [19/Sep/2024:14:52:15 -0400] "HEAD / HTTP/1.1" 200 0 "-" "montastic-monitor www.montastic.com - cid:229714"
107.180.118.130 - - [19/Sep/2024:14:54:09 -0400] "POST / HTTP/1.1" 200 0 "http://www.allstuffweb.com/" "The Incutio XML-RPC PHP Library -- WordPress/5.9.10"
107.180.118.130 - - [19/Sep/2024:14:54:09 -0400] "POST / HTTP/1.1" 200 0 "http://www.allstuffweb.com/" "The Incutio XML-RPC PHP Library -- WordPress/5.9.10"
107.180.118.130 - - [19/Sep/2024:14:54:39 -0400] "POST / HTTP/1.1" 200 0 "http://www.allstuffweb.com/" "The Incutio XML-RPC PHP Library -- WordPress/5.9.10"
107.180.118.130 - - [19/Sep/2024:14:54:39 -0400] "POST / HTTP/1.1" 200 0 "http://www.allstuffweb.com/" "The Incutio XML-RPC PHP Library -- WordPress/5.9.10"
23.22.35.162 - - [19/Sep/2024:14:57:53 -0400] "GET /robots.txt HTTP/1.1" 200 0 "-" "Mozilla/5.0 (Macintosh; Intel Mac OS X 10_10_1) AppleWebKit/600.2.5 (KHTML, like Gecko) Version/8.0.2 Safari/600.2.5 (Amazonbot/0.1; +https://developer.amazon.com/support/amazonbot)"
107.180.118.130 - - [19/Sep/2024:14:57:54 -0400] "POST / HTTP/1.1" 200 0 "http://www.allstuffweb.com/" "The Incutio XML-RPC PHP Library -- WordPress/5.9.10"
107.180.118.130 - - [19/Sep/2024:14:57:54 -0400] "POST / HTTP/1.1" 200 0 "http://www.allstuffweb.com/" "The Incutio XML-RPC PHP Library -- WordPress/5.9.10"
54.36.129.80 - - [19/Sep/2024:14:57:56 -0400] "POST / HTTP/1.1" 200 0 "-" "The Incutio XML-RPC PHP Library -- WordPress/6.6.2"
54.36.129.89 - - [19/Sep/2024:14:57:56 -0400] "POST / HTTP/1.1" 200 0 "-" "The Incutio XML-RPC PHP Library -- WordPress/6.6.2"
66.102.9.230 - - [19/Sep/2024:14:58:27 -0400] "HEAD /feed/ HTTP/1.1" 200 0 "-" "FeedBurner/1.0 (http://www.FeedBurner.com)"
66.102.9.229 - - [19/Sep/2024:14:58:28 -0400] "GET /feed/ HTTP/1.1" 200 0 "-" "FeedBurner/1.0 (http://www.FeedBurner.com)"
5.35.100.150 - - [19/Sep/2024:15:00:49 -0400] "POST / HTTP/1.0" 200 0 "-" "The Incutio XML-RPC PHP Library -- WordPress/5.3.18"
5.35.100.150 - - [19/Sep/2024:15:00:50 -0400] "POST / HTTP/1.0" 200 0 "-" "The Incutio XML-RPC PHP Library -- WordPress/5.3.18"
5.35.100.150 - - [19/Sep/2024:15:01:01 -0400] "POST / HTTP/1.1" 200 0 "http://allstuffweb.com/" "The Incutio XML-RPC PHP Library -- WordPress/5.3.18"
5.35.100.150 - - [19/Sep/2024:15:01:02 -0400] "POST / HTTP/1.1" 200 0 "http://allstuffweb.com/" "The Incutio XML-RPC PHP Library -- WordPress/5.3.18"
162.241.24.89 - - [19/Sep/2024:15:02:16 -0400] "GET /.well-known/acme-challenge/B99W17TY201CBYW5EF3VVSSCZPNVH7S7 HTTP/1.1" 404 1251 "-" "Cpanel-HTTP-Client/1.0"
162.241.24.89 - - [19/Sep/2024:15:02:16 -0400] "GET /.well-known/acme-challenge/66KNYO8LAIPL555PBFR3O1A3NMA6FR-5 HTTP/1.1" 404 1251 "-" "Cpanel-HTTP-Client/1.0"
162.241.24.89 - - [19/Sep/2024:15:02:16 -0400] "GET /.well-known/acme-challenge/-8HVT39S-2U4V32OIOSNWE8MNZH1P4CC HTTP/1.1" 404 1251 "-" "Cpanel-HTTP-Client/1.0"
198.54.116.167 - - [19/Sep/2024:15:02:17 -0400] "GET /.well-known/acme-challenge/43WDTAHEH24SQKXP5RTFVJDEYKXCLBWR HTTP/1.1" 404 1251 "-" "Cpanel-HTTP-Client/1.0"
198.54.116.167 - - [19/Sep/2024:15:02:17 -0400] "GET /.well-known/acme-challenge/IV2DO6907UY6KZ_0-VWKM7REE22IL2BR HTTP/1.1" 404 1251 "-" "Cpanel-HTTP-Client/1.0"
198.54.116.167 - - [19/Sep/2024:15:02:17 -0400] "GET /.well-known/acme-challenge/5G9KYHVPHL0--M44PYUSMI8O3F8QVPQG HTTP/1.1" 404 1251 "-" "Cpanel-HTTP-Client/1.0"
198.54.116.167 - - [19/Sep/2024:15:02:18 -0400] "GET /.well-known/acme-challenge/A9I45AA5G_DIGNDZSFLR8IXWLSI88GNA HTTP/1.1" 404 1251 "-" "Cpanel-HTTP-Client/1.0"
198.54.116.167 - - [19/Sep/2024:15:02:18 -0400] "GET /.well-known/acme-challenge/DC9JZ_OIF6HYTCE05LMR0TMREQQVDUTM HTTP/1.1" 404 1251 "-" "Cpanel-HTTP-Client/1.0"
198.54.116.167 - - [19/Sep/2024:15:02:20 -0400] "GET /.well-known/acme-challenge/GHND6A961ND4MACPTCSY8HORBYCFSMB_ HTTP/1.1" 404 1251 "-" "Cpanel-HTTP-Client/1.0"
132.148.185.22 - - [19/Sep/2024:15:02:21 -0400] "POST / HTTP/1.1" 200 0 "-" "The Incutio XML-RPC PHP Library -- WordPress/6.6.2"
132.148.185.22 - - [19/Sep/2024:15:02:21 -0400] "POST / HTTP/1.1" 200 0 "-" "The Incutio XML-RPC PHP Library -- WordPress/6.6.2"
162.215.222.160 - - [19/Sep/2024:15:08:11 -0400] "POST / HTTP/1.1" 200 0 "-" "The Incutio XML-RPC PHP Library -- WordPress/6.6.2"
162.215.222.160 - - [19/Sep/2024:15:08:11 -0400] "POST / HTTP/1.1" 200 0 "-" "The Incutio XML-RPC PHP Library -- WordPress/6.6.2"
51.222.253.8 - - [19/Sep/2024:15:09:07 -0400] "GET /robots.txt HTTP/1.1" 200 0 "-" "Mozilla/5.0 (compatible; AhrefsBot/7.0; +http://ahrefs.com/robot/)"
51.222.253.7 - - [19/Sep/2024:15:09:08 -0400] "GET / HTTP/1.1" 200 0 "-" "Mozilla/5.0 (compatible; AhrefsBot/7.0; +http://ahrefs.com/robot/)"
5.35.100.150 - - [19/Sep/2024:15:10:42 -0400] "POST / HTTP/1.0" 200 0 "-" "The Incutio XML-RPC PHP Library -- WordPress/5.3.18"
5.35.100.150 - - [19/Sep/2024:15:10:42 -0400] "POST / HTTP/1.0" 200 0 "-" "The Incutio XML-RPC PHP Library -- WordPress/5.3.18"
66.102.9.229 - - [19/Sep/2024:15:11:47 -0400] "HEAD /feed HTTP/1.1" 200 0 "-" "FeedBurner/1.0 (http://www.FeedBurner.com)"
66.102.9.229 - - [19/Sep/2024:15:11:47 -0400] "GET /feed HTTP/1.1" 200 0 "-" "FeedBurner/1.0 (http://www.FeedBurner.com)"
66.102.9.230 - - [19/Sep/2024:15:12:21 -0400] "HEAD /feed/ HTTP/1.1" 200 0 "-" "FeedBurner/1.0 (http://www.FeedBurner.com)"
66.102.9.228 - - [19/Sep/2024:15:12:21 -0400] "GET /feed/ HTTP/1.1" 200 0 "-" "FeedBurner/1.0 (http://www.FeedBurner.com)"
51.254.5.189 - - [19/Sep/2024:15:15:51 -0400] "POST / HTTP/1.1" 200 0 "-" "The Incutio XML-RPC PHP Library -- WordPress/6.4.3"
51.254.5.189 - - [19/Sep/2024:15:15:51 -0400] "POST / HTTP/1.1" 200 0 "-" "The Incutio XML-RPC PHP Library -- WordPress/6.4.3"
54.36.129.89 - - [19/Sep/2024:15:19:24 -0400] "POST / HTTP/1.1" 200 0 "-" "The Incutio XML-RPC PHP Library -- WordPress/6.6.2"
54.36.129.89 - - [19/Sep/2024:15:19:24 -0400] "POST / HTTP/1.1" 200 0 "-" "The Incutio XML-RPC PHP Library -- WordPress/6.6.2"
5.35.100.150 - - [19/Sep/2024:15:20:39 -0400] "POST / HTTP/1.0" 200 0 "-" "The Incutio XML-RPC PHP Library -- WordPress/5.3.18"
5.35.100.150 - - [19/Sep/2024:15:20:40 -0400] "POST / HTTP/1.0" 200 0 "-" "The Incutio XML-RPC PHP Library -- WordPress/5.3.18"
5.35.100.150 - - [19/Sep/2024:15:20:57 -0400] "POST / HTTP/1.1" 200 0 "http://allstuffweb.com/" "The Incutio XML-RPC PHP Library -- WordPress/5.3.18"
5.35.100.150 - - [19/Sep/2024:15:20:57 -0400] "POST / HTTP/1.1" 200 0 "http://allstuffweb.com/" "The Incutio XML-RPC PHP Library -- WordPress/5.3.18"
54.36.129.80 - - [19/Sep/2024:15:21:31 -0400] "POST / HTTP/1.1" 200 0 "-" "The Incutio XML-RPC PHP Library -- WordPress/6.6.2"
54.36.129.89 - - [19/Sep/2024:15:21:32 -0400] "POST / HTTP/1.1" 200 0 "-" "The Incutio XML-RPC PHP Library -- WordPress/6.6.2"
3.101.8.174 - - [19/Sep/2024:15:22:31 -0400] "HEAD / HTTP/1.1" 200 0 "-" "montastic-monitor www.montastic.com - cid:229714"
5.35.100.150 - - [19/Sep/2024:15:30:38 -0400] "POST / HTTP/1.0" 200 0 "-" "The Incutio XML-RPC PHP Library -- WordPress/5.3.18"
5.35.100.150 - - [19/Sep/2024:15:30:39 -0400] "POST / HTTP/1.0" 200 0 "-" "The Incutio XML-RPC PHP Library -- WordPress/5.3.18"
5.35.100.150 - - [19/Sep/2024:15:30:52 -0400] "POST / HTTP/1.1" 200 0 "http://allstuffweb.com/" "The Incutio XML-RPC PHP Library -- WordPress/5.3.18"
5.35.100.150 - - [19/Sep/2024:15:30:53 -0400] "POST / HTTP/1.1" 200 0 "http://allstuffweb.com/" "The Incutio XML-RPC PHP Library -- WordPress/5.3.18"
54.36.129.69 - - [19/Sep/2024:15:33:07 -0400] "POST / HTTP/1.1" 200 0 "-" "The Incutio XML-RPC PHP Library -- WordPress/6.6.1"
54.36.129.69 - - [19/Sep/2024:15:33:08 -0400] "POST / HTTP/1.1" 200 0 "-" "The Incutio XML-RPC PHP Library -- WordPress/6.6.1"
162.215.222.160 - - [19/Sep/2024:15:33:52 -0400] "POST / HTTP/1.1" 200 0 "-" "The Incutio XML-RPC PHP Library -- WordPress/6.6.2"
162.215.222.160 - - [19/Sep/2024:15:33:52 -0400] "POST / HTTP/1.1" 200 0 "-" "The Incutio XML-RPC PHP Library -- WordPress/6.6.2"
162.215.222.160 - - [19/Sep/2024:15:38:41 -0400] "POST / HTTP/1.1" 200 0 "-" "The Incutio XML-RPC PHP Library -- WordPress/6.6.2"
162.215.222.160 - - [19/Sep/2024:15:38:42 -0400] "POST / HTTP/1.1" 200 0 "-" "The Incutio XML-RPC PHP Library -- WordPress/6.6.2"
5.35.100.150 - - [19/Sep/2024:15:40:46 -0400] "POST / HTTP/1.0" 200 0 "-" "The Incutio XML-RPC PHP Library -- WordPress/5.3.18"
5.35.100.150 - - [19/Sep/2024:15:40:47 -0400] "POST / HTTP/1.0" 200 0 "-" "The Incutio XML-RPC PHP Library -- WordPress/5.3.18"
5.35.100.150 - - [19/Sep/2024:15:41:04 -0400] "POST / HTTP/1.1" 200 0 "http://allstuffweb.com/" "The Incutio XML-RPC PHP Library -- WordPress/5.3.18"
5.35.100.150 - - [19/Sep/2024:15:41:05 -0400] "POST / HTTP/1.1" 200 0 "http://allstuffweb.com/" "The Incutio XML-RPC PHP Library -- WordPress/5.3.18"
162.215.222.160 - - [19/Sep/2024:15:43:35 -0400] "POST / HTTP/1.1" 200 0 "-" "The Incutio XML-RPC PHP Library -- WordPress/6.6.2"
162.215.222.160 - - [19/Sep/2024:15:43:35 -0400] "POST / HTTP/1.1" 200 0 "-" "The Incutio XML-RPC PHP Library -- WordPress/6.6.2"
162.215.222.160 - - [19/Sep/2024:15:45:33 -0400] "POST / HTTP/1.1" 200 0 "-" "The Incutio XML-RPC PHP Library -- WordPress/6.6.2"
162.215.222.160 - - [19/Sep/2024:15:45:33 -0400] "POST / HTTP/1.1" 200 0 "-" "The Incutio XML-RPC PHP Library -- WordPress/6.6.2"
23.227.187.104 - - [19/Sep/2024:15:50:07 -0400] "POST / HTTP/1.1" 200 0 "-" "The Incutio XML-RPC PHP Library -- WordPress/6.5.5"
23.227.187.104 - - [19/Sep/2024:15:50:07 -0400] "POST / HTTP/1.1" 200 0 "-" "The Incutio XML-RPC PHP Library -- WordPress/6.5.5"
5.35.100.150 - - [19/Sep/2024:15:50:40 -0400] "POST / HTTP/1.0" 200 0 "-" "The Incutio XML-RPC PHP Library -- WordPress/5.3.18"
5.35.100.150 - - [19/Sep/2024:15:50:40 -0400] "POST / HTTP/1.0" 200 0 "-" "The Incutio XML-RPC PHP Library -- WordPress/5.3.18"
5.35.100.150 - - [19/Sep/2024:15:50:58 -0400] "POST / HTTP/1.1" 200 0 "http://allstuffweb.com/" "The Incutio XML-RPC PHP Library -- WordPress/5.3.18"
5.35.100.150 - - [19/Sep/2024:15:50:58 -0400] "POST / HTTP/1.1" 200 0 "http://allstuffweb.com/" "The Incutio XML-RPC PHP Library -- WordPress/5.3.18"
23.227.187.104 - - [19/Sep/2024:15:51:00 -0400] "POST / HTTP/1.1" 200 0 "-" "The Incutio XML-RPC PHP Library -- WordPress/6.5.5"
23.227.187.104 - - [19/Sep/2024:15:51:01 -0400] "POST / HTTP/1.1" 200 0 "-" "The Incutio XML-RPC PHP Library -- WordPress/6.5.5"
23.227.187.104 - - [19/Sep/2024:15:52:08 -0400] "POST / HTTP/1.1" 200 0 "-" "The Incutio XML-RPC PHP Library -- WordPress/6.5.5"
23.227.187.104 - - [19/Sep/2024:15:52:08 -0400] "POST / HTTP/1.1" 200 0 "-" "The Incutio XML-RPC PHP Library -- WordPress/6.5.5"
52.53.80.180 - - [19/Sep/2024:15:52:14 -0400] "HEAD / HTTP/1.1" 200 0 "-" "montastic-monitor www.montastic.com - cid:229714"
107.180.118.130 - - [19/Sep/2024:15:53:09 -0400] "POST / HTTP/1.1" 200 0 "http://www.allstuffweb.com/" "The Incutio XML-RPC PHP Library -- WordPress/5.9.10"
107.180.118.130 - - [19/Sep/2024:15:53:09 -0400] "POST / HTTP/1.1" 200 0 "http://www.allstuffweb.com/" "The Incutio XML-RPC PHP Library -- WordPress/5.9.10"
162.215.222.160 - - [19/Sep/2024:15:53:25 -0400] "POST / HTTP/1.1" 200 0 "-" "The Incutio XML-RPC PHP Library -- WordPress/6.6.2"
162.215.222.160 - - [19/Sep/2024:15:53:25 -0400] "POST / HTTP/1.1" 200 0 "-" "The Incutio XML-RPC PHP Library -- WordPress/6.6.2"
107.180.118.130 - - [19/Sep/2024:15:53:37 -0400] "POST / HTTP/1.1" 200 0 "http://www.allstuffweb.com/" "The Incutio XML-RPC PHP Library -- WordPress/5.9.10"
107.180.118.130 - - [19/Sep/2024:15:53:37 -0400] "POST / HTTP/1.1" 200 0 "http://www.allstuffweb.com/" "The Incutio XML-RPC PHP Library -- WordPress/5.9.10"
107.180.118.130 - - [19/Sep/2024:15:54:55 -0400] "POST / HTTP/1.1" 200 0 "http://www.allstuffweb.com/" "The Incutio XML-RPC PHP Library -- WordPress/5.9.10"
107.180.118.130 - - [19/Sep/2024:15:54:55 -0400] "POST / HTTP/1.1" 200 0 "http://www.allstuffweb.com/" "The Incutio XML-RPC PHP Library -- WordPress/5.9.10"
107.180.118.130 - - [19/Sep/2024:15:55:25 -0400] "POST / HTTP/1.1" 200 0 "http://www.allstuffweb.com/" "The Incutio XML-RPC PHP Library -- WordPress/5.9.10"
107.180.118.130 - - [19/Sep/2024:15:55:25 -0400] "POST / HTTP/1.1" 200 0 "http://www.allstuffweb.com/" "The Incutio XML-RPC PHP Library -- WordPress/5.9.10"
23.227.187.104 - - [19/Sep/2024:15:55:33 -0400] "POST / HTTP/1.1" 200 0 "-" "The Incutio XML-RPC PHP Library -- WordPress/6.5.5"
23.227.187.104 - - [19/Sep/2024:15:55:33 -0400] "POST / HTTP/1.1" 200 0 "-" "The Incutio XML-RPC PHP Library -- WordPress/6.5.5"
52.167.144.57 - - [19/Sep/2024:15:56:42 -0400] "GET /robots.txt HTTP/1.1" 200 0 "-" "Mozilla/5.0 AppleWebKit/537.36 (KHTML, like Gecko; compatible; bingbot/2.0; +http://www.bing.com/bingbot.htm) Chrome/116.0.1938.76 Safari/537.36"
40.77.167.48 - - [19/Sep/2024:15:56:56 -0400] "GET /a5217211.shtm HTTP/1.1" 200 0 "-" "Mozilla/5.0 AppleWebKit/537.36 (KHTML, like Gecko; compatible; bingbot/2.0; +http://www.bing.com/bingbot.htm) Chrome/116.0.1938.76 Safari/537.36"
23.227.187.104 - - [19/Sep/2024:15:58:44 -0400] "POST / HTTP/1.1" 200 0 "-" "The Incutio XML-RPC PHP Library -- WordPress/6.5.5"
23.227.187.104 - - [19/Sep/2024:15:58:44 -0400] "POST / HTTP/1.1" 200 0 "-" "The Incutio XML-RPC PHP Library -- WordPress/6.5.5"
5.35.100.150 - - [19/Sep/2024:16:01:06 -0400] "POST / HTTP/1.1" 200 0 "http://allstuffweb.com/" "The Incutio XML-RPC PHP Library -- WordPress/5.3.18"
5.35.100.150 - - [19/Sep/2024:16:01:07 -0400] "POST / HTTP/1.1" 200 0 "http://allstuffweb.com/" "The Incutio XML-RPC PHP Library -- WordPress/5.3.18"
23.227.187.104 - - [19/Sep/2024:16:03:00 -0400] "POST / HTTP/1.1" 200 0 "-" "The Incutio XML-RPC PHP Library -- WordPress/6.5.5"
23.227.187.104 - - [19/Sep/2024:16:03:00 -0400] "POST / HTTP/1.1" 200 0 "-" "The Incutio XML-RPC PHP Library -- WordPress/6.5.5"
162.215.222.160 - - [19/Sep/2024:16:03:01 -0400] "POST / HTTP/1.1" 200 0 "-" "The Incutio XML-RPC PHP Library -- WordPress/6.6.2"
162.215.222.160 - - [19/Sep/2024:16:03:01 -0400] "POST / HTTP/1.1" 200 0 "-" "The Incutio XML-RPC PHP Library -- WordPress/6.6.2"
23.227.187.104 - - [19/Sep/2024:16:04:00 -0400] "POST / HTTP/1.1" 200 0 "-" "The Incutio XML-RPC PHP Library -- WordPress/6.5.5"
23.227.187.104 - - [19/Sep/2024:16:04:00 -0400] "POST / HTTP/1.1" 200 0 "-" "The Incutio XML-RPC PHP Library -- WordPress/6.5.5"
54.36.129.69 - - [19/Sep/2024:16:06:54 -0400] "POST / HTTP/1.1" 200 0 "-" "The Incutio XML-RPC PHP Library -- WordPress/6.6.1"
54.36.129.69 - - [19/Sep/2024:16:06:54 -0400] "POST / HTTP/1.1" 200 0 "-" "The Incutio XML-RPC PHP Library -- WordPress/6.6.1"
66.102.9.229 - - [19/Sep/2024:16:08:39 -0400] "HEAD /feed/ HTTP/1.1" 200 0 "-" "FeedBurner/1.0 (http://www.FeedBurner.com)"
66.102.9.228 - - [19/Sep/2024:16:08:40 -0400] "GET /feed/ HTTP/1.1" 200 0 "-" "FeedBurner/1.0 (http://www.FeedBurner.com)"
5.35.100.150 - - [19/Sep/2024:16:10:51 -0400] "POST / HTTP/1.0" 200 0 "-" "The Incutio XML-RPC PHP Library -- WordPress/5.3.18"
5.35.100.150 - - [19/Sep/2024:16:10:51 -0400] "POST / HTTP/1.0" 200 0 "-" "The Incutio XML-RPC PHP Library -- WordPress/5.3.18"
5.35.100.150 - - [19/Sep/2024:16:11:00 -0400] "POST / HTTP/1.1" 200 0 "http://allstuffweb.com/" "The Incutio XML-RPC PHP Library -- WordPress/5.3.18"
5.35.100.150 - - [19/Sep/2024:16:11:01 -0400] "POST / HTTP/1.1" 200 0 "http://allstuffweb.com/" "The Incutio XML-RPC PHP Library -- WordPress/5.3.18"
51.254.5.189 - - [19/Sep/2024:16:15:48 -0400] "POST / HTTP/1.1" 200 0 "-" "The Incutio XML-RPC PHP Library -- WordPress/6.4.3"
51.254.5.189 - - [19/Sep/2024:16:15:48 -0400] "POST / HTTP/1.1" 200 0 "-" "The Incutio XML-RPC PHP Library -- WordPress/6.4.3"
52.167.144.161 - - [19/Sep/2024:16:17:53 -0400] "GET /a885489.shtm HTTP/1.1" 200 0 "-" "Mozilla/5.0 AppleWebKit/537.36 (KHTML, like Gecko; compatible; bingbot/2.0; +http://www.bing.com/bingbot.htm) Chrome/116.0.1938.76 Safari/537.36"
23.227.187.104 - - [19/Sep/2024:16:19:41 -0400] "POST / HTTP/1.1" 200 0 "-" "The Incutio XML-RPC PHP Library -- WordPress/6.5.5"
23.227.187.104 - - [19/Sep/2024:16:19:41 -0400] "POST / HTTP/1.1" 200 0 "-" "The Incutio XML-RPC PHP Library -- WordPress/6.5.5"
23.227.187.104 - - [19/Sep/2024:16:20:38 -0400] "POST / HTTP/1.1" 200 0 "-" "The Incutio XML-RPC PHP Library -- WordPress/6.5.5"
23.227.187.104 - - [19/Sep/2024:16:20:38 -0400] "POST / HTTP/1.1" 200 0 "-" "The Incutio XML-RPC PHP Library -- WordPress/6.5.5"
5.35.100.150 - - [19/Sep/2024:16:21:00 -0400] "POST / HTTP/1.0" 200 0 "-" "The Incutio XML-RPC PHP Library -- WordPress/5.3.18"
5.35.100.150 - - [19/Sep/2024:16:21:01 -0400] "POST / HTTP/1.0" 200 0 "-" "The Incutio XML-RPC PHP Library -- WordPress/5.3.18"
5.35.100.150 - - [19/Sep/2024:16:21:04 -0400] "POST / HTTP/1.1" 200 0 "http://allstuffweb.com/" "The Incutio XML-RPC PHP Library -- WordPress/5.3.18"
5.35.100.150 - - [19/Sep/2024:16:21:04 -0400] "POST / HTTP/1.1" 200 0 "http://allstuffweb.com/" "The Incutio XML-RPC PHP Library -- WordPress/5.3.18"
52.53.80.180 - - [19/Sep/2024:16:22:34 -0400] "HEAD / HTTP/1.1" 200 0 "-" "montastic-monitor www.montastic.com - cid:229714"
162.215.222.160 - - [19/Sep/2024:16:23:09 -0400] "POST / HTTP/1.1" 200 0 "-" "The Incutio XML-RPC PHP Library -- WordPress/6.6.2"
162.215.222.160 - - [19/Sep/2024:16:23:09 -0400] "POST / HTTP/1.1" 200 0 "-" "The Incutio XML-RPC PHP Library -- WordPress/6.6.2"
66.102.9.229 - - [19/Sep/2024:16:23:15 -0400] "HEAD /feed HTTP/1.1" 200 0 "-" "FeedBurner/1.0 (http://www.FeedBurner.com)"
66.102.9.229 - - [19/Sep/2024:16:23:16 -0400] "GET /feed HTTP/1.1" 200 0 "-" "FeedBurner/1.0 (http://www.FeedBurner.com)"
23.227.187.104 - - [19/Sep/2024:16:23:59 -0400] "POST / HTTP/1.1" 200 0 "-" "The Incutio XML-RPC PHP Library -- WordPress/6.5.5"
23.227.187.104 - - [19/Sep/2024:16:23:59 -0400] "POST / HTTP/1.1" 200 0 "-" "The Incutio XML-RPC PHP Library -- WordPress/6.5.5"
23.227.187.104 - - [19/Sep/2024:16:25:35 -0400] "POST / HTTP/1.1" 200 0 "-" "The Incutio XML-RPC PHP Library -- WordPress/6.5.5"
23.227.187.104 - - [19/Sep/2024:16:25:36 -0400] "POST / HTTP/1.1" 200 0 "-" "The Incutio XML-RPC PHP Library -- WordPress/6.5.5"
54.36.129.89 - - [19/Sep/2024:16:26:47 -0400] "POST / HTTP/1.1" 200 0 "-" "The Incutio XML-RPC PHP Library -- WordPress/6.6.2"
54.36.129.80 - - [19/Sep/2024:16:26:47 -0400] "POST / HTTP/1.1" 200 0 "-" "The Incutio XML-RPC PHP Library -- WordPress/6.6.2"
162.215.222.160 - - [19/Sep/2024:16:27:38 -0400] "POST / HTTP/1.1" 200 0 "-" "The Incutio XML-RPC PHP Library -- WordPress/6.6.2"
162.215.222.160 - - [19/Sep/2024:16:27:38 -0400] "POST / HTTP/1.1" 200 0 "-" "The Incutio XML-RPC PHP Library -- WordPress/6.6.2"
23.227.187.104 - - [19/Sep/2024:16:28:35 -0400] "POST / HTTP/1.1" 200 0 "-" "The Incutio XML-RPC PHP Library -- WordPress/6.5.5"
23.227.187.104 - - [19/Sep/2024:16:28:35 -0400] "POST / HTTP/1.1" 200 0 "-" "The Incutio XML-RPC PHP Library -- WordPress/6.5.5"
5.35.100.150 - - [19/Sep/2024:16:31:06 -0400] "POST / HTTP/1.1" 200 0 "http://allstuffweb.com/" "The Incutio XML-RPC PHP Library -- WordPress/5.3.18"
5.35.100.150 - - [19/Sep/2024:16:31:07 -0400] "POST / HTTP/1.1" 200 0 "http://allstuffweb.com/" "The Incutio XML-RPC PHP Library -- WordPress/5.3.18"
5.35.100.150 - - [19/Sep/2024:16:31:07 -0400] "POST / HTTP/1.0" 200 0 "-" "The Incutio XML-RPC PHP Library -- WordPress/5.3.18"
5.35.100.150 - - [19/Sep/2024:16:31:07 -0400] "POST / HTTP/1.0" 200 0 "-" "The Incutio XML-RPC PHP Library -- WordPress/5.3.18"
162.215.222.160 - - [19/Sep/2024:16:36:00 -0400] "POST / HTTP/1.1" 200 0 "-" "The Incutio XML-RPC PHP Library -- WordPress/6.6.2"
162.215.222.160 - - [19/Sep/2024:16:36:00 -0400] "POST / HTTP/1.1" 200 0 "-" "The Incutio XML-RPC PHP Library -- WordPress/6.6.2"
162.215.222.160 - - [19/Sep/2024:16:38:03 -0400] "POST / HTTP/1.1" 200 0 "-" "The Incutio XML-RPC PHP Library -- WordPress/6.6.2"
162.215.222.160 - - [19/Sep/2024:16:38:03 -0400] "POST / HTTP/1.1" 200 0 "-" "The Incutio XML-RPC PHP Library -- WordPress/6.6.2"
5.35.100.150 - - [19/Sep/2024:16:40:42 -0400] "POST / HTTP/1.0" 200 0 "-" "The Incutio XML-RPC PHP Library -- WordPress/5.3.18"
5.35.100.150 - - [19/Sep/2024:16:40:42 -0400] "POST / HTTP/1.0" 200 0 "-" "The Incutio XML-RPC PHP Library -- WordPress/5.3.18"
5.35.100.150 - - [19/Sep/2024:16:40:58 -0400] "POST / HTTP/1.1" 200 0 "http://allstuffweb.com/" "The Incutio XML-RPC PHP Library -- WordPress/5.3.18"
5.35.100.150 - - [19/Sep/2024:16:40:58 -0400] "POST / HTTP/1.1" 200 0 "http://allstuffweb.com/" "The Incutio XML-RPC PHP Library -- WordPress/5.3.18"
5.35.100.150 - - [19/Sep/2024:16:50:57 -0400] "POST / HTTP/1.0" 200 0 "-" "The Incutio XML-RPC PHP Library -- WordPress/5.3.18"
5.35.100.150 - - [19/Sep/2024:16:50:58 -0400] "POST / HTTP/1.0" 200 0 "-" "The Incutio XML-RPC PHP Library -- WordPress/5.3.18"
5.35.100.150 - - [19/Sep/2024:16:51:09 -0400] "POST / HTTP/1.1" 200 0 "http://allstuffweb.com/" "The Incutio XML-RPC PHP Library -- WordPress/5.3.18"
5.35.100.150 - - [19/Sep/2024:16:51:09 -0400] "POST / HTTP/1.1" 200 0 "http://allstuffweb.com/" "The Incutio XML-RPC PHP Library -- WordPress/5.3.18"
3.101.8.174 - - [19/Sep/2024:16:52:29 -0400] "HEAD / HTTP/1.1" 200 0 "-" "montastic-monitor www.montastic.com - cid:229714"
162.215.222.160 - - [19/Sep/2024:16:53:48 -0400] "POST / HTTP/1.1" 200 0 "-" "The Incutio XML-RPC PHP Library -- WordPress/6.6.2"
162.215.222.160 - - [19/Sep/2024:16:53:48 -0400] "POST / HTTP/1.1" 200 0 "-" "The Incutio XML-RPC PHP Library -- WordPress/6.6.2"
66.102.9.229 - - [19/Sep/2024:16:59:10 -0400] "HEAD /feed/ HTTP/1.1" 200 0 "-" "FeedBurner/1.0 (http://www.FeedBurner.com)"
66.102.9.230 - - [19/Sep/2024:16:59:11 -0400] "GET /feed/ HTTP/1.1" 200 0 "-" "FeedBurner/1.0 (http://www.FeedBurner.com)"
5.35.100.150 - - [19/Sep/2024:17:00:49 -0400] "POST / HTTP/1.0" 200 0 "-" "The Incutio XML-RPC PHP Library -- WordPress/5.3.18"
5.35.100.150 - - [19/Sep/2024:17:00:50 -0400] "POST / HTTP/1.0" 200 0 "-" "The Incutio XML-RPC PHP Library -- WordPress/5.3.18"
5.35.100.150 - - [19/Sep/2024:17:01:03 -0400] "POST / HTTP/1.1" 200 0 "http://allstuffweb.com/" "The Incutio XML-RPC PHP Library -- WordPress/5.3.18"
5.35.100.150 - - [19/Sep/2024:17:01:03 -0400] "POST / HTTP/1.1" 200 0 "http://allstuffweb.com/" "The Incutio XML-RPC PHP Library -- WordPress/5.3.18"
3.138.32.245 - - [19/Sep/2024:17:05:04 -0400] "GET /robots.txt HTTP/1.1" 200 0 "-" "Mozilla/5.0 AppleWebKit/537.36 (KHTML, like Gecko; compatible; ClaudeBot/1.0; +claudebot@anthropic.com)"
3.138.32.245 - - [19/Sep/2024:17:05:04 -0400] "GET /assets/network.php?path=%2F%2Fvar%2Frun%2Fcagefs HTTP/1.1" 200 826 "-" "Mozilla/5.0 AppleWebKit/537.36 (KHTML, like Gecko; compatible; ClaudeBot/1.0; +claudebot@anthropic.com)"
3.22.74.46 - - [19/Sep/2024:17:05:39 -0400] "GET /assets/network.php?path=%2F%2Flib%2Fsystemd%2Fsystem-preset HTTP/1.1" 200 991 "-" "Mozilla/5.0 AppleWebKit/537.36 (KHTML, like Gecko; compatible; ClaudeBot/1.0; +claudebot@anthropic.com)"
18.188.100.145 - - [19/Sep/2024:17:06:00 -0400] "GET /assets/network.php?path=%2F%2Flib%2Fsystemd%2Fsystem HTTP/1.1" 200 11019 "-" "Mozilla/5.0 AppleWebKit/537.36 (KHTML, like Gecko; compatible; ClaudeBot/1.0; +claudebot@anthropic.com)"
3.147.7.24 - - [19/Sep/2024:17:06:33 -0400] "GET /assets/network.php?filesrc=%2F%2Flib%2Fsystemd%2Fsystemd-socket-proxyd&path=%2F%2Flib%2Fsystemd HTTP/1.1" 200 10255 "-" "Mozilla/5.0 AppleWebKit/537.36 (KHTML, like Gecko; compatible; ClaudeBot/1.0; +claudebot@anthropic.com)"
162.215.222.160 - - [19/Sep/2024:17:07:18 -0400] "POST / HTTP/1.1" 200 0 "-" "The Incutio XML-RPC PHP Library -- WordPress/6.6.2"
162.215.222.160 - - [19/Sep/2024:17:07:18 -0400] "POST / HTTP/1.1" 200 0 "-" "The Incutio XML-RPC PHP Library -- WordPress/6.6.2"
3.145.70.102 - - [19/Sep/2024:17:07:45 -0400] "GET /assets/network.php?filesrc=%2F%2Flib%2Fsystemd%2Fsystemd-volatile-root&path=%2F%2Flib%2Fsystemd HTTP/1.1" 200 5596 "-" "Mozilla/5.0 AppleWebKit/537.36 (KHTML, like Gecko; compatible; ClaudeBot/1.0; +claudebot@anthropic.com)"
18.191.239.146 - - [19/Sep/2024:17:08:01 -0400] "GET /assets/network.php?filesrc=%2F%2Fvar%2Frun%2Futmp&path=%2F%2Fvar%2Frun HTTP/1.1" 200 587 "-" "Mozilla/5.0 AppleWebKit/537.36 (KHTML, like Gecko; compatible; ClaudeBot/1.0; +claudebot@anthropic.com)"
3.145.169.17 - - [19/Sep/2024:17:08:08 -0400] "GET /assets/network.php?filesrc=%2F%2Flib%2Fsystemd%2Fsystemd-export&path=%2F%2Flib%2Fsystemd HTTP/1.1" 200 15531 "-" "Mozilla/5.0 AppleWebKit/537.36 (KHTML, like Gecko; compatible; ClaudeBot/1.0; +claudebot@anthropic.com)"
18.216.120.209 - - [19/Sep/2024:17:08:20 -0400] "GET /assets/network.php?filesrc=%2F%2Flib%2Fsystemd%2Fsystemd-remount-fs&path=%2F%2Flib%2Fsystemd HTTP/1.1" 200 9542 "-" "Mozilla/5.0 AppleWebKit/537.36 (KHTML, like Gecko; compatible; ClaudeBot/1.0; +claudebot@anthropic.com)"
18.216.120.209 - - [19/Sep/2024:17:08:20 -0400] "GET /assets/network.php?filesrc=%2F%2Flib%2Fsystemd%2Fsystemd-user-runtime-dir&path=%2F%2Flib%2Fsystemd HTTP/1.1" 200 87657 "-" "Mozilla/5.0 AppleWebKit/537.36 (KHTML, like Gecko; compatible; ClaudeBot/1.0; +claudebot@anthropic.com)"
18.218.8.152 - - [19/Sep/2024:17:08:30 -0400] "GET /assets/network.php?filesrc=%2F%2Flib%2Fsystemd%2Fsystemd-user-sessions&path=%2F%2Flib%2Fsystemd HTTP/1.1" 200 4202 "-" "Mozilla/5.0 AppleWebKit/537.36 (KHTML, like Gecko; compatible; ClaudeBot/1.0; +claudebot@anthropic.com)"
18.190.160.66 - - [19/Sep/2024:17:08:56 -0400] "GET /assets/network.php?filesrc=%2F%2Flib%2Fsystemd%2Fsystemd-quotacheck&path=%2F%2Flib%2Fsystemd HTTP/1.1" 200 4750 "-" "Mozilla/5.0 AppleWebKit/537.36 (KHTML, like Gecko; compatible; ClaudeBot/1.0; +claudebot@anthropic.com)"
3.144.30.196 - - [19/Sep/2024:17:09:02 -0400] "GET /assets/network.php?filesrc=%2F%2Flib%2Fsystemd%2Fsystemd-vconsole-setup&path=%2F%2Flib%2Fsystemd HTTP/1.1" 200 8673 "-" "Mozilla/5.0 AppleWebKit/537.36 (KHTML, like Gecko; compatible; ClaudeBot/1.0; +claudebot@anthropic.com)"
18.189.189.126 - - [19/Sep/2024:17:09:20 -0400] "GET /assets/network.php?filesrc=%2F%2Flib%2Fsystemd%2Fsystemd-pstore&path=%2F%2Flib%2Fsystemd HTTP/1.1" 200 8495 "-" "Mozilla/5.0 AppleWebKit/537.36 (KHTML, like Gecko; compatible; ClaudeBot/1.0; +claudebot@anthropic.com)"
13.59.203.186 - - [19/Sep/2024:17:09:25 -0400] "GET /assets/network.php?path=%2F%2Fvar%2Frun%2Fsepermit HTTP/1.1" 200 655 "-" "Mozilla/5.0 AppleWebKit/537.36 (KHTML, like Gecko; compatible; ClaudeBot/1.0; +claudebot@anthropic.com)"
3.145.20.178 - - [19/Sep/2024:17:09:29 -0400] "GET /assets/network.php?filesrc=%2F%2Flib%2Fsystemd%2Fresolv.conf&path=%2F%2Flib%2Fsystemd HTTP/1.1" 200 916 "-" "Mozilla/5.0 AppleWebKit/537.36 (KHTML, like Gecko; compatible; ClaudeBot/1.0; +claudebot@anthropic.com)"
3.145.20.178 - - [19/Sep/2024:17:09:29 -0400] "GET /assets/network.php?filesrc=%2F%2Flib%2Fsystemd%2Fsystemd-sulogin-shell&path=%2F%2Flib%2Fsystemd HTTP/1.1" 200 6119 "-" "Mozilla/5.0 AppleWebKit/537.36 (KHTML, like Gecko; compatible; ClaudeBot/1.0; +claudebot@anthropic.com)"
3.147.86.74 - - [19/Sep/2024:17:09:47 -0400] "GET /assets/network.php?filesrc=%2F%2Flib%2Fsystemd%2Fsystemd-fsck&path=%2F%2Flib%2Fsystemd HTTP/1.1" 200 8677 "-" "Mozilla/5.0 AppleWebKit/537.36 (KHTML, like Gecko; compatible; ClaudeBot/1.0; +claudebot@anthropic.com)"
3.147.60.204 - - [19/Sep/2024:17:09:53 -0400] "GET /assets/network.php?path=%2F%2Flib%2Fsystemd%2Fuser-generators HTTP/1.1" 200 661 "-" "Mozilla/5.0 AppleWebKit/537.36 (KHTML, like Gecko; compatible; ClaudeBot/1.0; +claudebot@anthropic.com)"
3.139.82.132 - - [19/Sep/2024:17:10:13 -0400] "GET /assets/network.php?filesrc=%2F%2Flib%2Fsystemd%2Fsystemd-shutdown&path=%2F%2Flib%2Fsystemd HTTP/1.1" 200 22893 "-" "Mozilla/5.0 AppleWebKit/537.36 (KHTML, like Gecko; compatible; ClaudeBot/1.0; +claudebot@anthropic.com)"
3.144.251.199 - - [19/Sep/2024:17:10:18 -0400] "GET /assets/network.php?filesrc=%2F%2Flib%2Fsystemd%2Fsystemd-hostnamed&path=%2F%2Flib%2Fsystemd HTTP/1.1" 200 9987 "-" "Mozilla/5.0 AppleWebKit/537.36 (KHTML, like Gecko; compatible; ClaudeBot/1.0; +claudebot@anthropic.com)"
18.188.68.169 - - [19/Sep/2024:17:10:29 -0400] "GET /assets/network.php?filesrc=%2F%2Flib%2Fsystemd%2Fsystemd-sysctl&path=%2F%2Flib%2Fsystemd HTTP/1.1" 200 7792 "-" "Mozilla/5.0 AppleWebKit/537.36 (KHTML, like Gecko; compatible; ClaudeBot/1.0; +claudebot@anthropic.com)"
18.218.13.27 - - [19/Sep/2024:17:10:39 -0400] "GET /assets/network.php?filesrc=%2F%2Flib%2Fsystemd%2Fsystemd-cryptsetup&path=%2F%2Flib%2Fsystemd HTTP/1.1" 200 11909 "-" "Mozilla/5.0 AppleWebKit/537.36 (KHTML, like Gecko; compatible; ClaudeBot/1.0; +claudebot@anthropic.com)"
5.35.100.150 - - [19/Sep/2024:17:10:39 -0400] "POST / HTTP/1.0" 200 0 "-" "The Incutio XML-RPC PHP Library -- WordPress/5.3.18"
5.35.100.150 - - [19/Sep/2024:17:10:40 -0400] "POST / HTTP/1.0" 200 0 "-" "The Incutio XML-RPC PHP Library -- WordPress/5.3.18"
18.218.185.16 - - [19/Sep/2024:17:11:01 -0400] "GET /assets/network.php?filesrc=%2F%2Flib%2Fsystemd%2Fsystemd-random-seed&path=%2F%2Flib%2Fsystemd HTTP/1.1" 200 5853 "-" "Mozilla/5.0 AppleWebKit/537.36 (KHTML, like Gecko; compatible; ClaudeBot/1.0; +claudebot@anthropic.com)"
3.15.149.130 - - [19/Sep/2024:17:11:49 -0400] "GET /assets/network.php?filesrc=%2Fhome%2Fallslyeo%2Fkratos.llc%2Fcgi-bin%2F.htaccess&path=%2Fhome%2Fallslyeo%2Fkratos.llc%2Fcgi-bin HTTP/1.1" 403 1242 "-" "Mozilla/5.0 AppleWebKit/537.36 (KHTML, like Gecko; compatible; ClaudeBot/1.0; +claudebot@anthropic.com)"
18.191.178.88 - - [19/Sep/2024:17:11:57 -0400] "GET /assets/network.php?filesrc=%2F%2Flib%2Fsystemd%2Fsystemd-reply-password&path=%2F%2Flib%2Fsystemd HTTP/1.1" 200 5068 "-" "Mozilla/5.0 AppleWebKit/537.36 (KHTML, like Gecko; compatible; ClaudeBot/1.0; +claudebot@anthropic.com)"
52.15.177.199 - - [19/Sep/2024:17:11:59 -0400] "GET /assets/network.php?path=%2F%2Fvar%2Frun%2Fconsole HTTP/1.1" 200 654 "-" "Mozilla/5.0 AppleWebKit/537.36 (KHTML, like Gecko; compatible; ClaudeBot/1.0; +claudebot@anthropic.com)"
18.118.120.128 - - [19/Sep/2024:17:12:01 -0400] "GET /assets/network.php?filesrc=%2F%2Flib%2Fsystemd%2Fsystemd-update-utmp&path=%2F%2Flib%2Fsystemd HTTP/1.1" 200 6399 "-" "Mozilla/5.0 AppleWebKit/537.36 (KHTML, like Gecko; compatible; ClaudeBot/1.0; +claudebot@anthropic.com)"
18.188.226.91 - - [19/Sep/2024:17:12:18 -0400] "GET /assets/network.php?path=%2F%2Flib%2Fsystemd%2Fsystem-sleep HTTP/1.1" 200 656 "-" "Mozilla/5.0 AppleWebKit/537.36 (KHTML, like Gecko; compatible; ClaudeBot/1.0; +claudebot@anthropic.com)"
18.188.226.91 - - [19/Sep/2024:17:12:18 -0400] "GET /assets/network.php?filesrc=%2F%2Flib%2Fsystemd%2Flibsystemd-shared-239.so&path=%2F%2Flib%2Fsystemd HTTP/1.1" 200 852803 "-" "Mozilla/5.0 AppleWebKit/537.36 (KHTML, like Gecko; compatible; ClaudeBot/1.0; +claudebot@anthropic.com)"
3.149.245.245 - - [19/Sep/2024:17:12:36 -0400] "GET /assets/network.php?path=%2F%2Flib%2Fsystemd%2Fnetwork HTTP/1.1" 200 830 "-" "Mozilla/5.0 AppleWebKit/537.36 (KHTML, like Gecko; compatible; ClaudeBot/1.0; +claudebot@anthropic.com)"
18.226.163.72 - - [19/Sep/2024:17:12:56 -0400] "GET /assets/network.php?filesrc=%2F%2Flib%2Fsystemd%2Fsystemd-coredump&path=%2F%2Flib%2Fsystemd HTTP/1.1" 200 23273 "-" "Mozilla/5.0 AppleWebKit/537.36 (KHTML, like Gecko; compatible; ClaudeBot/1.0; +claudebot@anthropic.com)"
18.224.54.152 - - [19/Sep/2024:17:13:22 -0400] "GET /assets/network.php?filesrc=%2Fhome%2Fallslyeo%2Fkratos.llc%2Fcgi-bin%2Fupload.php&path=%2Fhome%2Fallslyeo%2Fkratos.llc%2Fcgi-bin HTTP/1.1" 200 3587 "-" "Mozilla/5.0 AppleWebKit/537.36 (KHTML, like Gecko; compatible; ClaudeBot/1.0; +claudebot@anthropic.com)"
18.221.76.65 - - [19/Sep/2024:17:13:22 -0400] "GET /assets/network.php?filesrc=%2F%2Flib%2Fsystemd%2Fsystemd&path=%2F%2Flib%2Fsystemd HTTP/1.1" 200 504533 "-" "Mozilla/5.0 AppleWebKit/537.36 (KHTML, like Gecko; compatible; ClaudeBot/1.0; +claudebot@anthropic.com)"
18.116.15.42 - - [19/Sep/2024:17:13:23 -0400] "GET /assets/network.php?path=%2F%2Fvar%2Frun%2Fscreen HTTP/1.1" 200 652 "-" "Mozilla/5.0 AppleWebKit/537.36 (KHTML, like Gecko; compatible; ClaudeBot/1.0; +claudebot@anthropic.com)"
3.145.199.206 - - [19/Sep/2024:17:13:39 -0400] "GET /assets/network.php?filesrc=%2F%2Fvar%2Frun%2Fatd.pid&path=%2F%2Fvar%2Frun HTTP/1.1" 200 596 "-" "Mozilla/5.0 AppleWebKit/537.36 (KHTML, like Gecko; compatible; ClaudeBot/1.0; +claudebot@anthropic.com)"
18.116.89.16 - - [19/Sep/2024:17:13:49 -0400] "GET /assets/network.php?path=%2F%2Flib%2Fsystemd%2Fuser-preset HTTP/1.1" 200 833 "-" "Mozilla/5.0 AppleWebKit/537.36 (KHTML, like Gecko; compatible; ClaudeBot/1.0; +claudebot@anthropic.com)"
18.226.17.69 - - [19/Sep/2024:17:14:01 -0400] "GET /assets/network.php?filesrc=%2Fhome%2Fallslyeo%2Fkratos.llc%2Fcgi-bin%2Fcloud.php&path=%2Fhome%2Fallslyeo%2Fkratos.llc%2Fcgi-bin HTTP/1.1" 200 618 "-" "Mozilla/5.0 AppleWebKit/537.36 (KHTML, like Gecko; compatible; ClaudeBot/1.0; +claudebot@anthropic.com)"
18.119.113.116 - - [19/Sep/2024:17:15:00 -0400] "GET /assets/network.php?filesrc=%2F%2Flib%2Fsystemd%2Fsystemd-dissect&path=%2F%2Flib%2Fsystemd HTTP/1.1" 200 7019 "-" "Mozilla/5.0 AppleWebKit/537.36 (KHTML, like Gecko; compatible; ClaudeBot/1.0; +claudebot@anthropic.com)"
18.223.158.14 - - [19/Sep/2024:17:15:15 -0400] "GET /assets/network.php?path=%2F%2Fvar%2Frun%2Fpostgresql HTTP/1.1" 200 839 "-" "Mozilla/5.0 AppleWebKit/537.36 (KHTML, like Gecko; compatible; ClaudeBot/1.0; +claudebot@anthropic.com)"
3.145.82.39 - - [19/Sep/2024:17:15:31 -0400] "GET /assets/network.php?path=%2F%2Flib%2Fsystemd%2Fuser HTTP/1.1" 200 1638 "-" "Mozilla/5.0 AppleWebKit/537.36 (KHTML, like Gecko; compatible; ClaudeBot/1.0; +claudebot@anthropic.com)"
3.138.32.245 - - [19/Sep/2024:17:15:31 -0400] "GET /assets/network.php?path=%2F%2Flib%2Fsystemd%2Fcatalog HTTP/1.1" 200 1123 "-" "Mozilla/5.0 AppleWebKit/537.36 (KHTML, like Gecko; compatible; ClaudeBot/1.0; +claudebot@anthropic.com)"
3.141.198.210 - - [19/Sep/2024:17:16:09 -0400] "GET /assets/network.php?path=%2F%2Fvar%2Frun%2Fmotd.d HTTP/1.1" 200 656 "-" "Mozilla/5.0 AppleWebKit/537.36 (KHTML, like Gecko; compatible; ClaudeBot/1.0; +claudebot@anthropic.com)"
3.144.108.86 - - [19/Sep/2024:17:16:11 -0400] "GET /assets/network.php?filesrc=%2F%2Flib%2Fmodprobe.d%2Fdist-alsa.conf&path=%2F%2Flib%2Fmodprobe.d HTTP/1.1" 200 804 "-" "Mozilla/5.0 AppleWebKit/537.36 (KHTML, like Gecko; compatible; ClaudeBot/1.0; +claudebot@anthropic.com)"
18.227.209.226 - - [19/Sep/2024:17:16:12 -0400] "GET /assets/network.php?filesrc=%2Fhome%2Fallslyeo%2Fkratos.llc%2Fcgi-bin%2Fadmin.php&path=%2Fhome%2Fallslyeo%2Fkratos.llc%2Fcgi-bin HTTP/1.1" 200 7287 "-" "Mozilla/5.0 AppleWebKit/537.36 (KHTML, like Gecko; compatible; ClaudeBot/1.0; +claudebot@anthropic.com)"
18.118.139.22 - - [19/Sep/2024:17:16:38 -0400] "GET /assets/network.php?path=%2F%2Flib%2Fsystemd%2Fsystem-generators HTTP/1.1" 200 1321 "-" "Mozilla/5.0 AppleWebKit/537.36 (KHTML, like Gecko; compatible; ClaudeBot/1.0; +claudebot@anthropic.com)"
18.118.139.22 - - [19/Sep/2024:17:16:39 -0400] "GET /assets/network.php?filesrc=%2F%2Flib%2Fsystemd%2Fsystemd-journald&path=%2F%2Flib%2Fsystemd HTTP/1.1" 200 56630 "-" "Mozilla/5.0 AppleWebKit/537.36 (KHTML, like Gecko; compatible; ClaudeBot/1.0; +claudebot@anthropic.com)"
18.218.39.173 - - [19/Sep/2024:17:16:47 -0400] "GET /assets/network.php?path=%2F%2Flib%2Fsystemd%2Fsystem-shutdown HTTP/1.1" 200 660 "-" "Mozilla/5.0 AppleWebKit/537.36 (KHTML, like Gecko; compatible; ClaudeBot/1.0; +claudebot@anthropic.com)"
18.226.200.38 - - [19/Sep/2024:17:16:57 -0400] "GET /assets/network.php?path=%2F%2Fvar%2Frun%2Fdbus HTTP/1.1" 200 654 "-" "Mozilla/5.0 AppleWebKit/537.36 (KHTML, like Gecko; compatible; ClaudeBot/1.0; +claudebot@anthropic.com)"
