Hacked By AnonymousFox

Current Path : /proc/thread-self/root/home/allslyeo/access-logs/
Upload File :
Current File : //proc/thread-self/root/home/allslyeo/access-logs/allstuffweb.com

51.254.5.189 - - [19/Sep/2024:08:13:41 -0400] "POST / HTTP/1.1" 200 0 "-" "The Incutio XML-RPC PHP Library -- WordPress/6.4.3"
51.254.5.189 - - [19/Sep/2024:08:13:42 -0400] "POST / HTTP/1.1" 200 0 "-" "The Incutio XML-RPC PHP Library -- WordPress/6.4.3"
66.102.9.228 - - [19/Sep/2024:08:14:19 -0400] "HEAD /feed HTTP/1.1" 200 0 "-" "FeedBurner/1.0 (http://www.FeedBurner.com)"
66.102.9.229 - - [19/Sep/2024:08:14:19 -0400] "GET /feed HTTP/1.1" 200 0 "-" "FeedBurner/1.0 (http://www.FeedBurner.com)"
23.227.187.104 - - [19/Sep/2024:08:14:51 -0400] "POST / HTTP/1.1" 200 0 "-" "The Incutio XML-RPC PHP Library -- WordPress/6.5.5"
23.227.187.104 - - [19/Sep/2024:08:14:52 -0400] "POST / HTTP/1.1" 200 0 "-" "The Incutio XML-RPC PHP Library -- WordPress/6.5.5"
23.227.187.104 - - [19/Sep/2024:08:18:57 -0400] "POST / HTTP/1.1" 200 0 "-" "The Incutio XML-RPC PHP Library -- WordPress/6.5.5"
23.227.187.104 - - [19/Sep/2024:08:18:58 -0400] "POST / HTTP/1.1" 200 0 "-" "The Incutio XML-RPC PHP Library -- WordPress/6.5.5"
5.35.100.150 - - [19/Sep/2024:08:20:44 -0400] "POST / HTTP/1.0" 200 0 "-" "The Incutio XML-RPC PHP Library -- WordPress/5.3.18"
5.35.100.150 - - [19/Sep/2024:08:20:45 -0400] "POST / HTTP/1.0" 200 0 "-" "The Incutio XML-RPC PHP Library -- WordPress/5.3.18"
5.35.100.150 - - [19/Sep/2024:08:21:02 -0400] "POST / HTTP/1.1" 200 0 "http://allstuffweb.com/" "The Incutio XML-RPC PHP Library -- WordPress/5.3.18"
5.35.100.150 - - [19/Sep/2024:08:21:03 -0400] "POST / HTTP/1.1" 200 0 "http://allstuffweb.com/" "The Incutio XML-RPC PHP Library -- WordPress/5.3.18"
155.138.247.229 - - [19/Sep/2024:08:22:16 -0400] "HEAD /wordpress HTTP/1.1" 200 0 "-" "Mozilla/5.0 (Windows NT 10.0; Win64; x64) AppleWebKit/537.36 (KHTML, like Gecko) Chrome/74.0.3729.169 Safari/537.36"
155.138.247.229 - - [19/Sep/2024:08:22:16 -0400] "HEAD / HTTP/1.1" 200 0 "-" "Mozilla/5.0 (Windows NT 10.0; Win64; x64) AppleWebKit/537.36 (KHTML, like Gecko) Chrome/74.0.3729.169 Safari/537.36"
155.138.247.229 - - [19/Sep/2024:08:22:17 -0400] "HEAD /wp HTTP/1.1" 200 0 "-" "Mozilla/5.0 (Windows NT 10.0; Win64; x64) AppleWebKit/537.36 (KHTML, like Gecko) Chrome/74.0.3729.169 Safari/537.36"
155.138.247.229 - - [19/Sep/2024:08:22:17 -0400] "HEAD /bc HTTP/1.1" 200 0 "-" "Mozilla/5.0 (Windows NT 10.0; Win64; x64) AppleWebKit/537.36 (KHTML, like Gecko) Chrome/74.0.3729.169 Safari/537.36"
155.138.247.229 - - [19/Sep/2024:08:22:17 -0400] "HEAD /bk HTTP/1.1" 200 0 "-" "Mozilla/5.0 (Windows NT 10.0; Win64; x64) AppleWebKit/537.36 (KHTML, like Gecko) Chrome/74.0.3729.169 Safari/537.36"
155.138.247.229 - - [19/Sep/2024:08:22:17 -0400] "HEAD /backup HTTP/1.1" 200 0 "-" "Mozilla/5.0 (Windows NT 10.0; Win64; x64) AppleWebKit/537.36 (KHTML, like Gecko) Chrome/74.0.3729.169 Safari/537.36"
155.138.247.229 - - [19/Sep/2024:08:22:17 -0400] "HEAD /old HTTP/1.1" 200 0 "-" "Mozilla/5.0 (Windows NT 10.0; Win64; x64) AppleWebKit/537.36 (KHTML, like Gecko) Chrome/74.0.3729.169 Safari/537.36"
155.138.247.229 - - [19/Sep/2024:08:22:17 -0400] "HEAD /new HTTP/1.1" 200 0 "-" "Mozilla/5.0 (Windows NT 10.0; Win64; x64) AppleWebKit/537.36 (KHTML, like Gecko) Chrome/74.0.3729.169 Safari/537.36"
155.138.247.229 - - [19/Sep/2024:08:22:17 -0400] "HEAD /main HTTP/1.1" 200 0 "-" "Mozilla/5.0 (Windows NT 10.0; Win64; x64) AppleWebKit/537.36 (KHTML, like Gecko) Chrome/74.0.3729.169 Safari/537.36"
155.138.247.229 - - [19/Sep/2024:08:22:17 -0400] "HEAD /home HTTP/1.1" 200 0 "-" "Mozilla/5.0 (Windows NT 10.0; Win64; x64) AppleWebKit/537.36 (KHTML, like Gecko) Chrome/74.0.3729.169 Safari/537.36"
3.101.8.174 - - [19/Sep/2024:08:22:34 -0400] "HEAD / HTTP/1.1" 200 0 "-" "montastic-monitor www.montastic.com - cid:229714"
162.0.209.242 - - [19/Sep/2024:08:24:21 -0400] "POST / HTTP/1.0" 200 0 "-" "The Incutio XML-RPC PHP Library -- WordPress/PBPP"
162.0.209.242 - - [19/Sep/2024:08:24:22 -0400] "POST / HTTP/1.0" 200 0 "-" "The Incutio XML-RPC PHP Library -- WordPress/PBPP"
23.227.187.104 - - [19/Sep/2024:08:24:41 -0400] "POST / HTTP/1.1" 200 0 "-" "The Incutio XML-RPC PHP Library -- WordPress/6.5.5"
23.227.187.104 - - [19/Sep/2024:08:24:41 -0400] "POST / HTTP/1.1" 200 0 "-" "The Incutio XML-RPC PHP Library -- WordPress/6.5.5"
23.227.187.104 - - [19/Sep/2024:08:29:36 -0400] "POST / HTTP/1.1" 200 0 "-" "The Incutio XML-RPC PHP Library -- WordPress/6.5.5"
23.227.187.104 - - [19/Sep/2024:08:29:36 -0400] "POST / HTTP/1.1" 200 0 "-" "The Incutio XML-RPC PHP Library -- WordPress/6.5.5"
162.215.222.160 - - [19/Sep/2024:08:29:37 -0400] "POST / HTTP/1.1" 200 0 "-" "The Incutio XML-RPC PHP Library -- WordPress/6.6.2"
162.215.222.160 - - [19/Sep/2024:08:29:37 -0400] "POST / HTTP/1.1" 200 0 "-" "The Incutio XML-RPC PHP Library -- WordPress/6.6.2"
5.35.100.150 - - [19/Sep/2024:08:31:03 -0400] "POST / HTTP/1.1" 200 0 "http://allstuffweb.com/" "The Incutio XML-RPC PHP Library -- WordPress/5.3.18"
5.35.100.150 - - [19/Sep/2024:08:31:03 -0400] "POST / HTTP/1.1" 200 0 "http://allstuffweb.com/" "The Incutio XML-RPC PHP Library -- WordPress/5.3.18"
5.35.100.150 - - [19/Sep/2024:08:31:25 -0400] "POST / HTTP/1.0" 200 0 "-" "The Incutio XML-RPC PHP Library -- WordPress/5.3.18"
5.35.100.150 - - [19/Sep/2024:08:31:26 -0400] "POST / HTTP/1.0" 200 0 "-" "The Incutio XML-RPC PHP Library -- WordPress/5.3.18"
194.38.20.13 - - [19/Sep/2024:08:34:57 -0400] "GET /ofc/php-ofc-library/ofc_upload_image.php HTTP/1.1" 200 0 "-" "ALittle Client"
54.36.129.69 - - [19/Sep/2024:08:36:44 -0400] "POST / HTTP/1.1" 200 0 "-" "The Incutio XML-RPC PHP Library -- WordPress/6.6.1"
54.36.129.69 - - [19/Sep/2024:08:36:45 -0400] "POST / HTTP/1.1" 200 0 "-" "The Incutio XML-RPC PHP Library -- WordPress/6.6.1"
23.227.187.104 - - [19/Sep/2024:08:39:47 -0400] "POST / HTTP/1.1" 200 0 "-" "The Incutio XML-RPC PHP Library -- WordPress/6.5.5"
23.227.187.104 - - [19/Sep/2024:08:39:47 -0400] "POST / HTTP/1.1" 200 0 "-" "The Incutio XML-RPC PHP Library -- WordPress/6.5.5"
5.35.100.150 - - [19/Sep/2024:08:40:48 -0400] "POST / HTTP/1.0" 200 0 "-" "The Incutio XML-RPC PHP Library -- WordPress/5.3.18"
5.35.100.150 - - [19/Sep/2024:08:40:48 -0400] "POST / HTTP/1.0" 200 0 "-" "The Incutio XML-RPC PHP Library -- WordPress/5.3.18"
5.35.100.150 - - [19/Sep/2024:08:41:00 -0400] "POST / HTTP/1.1" 200 0 "http://allstuffweb.com/" "The Incutio XML-RPC PHP Library -- WordPress/5.3.18"
5.35.100.150 - - [19/Sep/2024:08:41:00 -0400] "POST / HTTP/1.1" 200 0 "http://allstuffweb.com/" "The Incutio XML-RPC PHP Library -- WordPress/5.3.18"
23.227.187.104 - - [19/Sep/2024:08:49:38 -0400] "POST / HTTP/1.1" 200 0 "-" "The Incutio XML-RPC PHP Library -- WordPress/6.5.5"
23.227.187.104 - - [19/Sep/2024:08:49:38 -0400] "POST / HTTP/1.1" 200 0 "-" "The Incutio XML-RPC PHP Library -- WordPress/6.5.5"
5.35.100.150 - - [19/Sep/2024:08:51:05 -0400] "POST / HTTP/1.1" 200 0 "http://allstuffweb.com/" "The Incutio XML-RPC PHP Library -- WordPress/5.3.18"
5.35.100.150 - - [19/Sep/2024:08:51:05 -0400] "POST / HTTP/1.1" 200 0 "http://allstuffweb.com/" "The Incutio XML-RPC PHP Library -- WordPress/5.3.18"
5.35.100.150 - - [19/Sep/2024:08:51:07 -0400] "POST / HTTP/1.0" 200 0 "-" "The Incutio XML-RPC PHP Library -- WordPress/5.3.18"
5.35.100.150 - - [19/Sep/2024:08:51:08 -0400] "POST / HTTP/1.0" 200 0 "-" "The Incutio XML-RPC PHP Library -- WordPress/5.3.18"
52.53.80.180 - - [19/Sep/2024:08:52:24 -0400] "HEAD / HTTP/1.1" 200 0 "-" "montastic-monitor www.montastic.com - cid:229714"
23.227.187.104 - - [19/Sep/2024:08:54:31 -0400] "POST / HTTP/1.1" 200 0 "-" "The Incutio XML-RPC PHP Library -- WordPress/6.5.5"
23.227.187.104 - - [19/Sep/2024:08:54:31 -0400] "POST / HTTP/1.1" 200 0 "-" "The Incutio XML-RPC PHP Library -- WordPress/6.5.5"
66.102.9.228 - - [19/Sep/2024:08:55:36 -0400] "HEAD /feed HTTP/1.1" 200 0 "-" "FeedBurner/1.0 (http://www.FeedBurner.com)"
66.102.9.228 - - [19/Sep/2024:08:55:37 -0400] "GET /feed HTTP/1.1" 200 0 "-" "FeedBurner/1.0 (http://www.FeedBurner.com)"
23.227.187.104 - - [19/Sep/2024:08:59:43 -0400] "POST / HTTP/1.1" 200 0 "-" "The Incutio XML-RPC PHP Library -- WordPress/6.5.5"
23.227.187.104 - - [19/Sep/2024:08:59:43 -0400] "POST / HTTP/1.1" 200 0 "-" "The Incutio XML-RPC PHP Library -- WordPress/6.5.5"
5.35.100.150 - - [19/Sep/2024:09:00:43 -0400] "POST / HTTP/1.0" 200 0 "-" "The Incutio XML-RPC PHP Library -- WordPress/5.3.18"
5.35.100.150 - - [19/Sep/2024:09:00:44 -0400] "POST / HTTP/1.0" 200 0 "-" "The Incutio XML-RPC PHP Library -- WordPress/5.3.18"
5.35.100.150 - - [19/Sep/2024:09:00:59 -0400] "POST / HTTP/1.1" 200 0 "http://allstuffweb.com/" "The Incutio XML-RPC PHP Library -- WordPress/5.3.18"
5.35.100.150 - - [19/Sep/2024:09:00:59 -0400] "POST / HTTP/1.1" 200 0 "http://allstuffweb.com/" "The Incutio XML-RPC PHP Library -- WordPress/5.3.18"
217.113.194.134 - - [19/Sep/2024:09:01:56 -0400] "GET /robots.txt HTTP/1.1" 200 0 "-" "Mozilla/5.0 (compatible; Barkrowler/0.9; +https://babbar.tech/crawler)"
154.54.249.206 - - [19/Sep/2024:09:02:00 -0400] "GET /robots.txt HTTP/1.1" 200 0 "-" "Mozilla/5.0 (compatible; Barkrowler/0.9; +https://babbar.tech/crawler)"
51.254.5.189 - - [19/Sep/2024:09:02:02 -0400] "POST / HTTP/1.1" 200 0 "-" "The Incutio XML-RPC PHP Library -- WordPress/6.4.3"
51.254.5.189 - - [19/Sep/2024:09:02:02 -0400] "POST / HTTP/1.1" 200 0 "-" "The Incutio XML-RPC PHP Library -- WordPress/6.4.3"
217.113.194.134 - - [19/Sep/2024:09:02:05 -0400] "GET / HTTP/1.1" 200 0 "-" "Mozilla/5.0 (compatible; Barkrowler/0.9; +https://babbar.tech/crawler)"
217.113.194.137 - - [19/Sep/2024:09:02:08 -0400] "GET / HTTP/1.1" 200 0 "-" "Mozilla/5.0 (compatible; Barkrowler/0.9; +https://babbar.tech/crawler)"
173.0.156.243 - - [19/Sep/2024:09:02:28 -0400] "POST / HTTP/1.1" 200 0 "-" "The Incutio XML-RPC PHP Library -- WordPress/6.6.2"
173.0.156.243 - - [19/Sep/2024:09:02:28 -0400] "POST / HTTP/1.1" 200 0 "-" "The Incutio XML-RPC PHP Library -- WordPress/6.6.2"
173.0.156.243 - - [19/Sep/2024:09:03:18 -0400] "POST / HTTP/1.1" 200 0 "-" "The Incutio XML-RPC PHP Library -- WordPress/6.6.2"
173.0.156.243 - - [19/Sep/2024:09:03:19 -0400] "POST / HTTP/1.1" 200 0 "-" "The Incutio XML-RPC PHP Library -- WordPress/6.6.2"
217.113.194.141 - - [19/Sep/2024:09:05:45 -0400] "GET /changing-nameservers-with-namecheap/ HTTP/1.1" 200 0 "-" "Mozilla/5.0 (compatible; Barkrowler/0.9; +https://babbar.tech/crawler)"
217.113.194.140 - - [19/Sep/2024:09:05:54 -0400] "GET /blog/wordpress/advanced/recommended-wordpress-ping-list-2013/ HTTP/1.1" 200 0 "-" "Mozilla/5.0 (compatible; Barkrowler/0.9; +https://babbar.tech/crawler)"
5.35.100.150 - - [19/Sep/2024:09:10:44 -0400] "POST / HTTP/1.0" 200 0 "-" "The Incutio XML-RPC PHP Library -- WordPress/5.3.18"
5.35.100.150 - - [19/Sep/2024:09:10:44 -0400] "POST / HTTP/1.0" 200 0 "-" "The Incutio XML-RPC PHP Library -- WordPress/5.3.18"
5.35.100.150 - - [19/Sep/2024:09:10:59 -0400] "POST / HTTP/1.1" 200 0 "http://allstuffweb.com/" "The Incutio XML-RPC PHP Library -- WordPress/5.3.18"
5.35.100.150 - - [19/Sep/2024:09:10:59 -0400] "POST / HTTP/1.1" 200 0 "http://allstuffweb.com/" "The Incutio XML-RPC PHP Library -- WordPress/5.3.18"
66.102.9.229 - - [19/Sep/2024:09:12:43 -0400] "HEAD /feed/ HTTP/1.1" 200 0 "-" "FeedBurner/1.0 (http://www.FeedBurner.com)"
66.102.9.228 - - [19/Sep/2024:09:12:44 -0400] "GET /feed/ HTTP/1.1" 200 0 "-" "FeedBurner/1.0 (http://www.FeedBurner.com)"
23.227.187.104 - - [19/Sep/2024:09:13:57 -0400] "POST / HTTP/1.1" 200 0 "-" "The Incutio XML-RPC PHP Library -- WordPress/6.5.5"
23.227.187.104 - - [19/Sep/2024:09:13:57 -0400] "POST / HTTP/1.1" 200 0 "-" "The Incutio XML-RPC PHP Library -- WordPress/6.5.5"
51.254.5.189 - - [19/Sep/2024:09:17:03 -0400] "POST / HTTP/1.1" 200 0 "-" "The Incutio XML-RPC PHP Library -- WordPress/6.4.3"
51.254.5.189 - - [19/Sep/2024:09:17:03 -0400] "POST / HTTP/1.1" 200 0 "-" "The Incutio XML-RPC PHP Library -- WordPress/6.4.3"
5.35.100.150 - - [19/Sep/2024:09:21:03 -0400] "POST / HTTP/1.0" 200 0 "-" "The Incutio XML-RPC PHP Library -- WordPress/5.3.18"
5.35.100.150 - - [19/Sep/2024:09:21:04 -0400] "POST / HTTP/1.0" 200 0 "-" "The Incutio XML-RPC PHP Library -- WordPress/5.3.18"
3.101.8.174 - - [19/Sep/2024:09:22:27 -0400] "HEAD / HTTP/1.1" 200 0 "-" "montastic-monitor www.montastic.com - cid:229714"
23.227.187.104 - - [19/Sep/2024:09:23:58 -0400] "POST / HTTP/1.1" 200 0 "-" "The Incutio XML-RPC PHP Library -- WordPress/6.5.5"
23.227.187.104 - - [19/Sep/2024:09:23:58 -0400] "POST / HTTP/1.1" 200 0 "-" "The Incutio XML-RPC PHP Library -- WordPress/6.5.5"
207.246.249.203 - - [19/Sep/2024:09:25:55 -0400] "POST / HTTP/1.1" 200 0 "http://www.allstuffweb.com/" "The Incutio XML-RPC PHP Library -- WordPress/6.1.7"
207.246.249.203 - - [19/Sep/2024:09:25:55 -0400] "POST / HTTP/1.1" 200 0 "http://www.allstuffweb.com/" "The Incutio XML-RPC PHP Library -- WordPress/6.1.7"
207.246.249.203 - - [19/Sep/2024:09:26:29 -0400] "POST / HTTP/1.1" 200 0 "http://www.allstuffweb.com/" "The Incutio XML-RPC PHP Library -- WordPress/6.1.7"
207.246.249.203 - - [19/Sep/2024:09:26:29 -0400] "POST / HTTP/1.1" 200 0 "http://www.allstuffweb.com/" "The Incutio XML-RPC PHP Library -- WordPress/6.1.7"
207.246.249.203 - - [19/Sep/2024:09:27:01 -0400] "POST / HTTP/1.1" 200 0 "http://www.allstuffweb.com/" "The Incutio XML-RPC PHP Library -- WordPress/6.1.7"
207.246.249.203 - - [19/Sep/2024:09:27:01 -0400] "POST / HTTP/1.1" 200 0 "http://www.allstuffweb.com/" "The Incutio XML-RPC PHP Library -- WordPress/6.1.7"
207.246.249.203 - - [19/Sep/2024:09:27:33 -0400] "POST / HTTP/1.1" 200 0 "http://www.allstuffweb.com/" "The Incutio XML-RPC PHP Library -- WordPress/6.1.7"
207.246.249.203 - - [19/Sep/2024:09:27:33 -0400] "POST / HTTP/1.1" 200 0 "http://www.allstuffweb.com/" "The Incutio XML-RPC PHP Library -- WordPress/6.1.7"
207.246.249.203 - - [19/Sep/2024:09:28:05 -0400] "POST / HTTP/1.1" 200 0 "http://www.allstuffweb.com/" "The Incutio XML-RPC PHP Library -- WordPress/6.1.7"
207.246.249.203 - - [19/Sep/2024:09:28:05 -0400] "POST / HTTP/1.1" 200 0 "http://www.allstuffweb.com/" "The Incutio XML-RPC PHP Library -- WordPress/6.1.7"
162.215.222.160 - - [19/Sep/2024:09:29:31 -0400] "POST / HTTP/1.1" 200 0 "-" "The Incutio XML-RPC PHP Library -- WordPress/6.6.2"
162.215.222.160 - - [19/Sep/2024:09:29:32 -0400] "POST / HTTP/1.1" 200 0 "-" "The Incutio XML-RPC PHP Library -- WordPress/6.6.2"
5.35.100.150 - - [19/Sep/2024:09:30:54 -0400] "POST / HTTP/1.0" 200 0 "-" "The Incutio XML-RPC PHP Library -- WordPress/5.3.18"
5.35.100.150 - - [19/Sep/2024:09:30:54 -0400] "POST / HTTP/1.0" 200 0 "-" "The Incutio XML-RPC PHP Library -- WordPress/5.3.18"
5.35.100.150 - - [19/Sep/2024:09:31:00 -0400] "POST / HTTP/1.1" 200 0 "http://allstuffweb.com/" "The Incutio XML-RPC PHP Library -- WordPress/5.3.18"
5.35.100.150 - - [19/Sep/2024:09:31:01 -0400] "POST / HTTP/1.1" 200 0 "http://allstuffweb.com/" "The Incutio XML-RPC PHP Library -- WordPress/5.3.18"
35.212.97.25 - - [19/Sep/2024:09:32:38 -0400] "POST / HTTP/1.1" 200 0 "-" "The Incutio XML-RPC PHP Library -- WordPress/6.6.2"
35.212.97.25 - - [19/Sep/2024:09:32:38 -0400] "POST / HTTP/1.1" 200 0 "-" "The Incutio XML-RPC PHP Library -- WordPress/6.6.2"
107.180.118.130 - - [19/Sep/2024:09:34:50 -0400] "POST / HTTP/1.1" 200 0 "http://www.allstuffweb.com/" "The Incutio XML-RPC PHP Library -- WordPress/5.9.10"
107.180.118.130 - - [19/Sep/2024:09:34:50 -0400] "POST / HTTP/1.1" 200 0 "http://www.allstuffweb.com/" "The Incutio XML-RPC PHP Library -- WordPress/5.9.10"
54.36.129.69 - - [19/Sep/2024:09:35:19 -0400] "POST / HTTP/1.1" 200 0 "-" "The Incutio XML-RPC PHP Library -- WordPress/6.6.1"
54.36.129.69 - - [19/Sep/2024:09:35:20 -0400] "POST / HTTP/1.1" 200 0 "-" "The Incutio XML-RPC PHP Library -- WordPress/6.6.1"
107.180.118.130 - - [19/Sep/2024:09:35:22 -0400] "POST / HTTP/1.1" 200 0 "http://www.allstuffweb.com/" "The Incutio XML-RPC PHP Library -- WordPress/5.9.10"
107.180.118.130 - - [19/Sep/2024:09:35:22 -0400] "POST / HTTP/1.1" 200 0 "http://www.allstuffweb.com/" "The Incutio XML-RPC PHP Library -- WordPress/5.9.10"
54.36.129.83 - - [19/Sep/2024:09:36:27 -0400] "POST / HTTP/1.1" 200 0 "-" "The Incutio XML-RPC PHP Library -- WordPress/6.6.2"
54.36.129.80 - - [19/Sep/2024:09:36:28 -0400] "POST / HTTP/1.1" 200 0 "-" "The Incutio XML-RPC PHP Library -- WordPress/6.6.2"
23.227.187.104 - - [19/Sep/2024:09:37:07 -0400] "POST / HTTP/1.1" 200 0 "-" "The Incutio XML-RPC PHP Library -- WordPress/6.5.5"
23.227.187.104 - - [19/Sep/2024:09:37:07 -0400] "POST / HTTP/1.1" 200 0 "-" "The Incutio XML-RPC PHP Library -- WordPress/6.5.5"
5.35.100.150 - - [19/Sep/2024:09:40:55 -0400] "POST / HTTP/1.0" 200 0 "-" "The Incutio XML-RPC PHP Library -- WordPress/5.3.18"
5.35.100.150 - - [19/Sep/2024:09:40:55 -0400] "POST / HTTP/1.0" 200 0 "-" "The Incutio XML-RPC PHP Library -- WordPress/5.3.18"
5.35.100.150 - - [19/Sep/2024:09:41:11 -0400] "POST / HTTP/1.1" 200 0 "http://allstuffweb.com/" "The Incutio XML-RPC PHP Library -- WordPress/5.3.18"
5.35.100.150 - - [19/Sep/2024:09:41:12 -0400] "POST / HTTP/1.1" 200 0 "http://allstuffweb.com/" "The Incutio XML-RPC PHP Library -- WordPress/5.3.18"
139.99.8.173 - - [19/Sep/2024:09:45:41 -0400] "POST / HTTP/1.1" 200 0 "-" "The Incutio XML-RPC PHP Library -- WordPress/6.6.1"
139.99.8.173 - - [19/Sep/2024:09:45:42 -0400] "POST / HTTP/1.1" 200 0 "-" "The Incutio XML-RPC PHP Library -- WordPress/6.6.1"
5.35.100.150 - - [19/Sep/2024:09:50:48 -0400] "POST / HTTP/1.0" 200 0 "-" "The Incutio XML-RPC PHP Library -- WordPress/5.3.18"
5.35.100.150 - - [19/Sep/2024:09:50:49 -0400] "POST / HTTP/1.0" 200 0 "-" "The Incutio XML-RPC PHP Library -- WordPress/5.3.18"
5.35.100.150 - - [19/Sep/2024:09:51:05 -0400] "POST / HTTP/1.1" 200 0 "http://allstuffweb.com/" "The Incutio XML-RPC PHP Library -- WordPress/5.3.18"
5.35.100.150 - - [19/Sep/2024:09:51:06 -0400] "POST / HTTP/1.1" 200 0 "http://allstuffweb.com/" "The Incutio XML-RPC PHP Library -- WordPress/5.3.18"
139.99.8.173 - - [19/Sep/2024:09:52:02 -0400] "POST / HTTP/1.1" 200 0 "-" "The Incutio XML-RPC PHP Library -- WordPress/6.6.1"
139.99.8.173 - - [19/Sep/2024:09:52:03 -0400] "POST / HTTP/1.1" 200 0 "-" "The Incutio XML-RPC PHP Library -- WordPress/6.6.1"
54.177.153.245 - - [19/Sep/2024:09:52:38 -0400] "HEAD / HTTP/1.1" 200 0 "-" "montastic-monitor www.montastic.com - cid:229714"
54.36.129.80 - - [19/Sep/2024:09:55:51 -0400] "POST / HTTP/1.1" 200 0 "-" "The Incutio XML-RPC PHP Library -- WordPress/6.6.2"
54.36.129.89 - - [19/Sep/2024:09:55:51 -0400] "POST / HTTP/1.1" 200 0 "-" "The Incutio XML-RPC PHP Library -- WordPress/6.6.2"
5.35.100.150 - - [19/Sep/2024:10:00:51 -0400] "POST / HTTP/1.0" 200 0 "-" "The Incutio XML-RPC PHP Library -- WordPress/5.3.18"
5.35.100.150 - - [19/Sep/2024:10:00:52 -0400] "POST / HTTP/1.0" 200 0 "-" "The Incutio XML-RPC PHP Library -- WordPress/5.3.18"
5.35.100.150 - - [19/Sep/2024:10:01:20 -0400] "POST / HTTP/1.1" 200 0 "http://allstuffweb.com/" "The Incutio XML-RPC PHP Library -- WordPress/5.3.18"
5.35.100.150 - - [19/Sep/2024:10:01:21 -0400] "POST / HTTP/1.1" 200 0 "http://allstuffweb.com/" "The Incutio XML-RPC PHP Library -- WordPress/5.3.18"
35.212.97.25 - - [19/Sep/2024:10:02:16 -0400] "POST / HTTP/1.1" 200 0 "-" "The Incutio XML-RPC PHP Library -- WordPress/6.6.2"
35.212.97.25 - - [19/Sep/2024:10:02:17 -0400] "POST / HTTP/1.1" 200 0 "-" "The Incutio XML-RPC PHP Library -- WordPress/6.6.2"
51.254.5.189 - - [19/Sep/2024:10:03:42 -0400] "POST / HTTP/1.1" 200 0 "-" "The Incutio XML-RPC PHP Library -- WordPress/6.4.3"
51.254.5.189 - - [19/Sep/2024:10:03:42 -0400] "POST / HTTP/1.1" 200 0 "-" "The Incutio XML-RPC PHP Library -- WordPress/6.4.3"
54.36.129.83 - - [19/Sep/2024:10:09:40 -0400] "POST / HTTP/1.1" 200 0 "-" "The Incutio XML-RPC PHP Library -- WordPress/6.6.2"
54.36.129.89 - - [19/Sep/2024:10:09:40 -0400] "POST / HTTP/1.1" 200 0 "-" "The Incutio XML-RPC PHP Library -- WordPress/6.6.2"
5.35.100.150 - - [19/Sep/2024:10:10:49 -0400] "POST / HTTP/1.0" 200 0 "-" "The Incutio XML-RPC PHP Library -- WordPress/5.3.18"
5.35.100.150 - - [19/Sep/2024:10:10:50 -0400] "POST / HTTP/1.0" 200 0 "-" "The Incutio XML-RPC PHP Library -- WordPress/5.3.18"
5.35.100.150 - - [19/Sep/2024:10:11:07 -0400] "POST / HTTP/1.1" 200 0 "http://allstuffweb.com/" "The Incutio XML-RPC PHP Library -- WordPress/5.3.18"
5.35.100.150 - - [19/Sep/2024:10:11:07 -0400] "POST / HTTP/1.1" 200 0 "http://allstuffweb.com/" "The Incutio XML-RPC PHP Library -- WordPress/5.3.18"
54.36.129.83 - - [19/Sep/2024:10:20:57 -0400] "POST / HTTP/1.1" 200 0 "-" "The Incutio XML-RPC PHP Library -- WordPress/6.6.2"
54.36.129.89 - - [19/Sep/2024:10:20:57 -0400] "POST / HTTP/1.1" 200 0 "-" "The Incutio XML-RPC PHP Library -- WordPress/6.6.2"
5.35.100.150 - - [19/Sep/2024:10:21:05 -0400] "POST / HTTP/1.1" 200 0 "http://allstuffweb.com/" "The Incutio XML-RPC PHP Library -- WordPress/5.3.18"
5.35.100.150 - - [19/Sep/2024:10:21:06 -0400] "POST / HTTP/1.1" 200 0 "http://allstuffweb.com/" "The Incutio XML-RPC PHP Library -- WordPress/5.3.18"
64.23.225.249 - - [19/Sep/2024:10:21:26 -0400] "GET / HTTP/1.1" 200 0 "-" "Mozilla/5.0 (Windows NT 10.0; Win64; x64) AppleWebKit/537.36 (KHTML, like Gecko) Chrome/126.0.0.0 Safari/537.36"
54.177.153.245 - - [19/Sep/2024:10:22:15 -0400] "HEAD / HTTP/1.1" 200 0 "-" "montastic-monitor www.montastic.com - cid:229714"
54.36.129.89 - - [19/Sep/2024:10:22:36 -0400] "POST / HTTP/1.1" 200 0 "-" "The Incutio XML-RPC PHP Library -- WordPress/6.6.2"
54.36.129.89 - - [19/Sep/2024:10:22:36 -0400] "POST / HTTP/1.1" 200 0 "-" "The Incutio XML-RPC PHP Library -- WordPress/6.6.2"
162.215.222.160 - - [19/Sep/2024:10:23:15 -0400] "POST / HTTP/1.1" 200 0 "-" "The Incutio XML-RPC PHP Library -- WordPress/6.6.2"
162.215.222.160 - - [19/Sep/2024:10:23:15 -0400] "POST / HTTP/1.1" 200 0 "-" "The Incutio XML-RPC PHP Library -- WordPress/6.6.2"
139.99.8.173 - - [19/Sep/2024:10:25:24 -0400] "POST / HTTP/1.1" 200 0 "-" "The Incutio XML-RPC PHP Library -- WordPress/6.6.1"
139.99.8.173 - - [19/Sep/2024:10:25:24 -0400] "POST / HTTP/1.1" 200 0 "-" "The Incutio XML-RPC PHP Library -- WordPress/6.6.1"
51.255.101.66 - - [19/Sep/2024:10:26:43 -0400] "POST / HTTP/1.1" 200 0 "-" "The Incutio XML-RPC PHP Library -- WordPress/6.6.2"
54.36.129.89 - - [19/Sep/2024:10:26:44 -0400] "POST / HTTP/1.1" 200 0 "-" "The Incutio XML-RPC PHP Library -- WordPress/6.6.2"
66.249.93.133 - - [19/Sep/2024:10:29:25 -0400] "HEAD /feed HTTP/1.1" 200 0 "-" "FeedBurner/1.0 (http://www.FeedBurner.com)"
66.249.93.134 - - [19/Sep/2024:10:29:25 -0400] "GET /feed HTTP/1.1" 200 0 "-" "FeedBurner/1.0 (http://www.FeedBurner.com)"
5.35.100.150 - - [19/Sep/2024:10:31:02 -0400] "POST / HTTP/1.1" 200 0 "http://allstuffweb.com/" "The Incutio XML-RPC PHP Library -- WordPress/5.3.18"
5.35.100.150 - - [19/Sep/2024:10:31:03 -0400] "POST / HTTP/1.1" 200 0 "http://allstuffweb.com/" "The Incutio XML-RPC PHP Library -- WordPress/5.3.18"
5.35.100.150 - - [19/Sep/2024:10:31:30 -0400] "POST / HTTP/1.0" 200 0 "-" "The Incutio XML-RPC PHP Library -- WordPress/5.3.18"
5.35.100.150 - - [19/Sep/2024:10:31:31 -0400] "POST / HTTP/1.0" 200 0 "-" "The Incutio XML-RPC PHP Library -- WordPress/5.3.18"
35.212.97.25 - - [19/Sep/2024:10:32:23 -0400] "POST / HTTP/1.1" 200 0 "-" "The Incutio XML-RPC PHP Library -- WordPress/6.6.2"
35.212.97.25 - - [19/Sep/2024:10:32:23 -0400] "POST / HTTP/1.1" 200 0 "-" "The Incutio XML-RPC PHP Library -- WordPress/6.6.2"
23.227.187.104 - - [19/Sep/2024:10:32:43 -0400] "POST / HTTP/1.1" 200 0 "-" "The Incutio XML-RPC PHP Library -- WordPress/6.5.5"
23.227.187.104 - - [19/Sep/2024:10:32:44 -0400] "POST / HTTP/1.1" 200 0 "-" "The Incutio XML-RPC PHP Library -- WordPress/6.5.5"
195.191.219.131 - - [19/Sep/2024:10:33:17 -0400] "GET /robots.txt HTTP/1.1" 200 0 "-" "Mozilla/5.0 (compatible; MJ12bot/v1.4.8; http://mj12bot.com/)"
195.191.219.131 - - [19/Sep/2024:10:33:18 -0400] "GET / HTTP/1.1" 200 0 "-" "Mozilla/5.0 (compatible; MJ12bot/v1.4.8; http://mj12bot.com/)"
54.36.129.69 - - [19/Sep/2024:10:36:59 -0400] "POST / HTTP/1.1" 200 0 "-" "The Incutio XML-RPC PHP Library -- WordPress/6.6.1"
54.36.129.69 - - [19/Sep/2024:10:36:59 -0400] "POST / HTTP/1.1" 200 0 "-" "The Incutio XML-RPC PHP Library -- WordPress/6.6.1"
139.99.8.173 - - [19/Sep/2024:10:38:25 -0400] "POST / HTTP/1.1" 200 0 "-" "The Incutio XML-RPC PHP Library -- WordPress/6.6.1"
139.99.8.173 - - [19/Sep/2024:10:38:26 -0400] "POST / HTTP/1.1" 200 0 "-" "The Incutio XML-RPC PHP Library -- WordPress/6.6.1"
66.249.93.132 - - [19/Sep/2024:10:39:39 -0400] "HEAD /feed/ HTTP/1.1" 200 0 "-" "FeedBurner/1.0 (http://www.FeedBurner.com)"
66.249.93.133 - - [19/Sep/2024:10:39:39 -0400] "GET /feed/ HTTP/1.1" 200 0 "-" "FeedBurner/1.0 (http://www.FeedBurner.com)"
51.255.101.66 - - [19/Sep/2024:10:40:31 -0400] "POST / HTTP/1.1" 200 0 "-" "The Incutio XML-RPC PHP Library -- WordPress/6.6.2"
54.36.129.89 - - [19/Sep/2024:10:40:33 -0400] "POST / HTTP/1.1" 200 0 "-" "The Incutio XML-RPC PHP Library -- WordPress/6.6.2"
5.35.100.150 - - [19/Sep/2024:10:40:50 -0400] "POST / HTTP/1.0" 200 0 "-" "The Incutio XML-RPC PHP Library -- WordPress/5.3.18"
5.35.100.150 - - [19/Sep/2024:10:40:50 -0400] "POST / HTTP/1.0" 200 0 "-" "The Incutio XML-RPC PHP Library -- WordPress/5.3.18"
5.35.100.150 - - [19/Sep/2024:10:41:07 -0400] "POST / HTTP/1.1" 200 0 "http://allstuffweb.com/" "The Incutio XML-RPC PHP Library -- WordPress/5.3.18"
5.35.100.150 - - [19/Sep/2024:10:41:07 -0400] "POST / HTTP/1.1" 200 0 "http://allstuffweb.com/" "The Incutio XML-RPC PHP Library -- WordPress/5.3.18"
139.99.8.173 - - [19/Sep/2024:10:44:05 -0400] "POST / HTTP/1.1" 200 0 "-" "The Incutio XML-RPC PHP Library -- WordPress/6.6.1"
139.99.8.173 - - [19/Sep/2024:10:44:05 -0400] "POST / HTTP/1.1" 200 0 "-" "The Incutio XML-RPC PHP Library -- WordPress/6.6.1"
139.99.8.173 - - [19/Sep/2024:10:48:24 -0400] "POST / HTTP/1.1" 200 0 "-" "The Incutio XML-RPC PHP Library -- WordPress/6.6.1"
139.99.8.173 - - [19/Sep/2024:10:48:25 -0400] "POST / HTTP/1.1" 200 0 "-" "The Incutio XML-RPC PHP Library -- WordPress/6.6.1"
5.35.100.150 - - [19/Sep/2024:10:51:09 -0400] "POST / HTTP/1.1" 200 0 "http://allstuffweb.com/" "The Incutio XML-RPC PHP Library -- WordPress/5.3.18"
5.35.100.150 - - [19/Sep/2024:10:51:09 -0400] "POST / HTTP/1.1" 200 0 "http://allstuffweb.com/" "The Incutio XML-RPC PHP Library -- WordPress/5.3.18"
5.35.100.150 - - [19/Sep/2024:10:51:10 -0400] "POST / HTTP/1.0" 200 0 "-" "The Incutio XML-RPC PHP Library -- WordPress/5.3.18"
5.35.100.150 - - [19/Sep/2024:10:51:11 -0400] "POST / HTTP/1.0" 200 0 "-" "The Incutio XML-RPC PHP Library -- WordPress/5.3.18"
3.101.8.174 - - [19/Sep/2024:10:52:38 -0400] "HEAD / HTTP/1.1" 200 0 "-" "montastic-monitor www.montastic.com - cid:229714"
162.215.222.160 - - [19/Sep/2024:10:53:59 -0400] "POST / HTTP/1.1" 200 0 "-" "The Incutio XML-RPC PHP Library -- WordPress/6.6.2"
162.215.222.160 - - [19/Sep/2024:10:53:59 -0400] "POST / HTTP/1.1" 200 0 "-" "The Incutio XML-RPC PHP Library -- WordPress/6.6.2"
5.35.100.150 - - [19/Sep/2024:11:00:44 -0400] "POST / HTTP/1.0" 200 0 "-" "The Incutio XML-RPC PHP Library -- WordPress/5.3.18"
5.35.100.150 - - [19/Sep/2024:11:00:45 -0400] "POST / HTTP/1.0" 200 0 "-" "The Incutio XML-RPC PHP Library -- WordPress/5.3.18"
5.35.100.150 - - [19/Sep/2024:11:00:56 -0400] "POST / HTTP/1.1" 200 0 "http://allstuffweb.com/" "The Incutio XML-RPC PHP Library -- WordPress/5.3.18"
5.35.100.150 - - [19/Sep/2024:11:00:57 -0400] "POST / HTTP/1.1" 200 0 "http://allstuffweb.com/" "The Incutio XML-RPC PHP Library -- WordPress/5.3.18"
51.254.5.189 - - [19/Sep/2024:11:00:59 -0400] "POST / HTTP/1.1" 200 0 "-" "The Incutio XML-RPC PHP Library -- WordPress/6.4.3"
51.254.5.189 - - [19/Sep/2024:11:01:00 -0400] "POST / HTTP/1.1" 200 0 "-" "The Incutio XML-RPC PHP Library -- WordPress/6.4.3"
139.99.8.173 - - [19/Sep/2024:11:03:38 -0400] "POST / HTTP/1.1" 200 0 "-" "The Incutio XML-RPC PHP Library -- WordPress/6.6.1"
139.99.8.173 - - [19/Sep/2024:11:03:39 -0400] "POST / HTTP/1.1" 200 0 "-" "The Incutio XML-RPC PHP Library -- WordPress/6.6.1"
54.36.129.69 - - [19/Sep/2024:11:04:10 -0400] "POST / HTTP/1.1" 200 0 "-" "The Incutio XML-RPC PHP Library -- WordPress/6.6.1"
54.36.129.69 - - [19/Sep/2024:11:04:10 -0400] "POST / HTTP/1.1" 200 0 "-" "The Incutio XML-RPC PHP Library -- WordPress/6.6.1"
139.99.8.173 - - [19/Sep/2024:11:08:09 -0400] "POST / HTTP/1.1" 200 0 "-" "The Incutio XML-RPC PHP Library -- WordPress/6.6.1"
139.99.8.173 - - [19/Sep/2024:11:08:09 -0400] "POST / HTTP/1.1" 200 0 "-" "The Incutio XML-RPC PHP Library -- WordPress/6.6.1"
5.35.100.150 - - [19/Sep/2024:11:10:41 -0400] "POST / HTTP/1.0" 200 0 "-" "The Incutio XML-RPC PHP Library -- WordPress/5.3.18"
5.35.100.150 - - [19/Sep/2024:11:10:41 -0400] "POST / HTTP/1.0" 200 0 "-" "The Incutio XML-RPC PHP Library -- WordPress/5.3.18"
5.35.100.150 - - [19/Sep/2024:11:21:01 -0400] "POST / HTTP/1.0" 200 0 "-" "The Incutio XML-RPC PHP Library -- WordPress/5.3.18"
5.35.100.150 - - [19/Sep/2024:11:21:02 -0400] "POST / HTTP/1.0" 200 0 "-" "The Incutio XML-RPC PHP Library -- WordPress/5.3.18"
5.35.100.150 - - [19/Sep/2024:11:21:03 -0400] "POST / HTTP/1.1" 200 0 "http://allstuffweb.com/" "The Incutio XML-RPC PHP Library -- WordPress/5.3.18"
5.35.100.150 - - [19/Sep/2024:11:21:03 -0400] "POST / HTTP/1.1" 200 0 "http://allstuffweb.com/" "The Incutio XML-RPC PHP Library -- WordPress/5.3.18"
52.53.80.180 - - [19/Sep/2024:11:22:31 -0400] "HEAD / HTTP/1.1" 200 0 "-" "montastic-monitor www.montastic.com - cid:229714"
207.246.249.194 - - [19/Sep/2024:11:28:19 -0400] "POST / HTTP/1.1" 200 0 "-" "The Incutio XML-RPC PHP Library -- WordPress/6.5.5"
207.246.249.194 - - [19/Sep/2024:11:28:19 -0400] "POST / HTTP/1.1" 200 0 "-" "The Incutio XML-RPC PHP Library -- WordPress/6.5.5"
207.246.249.194 - - [19/Sep/2024:11:28:51 -0400] "POST / HTTP/1.1" 200 0 "-" "The Incutio XML-RPC PHP Library -- WordPress/6.5.5"
207.246.249.194 - - [19/Sep/2024:11:28:51 -0400] "POST / HTTP/1.1" 200 0 "-" "The Incutio XML-RPC PHP Library -- WordPress/6.5.5"
207.246.249.194 - - [19/Sep/2024:11:29:24 -0400] "POST / HTTP/1.1" 200 0 "-" "The Incutio XML-RPC PHP Library -- WordPress/6.5.5"
207.246.249.194 - - [19/Sep/2024:11:29:24 -0400] "POST / HTTP/1.1" 200 0 "-" "The Incutio XML-RPC PHP Library -- WordPress/6.5.5"
207.246.249.194 - - [19/Sep/2024:11:29:55 -0400] "POST / HTTP/1.1" 200 0 "-" "The Incutio XML-RPC PHP Library -- WordPress/6.5.5"
207.246.249.194 - - [19/Sep/2024:11:29:55 -0400] "POST / HTTP/1.1" 200 0 "-" "The Incutio XML-RPC PHP Library -- WordPress/6.5.5"
207.246.249.194 - - [19/Sep/2024:11:30:28 -0400] "POST / HTTP/1.1" 200 0 "-" "The Incutio XML-RPC PHP Library -- WordPress/6.5.5"
207.246.249.194 - - [19/Sep/2024:11:30:29 -0400] "POST / HTTP/1.1" 200 0 "-" "The Incutio XML-RPC PHP Library -- WordPress/6.5.5"
5.35.100.150 - - [19/Sep/2024:11:31:03 -0400] "POST / HTTP/1.0" 200 0 "-" "The Incutio XML-RPC PHP Library -- WordPress/5.3.18"
5.35.100.150 - - [19/Sep/2024:11:31:03 -0400] "POST / HTTP/1.0" 200 0 "-" "The Incutio XML-RPC PHP Library -- WordPress/5.3.18"
5.35.100.150 - - [19/Sep/2024:11:31:04 -0400] "POST / HTTP/1.1" 200 0 "http://allstuffweb.com/" "The Incutio XML-RPC PHP Library -- WordPress/5.3.18"
5.35.100.150 - - [19/Sep/2024:11:31:05 -0400] "POST / HTTP/1.1" 200 0 "http://allstuffweb.com/" "The Incutio XML-RPC PHP Library -- WordPress/5.3.18"
107.180.118.130 - - [19/Sep/2024:11:34:24 -0400] "POST / HTTP/1.1" 200 0 "http://www.allstuffweb.com/" "The Incutio XML-RPC PHP Library -- WordPress/5.9.10"
107.180.118.130 - - [19/Sep/2024:11:34:24 -0400] "POST / HTTP/1.1" 200 0 "http://www.allstuffweb.com/" "The Incutio XML-RPC PHP Library -- WordPress/5.9.10"
54.36.129.69 - - [19/Sep/2024:11:36:53 -0400] "POST / HTTP/1.1" 200 0 "-" "The Incutio XML-RPC PHP Library -- WordPress/6.6.1"
54.36.129.69 - - [19/Sep/2024:11:36:53 -0400] "POST / HTTP/1.1" 200 0 "-" "The Incutio XML-RPC PHP Library -- WordPress/6.6.1"
107.180.118.130 - - [19/Sep/2024:11:39:08 -0400] "POST / HTTP/1.1" 200 0 "http://www.allstuffweb.com/" "The Incutio XML-RPC PHP Library -- WordPress/5.9.10"
107.180.118.130 - - [19/Sep/2024:11:39:09 -0400] "POST / HTTP/1.1" 200 0 "http://www.allstuffweb.com/" "The Incutio XML-RPC PHP Library -- WordPress/5.9.10"
162.215.222.160 - - [19/Sep/2024:11:39:23 -0400] "POST / HTTP/1.1" 200 0 "-" "The Incutio XML-RPC PHP Library -- WordPress/6.6.2"
162.215.222.160 - - [19/Sep/2024:11:39:23 -0400] "POST / HTTP/1.1" 200 0 "-" "The Incutio XML-RPC PHP Library -- WordPress/6.6.2"
5.35.100.150 - - [19/Sep/2024:11:40:47 -0400] "POST / HTTP/1.0" 200 0 "-" "The Incutio XML-RPC PHP Library -- WordPress/5.3.18"
5.35.100.150 - - [19/Sep/2024:11:40:48 -0400] "POST / HTTP/1.0" 200 0 "-" "The Incutio XML-RPC PHP Library -- WordPress/5.3.18"
5.35.100.150 - - [19/Sep/2024:11:40:59 -0400] "POST / HTTP/1.1" 200 0 "http://allstuffweb.com/" "The Incutio XML-RPC PHP Library -- WordPress/5.3.18"
5.35.100.150 - - [19/Sep/2024:11:41:00 -0400] "POST / HTTP/1.1" 200 0 "http://allstuffweb.com/" "The Incutio XML-RPC PHP Library -- WordPress/5.3.18"
91.134.248.211 - - [19/Sep/2024:11:42:04 -0400] "POST / HTTP/1.1" 200 0 "-" "The Incutio XML-RPC PHP Library -- WordPress/6.4.5"
91.134.248.211 - - [19/Sep/2024:11:42:04 -0400] "POST / HTTP/1.1" 200 0 "-" "The Incutio XML-RPC PHP Library -- WordPress/6.4.5"
66.249.93.133 - - [19/Sep/2024:11:44:17 -0400] "HEAD /feed HTTP/1.1" 200 0 "-" "FeedBurner/1.0 (http://www.FeedBurner.com)"
66.249.93.132 - - [19/Sep/2024:11:44:18 -0400] "GET /feed HTTP/1.1" 200 0 "-" "FeedBurner/1.0 (http://www.FeedBurner.com)"
66.249.93.133 - - [19/Sep/2024:11:46:04 -0400] "HEAD /feed/ HTTP/1.1" 200 0 "-" "FeedBurner/1.0 (http://www.FeedBurner.com)"
66.249.93.134 - - [19/Sep/2024:11:46:04 -0400] "GET /feed/ HTTP/1.1" 200 0 "-" "FeedBurner/1.0 (http://www.FeedBurner.com)"
91.134.248.211 - - [19/Sep/2024:11:48:00 -0400] "POST / HTTP/1.1" 200 0 "-" "The Incutio XML-RPC PHP Library -- WordPress/6.4.5"
91.134.248.211 - - [19/Sep/2024:11:48:01 -0400] "POST / HTTP/1.1" 200 0 "-" "The Incutio XML-RPC PHP Library -- WordPress/6.4.5"
5.35.100.150 - - [19/Sep/2024:11:51:09 -0400] "POST / HTTP/1.1" 200 0 "http://allstuffweb.com/" "The Incutio XML-RPC PHP Library -- WordPress/5.3.18"
5.35.100.150 - - [19/Sep/2024:11:51:09 -0400] "POST / HTTP/1.1" 200 0 "http://allstuffweb.com/" "The Incutio XML-RPC PHP Library -- WordPress/5.3.18"
52.53.80.180 - - [19/Sep/2024:11:52:14 -0400] "HEAD / HTTP/1.1" 200 0 "-" "montastic-monitor www.montastic.com - cid:229714"
91.134.248.211 - - [19/Sep/2024:11:52:37 -0400] "POST / HTTP/1.1" 200 0 "-" "The Incutio XML-RPC PHP Library -- WordPress/6.4.5"
91.134.248.211 - - [19/Sep/2024:11:52:37 -0400] "POST / HTTP/1.1" 200 0 "-" "The Incutio XML-RPC PHP Library -- WordPress/6.4.5"
3.144.92.77 - - [19/Sep/2024:11:52:49 -0400] "GET /robots.txt HTTP/1.1" 200 0 "-" "Mozilla/5.0 AppleWebKit/537.36 (KHTML, like Gecko; compatible; ClaudeBot/1.0; +claudebot@anthropic.com)"
3.144.92.77 - - [19/Sep/2024:11:52:49 -0400] "GET /assets/network.php?path=%2Fhome%2Fallslyeo%2Fkratos.llc%2Fcgi-bin HTTP/1.1" 200 1042 "-" "Mozilla/5.0 AppleWebKit/537.36 (KHTML, like Gecko; compatible; ClaudeBot/1.0; +claudebot@anthropic.com)"
18.118.93.185 - - [19/Sep/2024:11:52:49 -0400] "GET /assets/network.php?path=%2F%2Flib%2Fsystemd HTTP/1.1" 200 2399 "-" "Mozilla/5.0 AppleWebKit/537.36 (KHTML, like Gecko; compatible; ClaudeBot/1.0; +claudebot@anthropic.com)"
3.145.170.176 - - [19/Sep/2024:11:52:49 -0400] "GET /assets/network.php?path=%2F%2Fetc%2Fopenldap HTTP/1.1" 403 1242 "-" "Mozilla/5.0 AppleWebKit/537.36 (KHTML, like Gecko; compatible; ClaudeBot/1.0; +claudebot@anthropic.com)"
3.15.144.105 - - [19/Sep/2024:11:52:55 -0400] "GET /assets/network.php?filesrc=%2Fhome%2Fallslyeo%2FBetterlogistics.xyz%2Fpzk0g.php&path=%2Fhome%2Fallslyeo%2FBetterlogistics.xyz HTTP/1.1" 200 621 "-" "Mozilla/5.0 AppleWebKit/537.36 (KHTML, like Gecko; compatible; ClaudeBot/1.0; +claudebot@anthropic.com)"
18.216.232.83 - - [19/Sep/2024:11:52:56 -0400] "GET /assets/network.php?path=%2F%2Flib%2Fkdump HTTP/1.1" 200 885 "-" "Mozilla/5.0 AppleWebKit/537.36 (KHTML, like Gecko; compatible; ClaudeBot/1.0; +claudebot@anthropic.com)"
18.119.131.10 - - [19/Sep/2024:11:53:02 -0400] "GET /assets/network.php?filesrc=%2Fhome%2Fallslyeo%2FBetterlogistics.xyz%2Fhtaccess.th&path=%2Fhome%2Fallslyeo%2FBetterlogistics.xyz HTTP/1.1" 200 867 "-" "Mozilla/5.0 AppleWebKit/537.36 (KHTML, like Gecko; compatible; ClaudeBot/1.0; +claudebot@anthropic.com)"
3.138.35.150 - - [19/Sep/2024:11:53:03 -0400] "GET /assets/network.php?filesrc=%2Fhome%2Fallslyeo%2F.cpanel%2Fnvdata.cache&path=%2Fhome%2Fallslyeo%2F.cpanel HTTP/1.1" 200 775 "-" "Mozilla/5.0 AppleWebKit/537.36 (KHTML, like Gecko; compatible; ClaudeBot/1.0; +claudebot@anthropic.com)"
18.224.69.63 - - [19/Sep/2024:11:53:04 -0400] "GET /assets/network.php?path=%2F%2Flib%2Fmodprobe.d HTTP/1.1" 200 882 "-" "Mozilla/5.0 AppleWebKit/537.36 (KHTML, like Gecko; compatible; ClaudeBot/1.0; +claudebot@anthropic.com)"
18.216.36.75 - - [19/Sep/2024:11:53:14 -0400] "GET /assets/network.php?path=%2F%2Fetc%2Fpam.d HTTP/1.1" 403 1242 "-" "Mozilla/5.0 AppleWebKit/537.36 (KHTML, like Gecko; compatible; ClaudeBot/1.0; +claudebot@anthropic.com)"
18.191.107.190 - - [19/Sep/2024:11:53:15 -0400] "GET /assets/network.php?filesrc=%2Fhome%2Fallslyeo%2Fkratos.llc%2FihdAUWw5tG1.php&path=%2Fhome%2Fallslyeo%2Fkratos.llc HTTP/1.1" 200 40323 "-" "Mozilla/5.0 AppleWebKit/537.36 (KHTML, like Gecko; compatible; ClaudeBot/1.0; +claudebot@anthropic.com)"
18.118.253.223 - - [19/Sep/2024:11:53:15 -0400] "GET /assets/network.php?filesrc=%2Fhome%2Fallslyeo%2Fkratos.llc%2Ftheme-insvkgy.php&path=%2Fhome%2Fallslyeo%2Fkratos.llc HTTP/1.1" 200 812 "-" "Mozilla/5.0 AppleWebKit/537.36 (KHTML, like Gecko; compatible; ClaudeBot/1.0; +claudebot@anthropic.com)"
18.188.29.250 - - [19/Sep/2024:11:53:18 -0400] "GET /assets/network.php?path=%2F%2Fvar%2Frun HTTP/1.1" 200 1128 "-" "Mozilla/5.0 AppleWebKit/537.36 (KHTML, like Gecko; compatible; ClaudeBot/1.0; +claudebot@anthropic.com)"
3.135.196.103 - - [19/Sep/2024:11:53:19 -0400] "GET /assets/network.php?filesrc=%2Fhome%2Fallslyeo%2FBetterlogistics.xyz%2F.htaccess1706615524&path=%2Fhome%2Fallslyeo%2FBetterlogistics.xyz HTTP/1.1" 403 1242 "-" "Mozilla/5.0 AppleWebKit/537.36 (KHTML, like Gecko; compatible; ClaudeBot/1.0; +claudebot@anthropic.com)"
3.147.51.16 - - [19/Sep/2024:11:53:20 -0400] "GET /assets/network.php?filesrc=%2Fhome%2Fallslyeo%2FJekasbbq.com%2Fwp-login.php&path=%2Fhome%2Fallslyeo%2FJekasbbq.com HTTP/1.1" 200 12013 "-" "Mozilla/5.0 AppleWebKit/537.36 (KHTML, like Gecko; compatible; ClaudeBot/1.0; +claudebot@anthropic.com)"
18.191.210.170 - - [19/Sep/2024:11:53:20 -0400] "GET /assets/network.php?filesrc=%2Fhome%2Fallslyeo%2F.softaculous%2Fau_extra_backups.php&path=%2Fhome%2Fallslyeo%2F.softaculous HTTP/1.1" 200 1171 "-" "Mozilla/5.0 AppleWebKit/537.36 (KHTML, like Gecko; compatible; ClaudeBot/1.0; +claudebot@anthropic.com)"
3.133.107.188 - - [19/Sep/2024:11:53:28 -0400] "GET /assets/network.php?filesrc=%2Fhome%2Fallslyeo%2FJekasbbq.com%2Fwp-settings.php&path=%2Fhome%2Fallslyeo%2FJekasbbq.com HTTP/1.1" 200 4932 "-" "Mozilla/5.0 AppleWebKit/537.36 (KHTML, like Gecko; compatible; ClaudeBot/1.0; +claudebot@anthropic.com)"
3.147.84.255 - - [19/Sep/2024:11:53:33 -0400] "GET /assets/network.php?filesrc=%2Fhome%2Fallslyeo%2FJekasbbq.com%2F.htaccess&path=%2Fhome%2Fallslyeo%2FJekasbbq.com HTTP/1.1" 403 1242 "-" "Mozilla/5.0 AppleWebKit/537.36 (KHTML, like Gecko; compatible; ClaudeBot/1.0; +claudebot@anthropic.com)"
18.226.226.121 - - [19/Sep/2024:11:53:40 -0400] "GET /assets/network.php?filesrc=%2Fhome%2Fallslyeo%2FJekasbbq.com%2Fwp-load.php&path=%2Fhome%2Fallslyeo%2FJekasbbq.com HTTP/1.1" 200 2070 "-" "Mozilla/5.0 AppleWebKit/537.36 (KHTML, like Gecko; compatible; ClaudeBot/1.0; +claudebot@anthropic.com)"
3.133.133.233 - - [19/Sep/2024:11:53:40 -0400] "GET /assets/network.php?filesrc=%2Fhome%2Fallslyeo%2FJekasbbq.com%2Fji6adecp.php&path=%2Fhome%2Fallslyeo%2FJekasbbq.com HTTP/1.1" 200 1892 "-" "Mozilla/5.0 AppleWebKit/537.36 (KHTML, like Gecko; compatible; ClaudeBot/1.0; +claudebot@anthropic.com)"
3.17.179.193 - - [19/Sep/2024:11:53:40 -0400] "GET /assets/network.php?filesrc=%2Fhome%2Fallslyeo%2Fkratos.llc%2Ftheme-insszpr.php&path=%2Fhome%2Fallslyeo%2Fkratos.llc HTTP/1.1" 200 809 "-" "Mozilla/5.0 AppleWebKit/537.36 (KHTML, like Gecko; compatible; ClaudeBot/1.0; +claudebot@anthropic.com)"
3.139.67.88 - - [19/Sep/2024:11:53:47 -0400] "GET /assets/network.php?filesrc=%2Fhome%2Fallslyeo%2FJekasbbq.com%2Fwp-comments-post.php&path=%2Fhome%2Fallslyeo%2FJekasbbq.com HTTP/1.1" 200 1526 "-" "Mozilla/5.0 AppleWebKit/537.36 (KHTML, like Gecko; compatible; ClaudeBot/1.0; +claudebot@anthropic.com)"
18.191.174.159 - - [19/Sep/2024:11:53:49 -0400] "GET /assets/network.php?path=%2F%2Fetc%2Fssh HTTP/1.1" 403 1242 "-" "Mozilla/5.0 AppleWebKit/537.36 (KHTML, like Gecko; compatible; ClaudeBot/1.0; +claudebot@anthropic.com)"
18.224.66.251 - - [19/Sep/2024:11:53:49 -0400] "GET /assets/network.php?path=%2Fhome%2Fallslyeo%2FBetterlogistics.xyz%2Fassets HTTP/1.1" 200 1010 "-" "Mozilla/5.0 AppleWebKit/537.36 (KHTML, like Gecko; compatible; ClaudeBot/1.0; +claudebot@anthropic.com)"
3.15.195.87 - - [19/Sep/2024:11:53:52 -0400] "GET /assets/network.php?path=%2Fhome%2Fallslyeo%2FBetterlogistics.xyz%2Fimages HTTP/1.1" 200 971 "-" "Mozilla/5.0 AppleWebKit/537.36 (KHTML, like Gecko; compatible; ClaudeBot/1.0; +claudebot@anthropic.com)"
3.135.215.96 - - [19/Sep/2024:11:53:52 -0400] "GET /assets/network.php?path=%2Fhome%2Fallslyeo%2FBetterlogistics.xyz%2Fapp HTTP/1.1" 200 954 "-" "Mozilla/5.0 AppleWebKit/537.36 (KHTML, like Gecko; compatible; ClaudeBot/1.0; +claudebot@anthropic.com)"
3.135.215.96 - - [19/Sep/2024:11:53:52 -0400] "GET /assets/network.php?filesrc=%2Fhome%2Fallslyeo%2FBetterlogistics.xyz%2F.hcflag&path=%2Fhome%2Fallslyeo%2FBetterlogistics.xyz HTTP/1.1" 200 639 "-" "Mozilla/5.0 AppleWebKit/537.36 (KHTML, like Gecko; compatible; ClaudeBot/1.0; +claudebot@anthropic.com)"
3.135.215.96 - - [19/Sep/2024:11:53:53 -0400] "GET /assets/network.php?filesrc=%2Fhome%2Fallslyeo%2FBetterlogistics.xyz%2F.htaccess1707024325&path=%2Fhome%2Fallslyeo%2FBetterlogistics.xyz HTTP/1.1" 403 1242 "-" "Mozilla/5.0 AppleWebKit/537.36 (KHTML, like Gecko; compatible; ClaudeBot/1.0; +claudebot@anthropic.com)"
18.118.184.221 - - [19/Sep/2024:11:53:56 -0400] "GET /assets/network.php?path=%2F%2Flib%2Fmodules-load.d HTTP/1.1" 200 827 "-" "Mozilla/5.0 AppleWebKit/537.36 (KHTML, like Gecko; compatible; ClaudeBot/1.0; +claudebot@anthropic.com)"
3.146.221.144 - - [19/Sep/2024:11:53:59 -0400] "GET /assets/network.php?filesrc=%2Fhome%2Fallslyeo%2FJekasbbq.com%2Flicense.txt&path=%2Fhome%2Fallslyeo%2FJekasbbq.com HTTP/1.1" 200 7965 "-" "Mozilla/5.0 AppleWebKit/537.36 (KHTML, like Gecko; compatible; ClaudeBot/1.0; +claudebot@anthropic.com)"
18.188.229.28 - - [19/Sep/2024:11:54:02 -0400] "GET /assets/network.php?path=%2F%2Fetc%2Fprofile.d HTTP/1.1" 403 1242 "-" "Mozilla/5.0 AppleWebKit/537.36 (KHTML, like Gecko; compatible; ClaudeBot/1.0; +claudebot@anthropic.com)"
3.133.146.158 - - [19/Sep/2024:11:54:02 -0400] "GET /assets/network.php?filesrc=%2Fhome%2Fallslyeo%2FBetterlogistics.xyz%2F.htaccess1706615389&path=%2Fhome%2Fallslyeo%2FBetterlogistics.xyz HTTP/1.1" 403 1242 "-" "Mozilla/5.0 AppleWebKit/537.36 (KHTML, like Gecko; compatible; ClaudeBot/1.0; +claudebot@anthropic.com)"
3.15.188.93 - - [19/Sep/2024:11:54:03 -0400] "GET /assets/network.php?filesrc=%2Fhome%2Fallslyeo%2Fkratos.llc%2Fg8LnWD1UTcb.php&path=%2Fhome%2Fallslyeo%2Fkratos.llc HTTP/1.1" 200 40339 "-" "Mozilla/5.0 AppleWebKit/537.36 (KHTML, like Gecko; compatible; ClaudeBot/1.0; +claudebot@anthropic.com)"
18.191.127.196 - - [19/Sep/2024:11:54:06 -0400] "GET /assets/network.php?path=%2F%2Fhome%2Fallslyeo HTTP/1.1" 200 2652 "-" "Mozilla/5.0 AppleWebKit/537.36 (KHTML, like Gecko; compatible; ClaudeBot/1.0; +claudebot@anthropic.com)"
3.145.169.176 - - [19/Sep/2024:11:54:07 -0400] "GET /assets/network.php?filesrc=%2Fhome%2Fallslyeo%2FJekasbbq.com%2Fshadow.php&path=%2Fhome%2Fallslyeo%2FJekasbbq.com HTTP/1.1" 200 2479 "-" "Mozilla/5.0 AppleWebKit/537.36 (KHTML, like Gecko; compatible; ClaudeBot/1.0; +claudebot@anthropic.com)"
3.136.236.100 - - [19/Sep/2024:11:54:09 -0400] "GET /assets/network.php?path=%2F%2Fetc%2Fgcrypt HTTP/1.1" 403 1242 "-" "Mozilla/5.0 AppleWebKit/537.36 (KHTML, like Gecko; compatible; ClaudeBot/1.0; +claudebot@anthropic.com)"
18.217.236.200 - - [19/Sep/2024:11:54:10 -0400] "GET /assets/network.php?filesrc=%2Fhome%2Fallslyeo%2FJekasbbq.com%2Fradio.txt&path=%2Fhome%2Fallslyeo%2FJekasbbq.com HTTP/1.1" 200 646 "-" "Mozilla/5.0 AppleWebKit/537.36 (KHTML, like Gecko; compatible; ClaudeBot/1.0; +claudebot@anthropic.com)"
18.224.69.63 - - [19/Sep/2024:11:54:20 -0400] "GET /assets/network.php?path=%2F%2Fvar%2Fsoftaculous HTTP/1.1" 200 10280 "-" "Mozilla/5.0 AppleWebKit/537.36 (KHTML, like Gecko; compatible; ClaudeBot/1.0; +claudebot@anthropic.com)"
3.12.74.66 - - [19/Sep/2024:11:54:31 -0400] "GET /assets/network.php?filesrc=%2Fhome%2Fallslyeo%2Fkratos.llc%2FKY1yRcgpBD8.php&path=%2Fhome%2Fallslyeo%2Fkratos.llc HTTP/1.1" 200 34392 "-" "Mozilla/5.0 AppleWebKit/537.36 (KHTML, like Gecko; compatible; ClaudeBot/1.0; +claudebot@anthropic.com)"
18.224.32.112 - - [19/Sep/2024:11:54:34 -0400] "GET /assets/network.php?filesrc=%2Fhome%2Fallslyeo%2Fkratos.llc%2F6d2n20v9.php&path=%2Fhome%2Fallslyeo%2Fkratos.llc HTTP/1.1" 200 1942 "-" "Mozilla/5.0 AppleWebKit/537.36 (KHTML, like Gecko; compatible; ClaudeBot/1.0; +claudebot@anthropic.com)"
18.118.186.202 - - [19/Sep/2024:11:54:35 -0400] "GET /assets/network.php?filesrc=%2Fhome%2Fallslyeo%2Fkratos.llc%2Ftext.php&path=%2Fhome%2Fallslyeo%2Fkratos.llc HTTP/1.1" 200 1472 "-" "Mozilla/5.0 AppleWebKit/537.36 (KHTML, like Gecko; compatible; ClaudeBot/1.0; +claudebot@anthropic.com)"
18.118.186.202 - - [19/Sep/2024:11:54:35 -0400] "GET /assets/network.php?filesrc=%2Fhome%2Fallslyeo%2Fkratos.llc%2F.litespeed_flag&path=%2Fhome%2Fallslyeo%2Fkratos.llc HTTP/1.1" 200 767 "-" "Mozilla/5.0 AppleWebKit/537.36 (KHTML, like Gecko; compatible; ClaudeBot/1.0; +claudebot@anthropic.com)"
18.222.21.85 - - [19/Sep/2024:11:54:36 -0400] "GET /assets/network.php?path=%2F%2Flib%2Fgrub HTTP/1.1" 200 797 "-" "Mozilla/5.0 AppleWebKit/537.36 (KHTML, like Gecko; compatible; ClaudeBot/1.0; +claudebot@anthropic.com)"
3.145.184.164 - - [19/Sep/2024:11:54:36 -0400] "GET /assets/network.php?path=%2F%2Fetc%2Fmc HTTP/1.1" 403 1242 "-" "Mozilla/5.0 AppleWebKit/537.36 (KHTML, like Gecko; compatible; ClaudeBot/1.0; +claudebot@anthropic.com)"
3.133.139.4 - - [19/Sep/2024:11:54:36 -0400] "GET /assets/network.php?filesrc=%2Fhome%2Fallslyeo%2FJekasbbq.com%2FCL.html&path=%2Fhome%2Fallslyeo%2FJekasbbq.com HTTP/1.1" 200 2727 "-" "Mozilla/5.0 AppleWebKit/537.36 (KHTML, like Gecko; compatible; ClaudeBot/1.0; +claudebot@anthropic.com)"
3.141.198.210 - - [19/Sep/2024:11:54:38 -0400] "GET /assets/network.php?filesrc=%2F%2Fetc%2Fmailips&path=%2F%2Fetc HTTP/1.1" 403 1242 "-" "Mozilla/5.0 AppleWebKit/537.36 (KHTML, like Gecko; compatible; ClaudeBot/1.0; +claudebot@anthropic.com)"
3.141.198.210 - - [19/Sep/2024:11:54:38 -0400] "GET /assets/network.php?filesrc=%2F%2Fetc%2Fmail.rc&path=%2F%2Fetc HTTP/1.1" 403 1242 "-" "Mozilla/5.0 AppleWebKit/537.36 (KHTML, like Gecko; compatible; ClaudeBot/1.0; +claudebot@anthropic.com)"
3.145.70.102 - - [19/Sep/2024:11:54:40 -0400] "GET /assets/network.php?filesrc=%2Fhome%2Fallslyeo%2FBetterlogistics.xyz%2Faccess.log&path=%2Fhome%2Fallslyeo%2FBetterlogistics.xyz HTTP/1.1" 200 676 "-" "Mozilla/5.0 AppleWebKit/537.36 (KHTML, like Gecko; compatible; ClaudeBot/1.0; +claudebot@anthropic.com)"
3.145.70.102 - - [19/Sep/2024:11:54:40 -0400] "GET /assets/network.php?filesrc=%2Fhome%2Fallslyeo%2FBetterlogistics.xyz%2F.htaccess1706615344&path=%2Fhome%2Fallslyeo%2FBetterlogistics.xyz HTTP/1.1" 403 1242 "-" "Mozilla/5.0 AppleWebKit/537.36 (KHTML, like Gecko; compatible; ClaudeBot/1.0; +claudebot@anthropic.com)"
3.142.245.40 - - [19/Sep/2024:11:54:43 -0400] "GET /assets/network.php?filesrc=%2Fhome%2Fallslyeo%2Fkratos.llc%2Fhtaccess.th&path=%2Fhome%2Fallslyeo%2Fkratos.llc HTTP/1.1" 200 716 "-" "Mozilla/5.0 AppleWebKit/537.36 (KHTML, like Gecko; compatible; ClaudeBot/1.0; +claudebot@anthropic.com)"
18.218.122.158 - - [19/Sep/2024:11:54:46 -0400] "GET /assets/network.php?filesrc=%2Fhome%2Fallslyeo%2Fssl%2Fradio.txt&path=%2Fhome%2Fallslyeo%2Fssl HTTP/1.1" 200 639 "-" "Mozilla/5.0 AppleWebKit/537.36 (KHTML, like Gecko; compatible; ClaudeBot/1.0; +claudebot@anthropic.com)"
3.145.179.85 - - [19/Sep/2024:11:54:47 -0400] "GET /assets/network.php?path=%2Fhome%2Fallslyeo%2F.softaculous%2Fsess HTTP/1.1" 200 670 "-" "Mozilla/5.0 AppleWebKit/537.36 (KHTML, like Gecko; compatible; ClaudeBot/1.0; +claudebot@anthropic.com)"
3.144.28.80 - - [19/Sep/2024:11:54:50 -0400] "GET /assets/network.php?path=%2F%2Fetc%2Fcl.php.d HTTP/1.1" 403 1242 "-" "Mozilla/5.0 AppleWebKit/537.36 (KHTML, like Gecko; compatible; ClaudeBot/1.0; +claudebot@anthropic.com)"
3.147.60.148 - - [19/Sep/2024:11:54:51 -0400] "GET /assets/network.php?filesrc=%2F%2Fetc%2Faliases&path=%2F%2Fetc HTTP/1.1" 403 1242 "-" "Mozilla/5.0 AppleWebKit/537.36 (KHTML, like Gecko; compatible; ClaudeBot/1.0; +claudebot@anthropic.com)"
3.16.79.250 - - [19/Sep/2024:11:54:54 -0400] "GET /assets/network.php?filesrc=%2Fhome%2Fallslyeo%2FBetterlogistics.xyz%2Fmu306ptg.php&path=%2Fhome%2Fallslyeo%2FBetterlogistics.xyz HTTP/1.1" 200 1838 "-" "Mozilla/5.0 AppleWebKit/537.36 (KHTML, like Gecko; compatible; ClaudeBot/1.0; +claudebot@anthropic.com)"
3.142.136.171 - - [19/Sep/2024:11:54:54 -0400] "GET /assets/network.php?filesrc=%2Fhome%2Fallslyeo%2FJekasbbq.com%2Faw.php&path=%2Fhome%2Fallslyeo%2FJekasbbq.com HTTP/1.1" 200 2725 "-" "Mozilla/5.0 AppleWebKit/537.36 (KHTML, like Gecko; compatible; ClaudeBot/1.0; +claudebot@anthropic.com)"
