Hacked By AnonymousFox

Current Path : /home/allslyeo/access-logs/
Upload File :
Current File : //home/allslyeo/access-logs/zombie.allstuffweb.com-ssl_log

66.249.65.45 - - [19/Sep/2024:08:29:33 -0400] "GET /index.phpllisting/795-moschino-couture-teddy-bear-paper-doll-black-intarsia-sweater-dress-lxl-210058 HTTP/1.1" 404 1251 "-" "Mozilla/5.0 (Linux; Android 6.0.1; Nexus 5X Build/MMB29P) AppleWebKit/537.36 (KHTML, like Gecko) Chrome/128.0.6613.137 Mobile Safari/537.36 (compatible; Googlebot/2.1; +http://www.google.com/bot.html)"
52.167.144.182 - - [19/Sep/2024:08:31:02 -0400] "GET / HTTP/1.1" 200 1765 "-" "Mozilla/5.0 AppleWebKit/537.36 (KHTML, like Gecko; compatible; bingbot/2.0; +http://www.bing.com/bingbot.htm) Chrome/116.0.1938.76 Safari/537.36"
52.167.144.219 - - [19/Sep/2024:09:06:43 -0400] "GET /p3e3309vs27 HTTP/1.1" 404 1251 "-" "Mozilla/5.0 AppleWebKit/537.36 (KHTML, like Gecko; compatible; bingbot/2.0; +http://www.bing.com/bingbot.htm) Chrome/116.0.1938.76 Safari/537.36"
138.246.253.24 - - [19/Sep/2024:09:13:13 -0400] "GET /robots.txt HTTP/1.1" 404 1251 "-" "Mozilla/5.0 (Windows NT 10.0; Win64; x64) AppleWebKit/537.36 (KHTML, like Gecko) Chrome/103.0.5060.134 Safari/537.36"
89.169.34.140 - - [19/Sep/2024:09:30:25 -0400] "GET /accesson.php HTTP/1.1" 404 1251 "-" "Mozilla/5.0 (compatible; MSIE 9.0; Windows NT 5.1; Trident/5.0)"
66.249.65.45 - - [19/Sep/2024:09:30:56 -0400] "GET / HTTP/1.1" 200 1762 "-" "Mozilla/5.0 (compatible; Googlebot/2.1; +http://www.google.com/bot.html)"
66.249.65.46 - - [19/Sep/2024:09:31:01 -0400] "GET /_autoindex/assets/js/tablesort.number.js HTTP/1.1" 200 322 "https://zombie.wtf/" "Mozilla/5.0 AppleWebKit/537.36 (KHTML, like Gecko; compatible; Googlebot/2.1; +http://www.google.com/bot.html) Chrome/128.0.6613.113 Safari/537.36"
66.249.65.46 - - [19/Sep/2024:09:31:05 -0400] "GET /_autoindex/assets/css/autoindex.css HTTP/1.1" 200 1170 "https://zombie.wtf/" "Mozilla/5.0 AppleWebKit/537.36 (KHTML, like Gecko; compatible; Googlebot/2.1; +http://www.google.com/bot.html) Chrome/128.0.6613.113 Safari/537.36"
66.249.65.45 - - [19/Sep/2024:09:31:10 -0400] "GET /_autoindex/assets/icons/folder-fill.svg HTTP/1.1" 200 333 "https://zombie.wtf/" "Mozilla/5.0 AppleWebKit/537.36 (KHTML, like Gecko; compatible; Googlebot/2.1; +http://www.google.com/bot.html) Chrome/128.0.6613.113 Safari/537.36"
66.249.65.45 - - [19/Sep/2024:09:31:17 -0400] "GET /_autoindex/assets/icons/file.svg HTTP/1.1" 200 354 "https://zombie.wtf/" "Mozilla/5.0 AppleWebKit/537.36 (KHTML, like Gecko; compatible; Googlebot/2.1; +http://www.google.com/bot.html) Chrome/128.0.6613.113 Safari/537.36"
66.249.65.45 - - [19/Sep/2024:09:31:26 -0400] "GET /_autoindex/assets/icons/file-text.svg HTTP/1.1" 200 394 "https://zombie.wtf/" "Mozilla/5.0 AppleWebKit/537.36 (KHTML, like Gecko; compatible; Googlebot/2.1; +http://www.google.com/bot.html) Chrome/128.0.6613.113 Safari/537.36"
66.249.65.32 - - [19/Sep/2024:09:49:14 -0400] "GET /shop.php/products/fifie1274956?id=891 HTTP/1.1" 404 1251 "-" "Mozilla/5.0 (Linux; Android 6.0.1; Nexus 5X Build/MMB29P) AppleWebKit/537.36 (KHTML, like Gecko) Chrome/128.0.6613.137 Mobile Safari/537.36 (compatible; Googlebot/2.1; +http://www.google.com/bot.html)"
66.249.65.45 - - [19/Sep/2024:09:49:59 -0400] "GET /listing/xxio-golf-47882 HTTP/1.1" 404 1251 "-" "Mozilla/5.0 (Linux; Android 6.0.1; Nexus 5X Build/MMB29P) AppleWebKit/537.36 (KHTML, like Gecko) Chrome/128.0.6613.137 Mobile Safari/537.36 (compatible; Googlebot/2.1; +http://www.google.com/bot.html)"
66.249.65.32 - - [19/Sep/2024:09:50:35 -0400] "GET /index.php/products/bantery1171769?id=509 HTTP/1.1" 404 1251 "-" "Mozilla/5.0 (Linux; Android 6.0.1; Nexus 5X Build/MMB29P) AppleWebKit/537.36 (KHTML, like Gecko) Chrome/128.0.6613.137 Mobile Safari/537.36 (compatible; Googlebot/2.1; +http://www.google.com/bot.html)"
66.249.65.32 - - [19/Sep/2024:09:51:47 -0400] "GET /index.php/products/diphenol437445?id=593 HTTP/1.1" 404 1251 "-" "Mozilla/5.0 (Linux; Android 6.0.1; Nexus 5X Build/MMB29P) AppleWebKit/537.36 (KHTML, like Gecko) Chrome/128.0.6613.137 Mobile Safari/537.36 (compatible; Googlebot/2.1; +http://www.google.com/bot.html)"
66.249.65.32 - - [19/Sep/2024:10:06:58 -0400] "GET /robots.txt HTTP/1.1" 404 1251 "-" "Mozilla/5.0 (compatible; Googlebot/2.1; +http://www.google.com/bot.html)"
66.249.65.45 - - [19/Sep/2024:10:07:50 -0400] "GET /ads.txt HTTP/1.1" 404 1251 "-" "Mozilla/5.0 (compatible; Googlebot/2.1; +http://www.google.com/bot.html)"
51.222.253.1 - - [19/Sep/2024:10:14:06 -0400] "GET /wp-content/uploads/gravity_forms/g/f/h/?MA HTTP/1.1" 404 1251 "-" "Mozilla/5.0 (compatible; AhrefsBot/7.0; +http://ahrefs.com/robot/)"
51.222.253.8 - - [19/Sep/2024:10:19:45 -0400] "GET /wp-content/uploads/gravity_forms/g/f/h/?SA HTTP/1.1" 404 1251 "-" "Mozilla/5.0 (compatible; AhrefsBot/7.0; +http://ahrefs.com/robot/)"
51.222.253.2 - - [19/Sep/2024:10:24:30 -0400] "GET /wp-content/uploads/gravity_forms/a/?NA HTTP/1.1" 404 1251 "-" "Mozilla/5.0 (compatible; AhrefsBot/7.0; +http://ahrefs.com/robot/)"
51.222.253.5 - - [19/Sep/2024:10:28:34 -0400] "GET /wp-content/uploads/gravity_forms/d/?NA HTTP/1.1" 404 1251 "-" "Mozilla/5.0 (compatible; AhrefsBot/7.0; +http://ahrefs.com/robot/)"
51.222.253.7 - - [19/Sep/2024:10:33:24 -0400] "GET /wp-content/uploads/gravity_forms/g/?NA HTTP/1.1" 404 1251 "-" "Mozilla/5.0 (compatible; AhrefsBot/7.0; +http://ahrefs.com/robot/)"
51.222.253.20 - - [19/Sep/2024:10:37:53 -0400] "GET /wp-content/uploads/gravity_forms/d/c/d/a/?SA HTTP/1.1" 404 1251 "-" "Mozilla/5.0 (compatible; AhrefsBot/7.0; +http://ahrefs.com/robot/)"
51.222.253.18 - - [19/Sep/2024:10:42:30 -0400] "GET /wp-content/uploads/gravity_forms/d/c/d/g/?SA HTTP/1.1" 404 1251 "-" "Mozilla/5.0 (compatible; AhrefsBot/7.0; +http://ahrefs.com/robot/)"
66.249.65.32 - - [19/Sep/2024:10:43:28 -0400] "GET /products/anthecological1305158?id=207 HTTP/1.1" 404 1251 "-" "Mozilla/5.0 (Linux; Android 6.0.1; Nexus 5X Build/MMB29P) AppleWebKit/537.36 (KHTML, like Gecko) Chrome/128.0.6613.137 Mobile Safari/537.36 (compatible; Googlebot/2.1; +http://www.google.com/bot.html)"
40.77.167.76 - - [19/Sep/2024:10:45:33 -0400] "GET /honda-throttle-control-wiring-harness-assembly-268085.html HTTP/1.1" 404 1251 "-" "Mozilla/5.0 AppleWebKit/537.36 (KHTML, like Gecko; compatible; bingbot/2.0; +http://www.bing.com/bingbot.htm) Chrome/116.0.1938.76 Safari/537.36"
51.222.253.15 - - [19/Sep/2024:10:46:24 -0400] "GET /wp-content/uploads/gravity_forms/d/b/e/a/?SA HTTP/1.1" 404 1251 "-" "Mozilla/5.0 (compatible; AhrefsBot/7.0; +http://ahrefs.com/robot/)"
52.167.144.19 - - [19/Sep/2024:10:50:23 -0400] "GET /category/browse.html?node=1_48&page=158 HTTP/1.1" 404 1251 "-" "Mozilla/5.0 AppleWebKit/537.36 (KHTML, like Gecko; compatible; bingbot/2.0; +http://www.bing.com/bingbot.htm) Chrome/116.0.1938.76 Safari/537.36"
51.222.253.9 - - [19/Sep/2024:10:50:55 -0400] "GET /wp-content/uploads/gravity_forms/b/d/g/f/?SA HTTP/1.1" 404 1251 "-" "Mozilla/5.0 (compatible; AhrefsBot/7.0; +http://ahrefs.com/robot/)"
66.249.65.46 - - [19/Sep/2024:10:51:10 -0400] "GET /index.php/products/dispatcher262131?id=392 HTTP/1.1" 404 1251 "-" "Mozilla/5.0 (Linux; Android 6.0.1; Nexus 5X Build/MMB29P) AppleWebKit/537.36 (KHTML, like Gecko) Chrome/128.0.6613.137 Mobile Safari/537.36 (compatible; Googlebot/2.1; +http://www.google.com/bot.html)"
51.222.253.9 - - [19/Sep/2024:10:55:41 -0400] "GET /wp-content/uploads/gravity_forms/f/a/d/b/?SA HTTP/1.1" 404 1251 "-" "Mozilla/5.0 (compatible; AhrefsBot/7.0; +http://ahrefs.com/robot/)"
51.222.253.2 - - [19/Sep/2024:11:00:20 -0400] "GET /wp-content/uploads/gravity_forms/c/b/h/b/?MA HTTP/1.1" 404 1251 "-" "Mozilla/5.0 (compatible; AhrefsBot/7.0; +http://ahrefs.com/robot/)"
51.222.253.6 - - [19/Sep/2024:11:04:52 -0400] "GET /wp-content/uploads/gravity_forms/g/f/d/c/?MA HTTP/1.1" 404 1251 "-" "Mozilla/5.0 (compatible; AhrefsBot/7.0; +http://ahrefs.com/robot/)"
51.222.253.15 - - [19/Sep/2024:11:08:01 -0400] "GET /wp-content/uploads/gravity_forms/a/f/g/b/?MA HTTP/1.1" 404 1251 "-" "Mozilla/5.0 (compatible; AhrefsBot/7.0; +http://ahrefs.com/robot/)"
51.222.253.1 - - [19/Sep/2024:11:11:41 -0400] "GET /wp-content/uploads/gravity_forms/f/g/b/d/?MA HTTP/1.1" 404 1251 "-" "Mozilla/5.0 (compatible; AhrefsBot/7.0; +http://ahrefs.com/robot/)"
66.249.65.46 - - [19/Sep/2024:11:14:48 -0400] "GET /index.php?listing/samsung-galaxy-note10-256-gb-115455 HTTP/1.1" 404 1251 "-" "Mozilla/5.0 (compatible; Googlebot/2.1; +http://www.google.com/bot.html)"
51.222.253.4 - - [19/Sep/2024:11:15:24 -0400] "GET /wp-content/uploads/gravity_forms/e/b/c/b/?SA HTTP/1.1" 404 1251 "-" "Mozilla/5.0 (compatible; AhrefsBot/7.0; +http://ahrefs.com/robot/)"
66.249.65.45 - - [19/Sep/2024:11:18:44 -0400] "GET /listing/gucci-crossbody-handbags-221902 HTTP/1.1" 404 1251 "-" "Mozilla/5.0 (Linux; Android 6.0.1; Nexus 5X Build/MMB29P) AppleWebKit/537.36 (KHTML, like Gecko) Chrome/128.0.6613.137 Mobile Safari/537.36 (compatible; Googlebot/2.1; +http://www.google.com/bot.html)"
66.249.65.46 - - [19/Sep/2024:11:18:53 -0400] "GET /products/ketuba326587?id=703 HTTP/1.1" 404 1251 "-" "Mozilla/5.0 (Linux; Android 6.0.1; Nexus 5X Build/MMB29P) AppleWebKit/537.36 (KHTML, like Gecko) Chrome/128.0.6613.137 Mobile Safari/537.36 (compatible; Googlebot/2.1; +http://www.google.com/bot.html)"
51.222.253.9 - - [19/Sep/2024:11:19:03 -0400] "GET /wp-content/uploads/gravity_forms/b/g/a/h/?MA HTTP/1.1" 404 1251 "-" "Mozilla/5.0 (compatible; AhrefsBot/7.0; +http://ahrefs.com/robot/)"
51.222.253.11 - - [19/Sep/2024:11:22:50 -0400] "GET /wp-content/uploads/gravity_forms/a/d/h/e/?MA HTTP/1.1" 404 1251 "-" "Mozilla/5.0 (compatible; AhrefsBot/7.0; +http://ahrefs.com/robot/)"
66.249.65.46 - - [19/Sep/2024:11:26:01 -0400] "GET /a2f6product/product_id/1284979/reviews HTTP/1.1" 404 1251 "-" "Mozilla/5.0 (Linux; Android 6.0.1; Nexus 5X Build/MMB29P) AppleWebKit/537.36 (KHTML, like Gecko) Chrome/128.0.6613.137 Mobile Safari/537.36 (compatible; Googlebot/2.1; +http://www.google.com/bot.html)"
51.222.253.15 - - [19/Sep/2024:11:26:30 -0400] "GET /wp-content/uploads/gravity_forms/a/e/g/g/?SA HTTP/1.1" 404 1251 "-" "Mozilla/5.0 (compatible; AhrefsBot/7.0; +http://ahrefs.com/robot/)"
51.222.253.14 - - [19/Sep/2024:11:29:45 -0400] "GET /wp-content/uploads/gravity_forms/a/e/b/c/?MA HTTP/1.1" 404 1251 "-" "Mozilla/5.0 (compatible; AhrefsBot/7.0; +http://ahrefs.com/robot/)"
51.222.253.20 - - [19/Sep/2024:11:33:41 -0400] "GET /wp-content/uploads/gravity_forms/d/h/f/b/?MA HTTP/1.1" 404 1251 "-" "Mozilla/5.0 (compatible; AhrefsBot/7.0; +http://ahrefs.com/robot/)"
66.249.65.32 - - [19/Sep/2024:11:36:30 -0400] "GET /a2f6product/product_id/458106/reviews HTTP/1.1" 404 1251 "-" "Mozilla/5.0 (Linux; Android 6.0.1; Nexus 5X Build/MMB29P) AppleWebKit/537.36 (KHTML, like Gecko) Chrome/128.0.6613.137 Mobile Safari/537.36 (compatible; Googlebot/2.1; +http://www.google.com/bot.html)"
51.222.253.18 - - [19/Sep/2024:11:37:37 -0400] "GET /wp-content/uploads/gravity_forms/g/e/b/e/?SA HTTP/1.1" 404 1251 "-" "Mozilla/5.0 (compatible; AhrefsBot/7.0; +http://ahrefs.com/robot/)"
183.82.160.140 - - [19/Sep/2024:11:39:41 -0400] "GET /wp-login.php HTTP/1.1" 404 1251 "-" "Mozilla/5.0 (Windows NT 10.0; WOW64; Trident/7.0; rv:11.0) like Gecko"
183.82.160.140 - - [19/Sep/2024:11:39:41 -0400] "POST /xmlrpc.php HTTP/1.1" 404 1251 "-" "Mozilla/5.0 (Windows NT 10.0; WOW64; Trident/7.0; rv:11.0) like Gecko"
51.222.253.14 - - [19/Sep/2024:11:40:46 -0400] "GET /wp-content/uploads/gravity_forms/c/a/h/h/?SA HTTP/1.1" 404 1251 "-" "Mozilla/5.0 (compatible; AhrefsBot/7.0; +http://ahrefs.com/robot/)"
51.222.253.3 - - [19/Sep/2024:11:44:11 -0400] "GET /wp-content/uploads/gravity_forms/g/c/b/c/?SA HTTP/1.1" 404 1251 "-" "Mozilla/5.0 (compatible; AhrefsBot/7.0; +http://ahrefs.com/robot/)"
66.249.65.32 - - [19/Sep/2024:11:44:33 -0400] "GET /index.php/products/creophagy324646?id=74 HTTP/1.1" 404 1251 "-" "Mozilla/5.0 (Linux; Android 6.0.1; Nexus 5X Build/MMB29P) AppleWebKit/537.36 (KHTML, like Gecko) Chrome/128.0.6613.137 Mobile Safari/537.36 (compatible; Googlebot/2.1; +http://www.google.com/bot.html)"
51.222.253.17 - - [19/Sep/2024:11:47:48 -0400] "GET /wp-content/uploads/gravity_forms/g/h/a/g/?SA HTTP/1.1" 404 1251 "-" "Mozilla/5.0 (compatible; AhrefsBot/7.0; +http://ahrefs.com/robot/)"
66.249.65.46 - - [19/Sep/2024:11:48:22 -0400] "GET /sfpv4fydi2c HTTP/1.1" 404 1251 "-" "Mozilla/5.0 (Linux; Android 6.0.1; Nexus 5X Build/MMB29P) AppleWebKit/537.36 (KHTML, like Gecko) Chrome/128.0.6613.137 Mobile Safari/537.36 (compatible; Googlebot/2.1; +http://www.google.com/bot.html)"
51.222.253.2 - - [19/Sep/2024:11:51:47 -0400] "GET /wp-content/uploads/gravity_forms/f/a/b/h/?MA HTTP/1.1" 404 1251 "-" "Mozilla/5.0 (compatible; AhrefsBot/7.0; +http://ahrefs.com/robot/)"
66.249.65.46 - - [19/Sep/2024:11:53:34 -0400] "GET /d2s9mw7k HTTP/1.1" 404 1251 "-" "Mozilla/5.0 (Linux; Android 6.0.1; Nexus 5X Build/MMB29P) AppleWebKit/537.36 (KHTML, like Gecko) Chrome/128.0.6613.137 Mobile Safari/537.36 (compatible; Googlebot/2.1; +http://www.google.com/bot.html)"
66.249.65.45 - - [19/Sep/2024:11:53:46 -0400] "GET /shop.php/products/bing1552175?id=15 HTTP/1.1" 404 1251 "-" "Mozilla/5.0 (Linux; Android 6.0.1; Nexus 5X Build/MMB29P) AppleWebKit/537.36 (KHTML, like Gecko) Chrome/128.0.6613.137 Mobile Safari/537.36 (compatible; Googlebot/2.1; +http://www.google.com/bot.html)"
51.222.253.18 - - [19/Sep/2024:11:55:27 -0400] "GET /wp-content/uploads/gravity_forms/f/a/e/a/?SA HTTP/1.1" 404 1251 "-" "Mozilla/5.0 (compatible; AhrefsBot/7.0; +http://ahrefs.com/robot/)"
51.222.253.3 - - [19/Sep/2024:11:58:52 -0400] "GET /wp-content/uploads/gravity_forms/e/h/f/e/?MA HTTP/1.1" 404 1251 "-" "Mozilla/5.0 (compatible; AhrefsBot/7.0; +http://ahrefs.com/robot/)"
51.222.253.15 - - [19/Sep/2024:12:04:31 -0400] "GET /wp-content/uploads/gravity_forms/a/h/g/d/?SA HTTP/1.1" 404 1251 "-" "Mozilla/5.0 (compatible; AhrefsBot/7.0; +http://ahrefs.com/robot/)"
66.249.65.45 - - [19/Sep/2024:12:10:35 -0400] "GET /products/defunctionalize1765977?id=853 HTTP/1.1" 404 1251 "-" "Mozilla/5.0 (Linux; Android 6.0.1; Nexus 5X Build/MMB29P) AppleWebKit/537.36 (KHTML, like Gecko) Chrome/128.0.6613.137 Mobile Safari/537.36 (compatible; Googlebot/2.1; +http://www.google.com/bot.html)"
66.249.65.32 - - [19/Sep/2024:12:10:37 -0400] "GET /index.php/listing/marc-jacobs-new-q-legend-satchel-crossbody-bag-777737/kyuusan-food//review/item/list HTTP/1.1" 404 1251 "-" "Mozilla/5.0 (Linux; Android 6.0.1; Nexus 5X Build/MMB29P) AppleWebKit/537.36 (KHTML, like Gecko) Chrome/128.0.6613.137 Mobile Safari/537.36 (compatible; Googlebot/2.1; +http://www.google.com/bot.html)"
51.222.253.12 - - [19/Sep/2024:12:11:26 -0400] "GET /wp-content/uploads/gravity_forms/b/f/h/h/?SA HTTP/1.1" 404 1251 "-" "Mozilla/5.0 (compatible; AhrefsBot/7.0; +http://ahrefs.com/robot/)"
51.222.253.20 - - [19/Sep/2024:12:17:24 -0400] "GET /wp-content/uploads/gravity_forms/a/h/e/h/?SA HTTP/1.1" 404 1251 "-" "Mozilla/5.0 (compatible; AhrefsBot/7.0; +http://ahrefs.com/robot/)"
66.249.65.32 - - [19/Sep/2024:12:18:25 -0400] "GET /products/discordancy1298878?id=233 HTTP/1.1" 404 1251 "-" "Mozilla/5.0 (Linux; Android 6.0.1; Nexus 5X Build/MMB29P) AppleWebKit/537.36 (KHTML, like Gecko) Chrome/128.0.6613.137 Mobile Safari/537.36 (compatible; Googlebot/2.1; +http://www.google.com/bot.html)"
42.83.147.53 - - [19/Sep/2024:12:18:32 -0400] "GET / HTTP/1.1" 200 2075 "-" "Mozilla/5.0 (Windows NT 6.1; Win64; x64) AppleWebKit/537.36 (KHTML, like Gecko)Chrome/74.0.3729.169 Safari/537.36"
51.222.253.13 - - [19/Sep/2024:12:23:04 -0400] "GET /wp-content/uploads/gravity_forms/h/d/c/c/?SA HTTP/1.1" 404 1251 "-" "Mozilla/5.0 (compatible; AhrefsBot/7.0; +http://ahrefs.com/robot/)"
66.249.65.45 - - [19/Sep/2024:12:23:51 -0400] "GET /index.php/listing/marc-jacobs-new-q-legend-satchel-crossbody-bag-777737/fm29jpq3 HTTP/1.1" 404 1251 "-" "Mozilla/5.0 (Linux; Android 6.0.1; Nexus 5X Build/MMB29P) AppleWebKit/537.36 (KHTML, like Gecko) Chrome/128.0.6613.137 Mobile Safari/537.36 (compatible; Googlebot/2.1; +http://www.google.com/bot.html)"
51.222.253.9 - - [19/Sep/2024:12:28:51 -0400] "GET /wp-content/uploads/gravity_forms/f/a/g/f/?MA HTTP/1.1" 404 1251 "-" "Mozilla/5.0 (compatible; AhrefsBot/7.0; +http://ahrefs.com/robot/)"
78.153.140.218 - - [19/Sep/2024:12:29:36 -0400] "GET /.env HTTP/1.1" 403 1242 "-" "Mozilla/5.0 (Linux; Android 6.0; vivo 1601 Build/MRA58K) AppleWebKit/537.36 (KHTML, like Gecko) Chrome/53.0.2785.124 Mobile Safari/537.36"
78.153.140.218 - - [19/Sep/2024:12:29:37 -0400] "GET /.env HTTP/1.1" 403 1242 "-" "Mozilla/5.0 (Linux; U; Android 2.3.6; fr-fr; GT-S6102 Build/GINGERBREAD) AppleWebKit/533.1 (KHTML, like Gecko) Version/4.0 Mobile Safari/533.1"
78.153.140.218 - - [19/Sep/2024:12:29:49 -0400] "GET /laravel/.env HTTP/1.1" 403 1242 "-" "Mozilla/5.0 (Windows NT 6.2; Win64; x64) AppleWebKit/537.36 (KHTML, like Gecko) Chrome/45.0.2454.85 Safari/537.36"
78.153.140.218 - - [19/Sep/2024:12:29:52 -0400] "GET /laravel/.env HTTP/1.1" 403 1242 "-" "Opera/9.50 (X11; Linux x86_64; U; pl)"
78.153.140.218 - - [19/Sep/2024:12:29:53 -0400] "GET /demo/.env HTTP/1.1" 403 1242 "-" "Mozilla/5.0 (Linux; U; Android 4.0.4; en-us; GT-I9300 Build/IMM76D) AppleWebKit/534.30 (KHTML, like Gecko) Version/4.0 Mobile Safari/534.30"
78.153.140.218 - - [19/Sep/2024:12:29:56 -0400] "GET /demo/.env HTTP/1.1" 403 1242 "-" "Mozilla/5.0 (X11; U; Linux i686; fr; rv:1.8.1.19) Gecko/20081216 Ubuntu/7.10 (gutsy) Firefox/2.0.0.19"
78.153.140.218 - - [19/Sep/2024:12:29:56 -0400] "GET /web/.env HTTP/1.1" 403 1242 "-" "Mozilla/5.0 (Windows NT 6.1; WOW64) AppleWebKit/537.36 (KHTML like Gecko) Chrome/37.0.2062.120 Safari/537.36"
78.153.140.218 - - [19/Sep/2024:12:29:59 -0400] "GET /web/.env HTTP/1.1" 403 1242 "-" "Mozilla/5.0 (X11; U; Linux i686; en-US; rv:1.8.1.17) Gecko/20080924 Ubuntu/8.04 (hardy) Firefox/2.0.0.17"
78.153.140.218 - - [19/Sep/2024:12:30:00 -0400] "GET /admin/.env HTTP/1.1" 403 1242 "-" "Mozilla/5.0 (Windows NT 6.3; WOW64) AppleWebKit/537.36 (KHTML, like Gecko) Chrome/40.0.2214.94 Safari/537.36 OPR/27.0.1689.66 (Edition Campaign 37)"
78.153.140.218 - - [19/Sep/2024:12:30:03 -0400] "GET /admin/.env HTTP/1.1" 403 1242 "-" "Mozilla/5.0 (Macintosh; Intel Mac OS X 10_11_3) AppleWebKit/601.4.2 (KHTML, like Gecko) Version/9.0.3 Safari/601.4.2"
78.153.140.218 - - [19/Sep/2024:12:30:06 -0400] "GET /backend/.env HTTP/1.1" 403 1242 "-" "Mozilla/5.0 (Windows NT 6.1) AppleWebKit/537.36 (KHTML, like Gecko) Chrome/63.0.3239.108 Safari/537.36 OPR/50.0.2762.45"
78.153.140.218 - - [19/Sep/2024:12:30:07 -0400] "GET /backend/.env HTTP/1.1" 403 1242 "-" "Mozilla/5.0 (Windows; U; Windows NT 5.1; en-US) AppleWebKit/528.8 (KHTML, like Gecko) Chrome/2.0.156.0 Version/3.2.1 Safari/528.8"
78.153.140.218 - - [19/Sep/2024:12:30:08 -0400] "GET /app/.env HTTP/1.1" 403 1242 "-" "Mozilla/4.0 (compatible; MSIE 8.0; Windows NT 5.1; Trident/4.0; .NET CLR 1.1.4322; .NET CLR 2.0.50727; .NET CLR 3.0.4506.2152; .NET CLR 3.5.30729; InfoPath.1)"
78.153.140.218 - - [19/Sep/2024:12:30:11 -0400] "GET /app/.env HTTP/1.1" 403 1242 "-" "Mozilla/5.0 (Linux; Android 4.4.2; en-us; SAMSUNG SM-G900P Build/KOT49H) AppleWebKit/537.36 (KHTML, like Gecko) Version/1.6 Chrome/28.0.1500.94 Mobile Safari/537.36"
78.153.140.218 - - [19/Sep/2024:12:30:14 -0400] "GET /api/.env HTTP/1.1" 403 1242 "-" "Mozilla/5.0 (Linux; Android 6.0.1; SAMSUNG-SM-G928A Build/MMB29K) AppleWebKit/537.36 (KHTML, like Gecko) SamsungBrowser/4.0 Chrome/44.0.2403.133 Mobile Safari/537.36"
78.153.140.218 - - [19/Sep/2024:12:30:16 -0400] "GET /dev/.env HTTP/1.1" 403 1242 "-" "Opera/9.23 (Windows NT 5.0; U; en)"
78.153.140.218 - - [19/Sep/2024:12:30:18 -0400] "GET /www/.env HTTP/1.1" 403 1242 "-" "Nokia6230/2.0 (04.44) Profile/MIDP-2.0 Configuration/CLDC-1.1"
78.153.140.218 - - [19/Sep/2024:12:30:21 -0400] "GET /home/.env HTTP/1.1" 403 1242 "-" "Mozilla/5.0 (Windows NT 5.1) AppleWebKit/537.36 (KHTML, like Gecko) Chrome/47.0.2526.106 Safari/537.36"
78.153.140.218 - - [19/Sep/2024:12:30:22 -0400] "GET /staging/.env HTTP/1.1" 403 1242 "-" "Mozilla/5.0 (Windows NT 10.0; WOW64) AppleWebKit/537.36 (KHTML, like Gecko) Chrome/49.0.2623.112 Safari/537.36"
78.153.140.218 - - [19/Sep/2024:12:30:24 -0400] "GET /test/.env HTTP/1.1" 403 1242 "-" "Mozilla/5.0 (Windows NT 6.2; WOW64) AppleWebKit/537.36 (KHTML, like Gecko) Chrome/30.0.1599.69 Safari/537.36 OPR/17.0.1241.45"
78.153.140.218 - - [19/Sep/2024:12:30:25 -0400] "GET /app_dev.php/_profiler/phpinfo HTTP/1.1" 403 1242 "-" "Mozilla/5.0 (Windows NT 6.1; rv:2.0b10) Gecko/20110126 Firefox/4.0b10"
51.222.253.14 - - [19/Sep/2024:12:35:43 -0400] "GET /wp-content/uploads/gravity_forms/e/f/g/g/?SA HTTP/1.1" 404 1251 "-" "Mozilla/5.0 (compatible; AhrefsBot/7.0; +http://ahrefs.com/robot/)"
66.249.65.32 - - [19/Sep/2024:12:40:07 -0400] "GET /listing/frieza-japanese-funko-pop-194527 HTTP/1.1" 404 1251 "-" "Mozilla/5.0 (compatible; Googlebot/2.1; +http://www.google.com/bot.html)"
66.249.65.46 - - [19/Sep/2024:12:40:59 -0400] "GET /shop.php/products/rangoking HTTP/1.1" 404 1251 "-" "Mozilla/5.0 (Linux; Android 6.0.1; Nexus 5X Build/MMB29P) AppleWebKit/537.36 (KHTML, like Gecko) Chrome/128.0.6613.137 Mobile Safari/537.36 (compatible; Googlebot/2.1; +http://www.google.com/bot.html)"
66.249.65.45 - - [19/Sep/2024:12:41:15 -0400] "GET /index.php/a2f6product/product_id/1603655/reviews HTTP/1.1" 404 1251 "-" "Mozilla/5.0 (Linux; Android 6.0.1; Nexus 5X Build/MMB29P) AppleWebKit/537.36 (KHTML, like Gecko) Chrome/128.0.6613.137 Mobile Safari/537.36 (compatible; Googlebot/2.1; +http://www.google.com/bot.html)"
51.222.253.1 - - [19/Sep/2024:12:42:19 -0400] "GET /wp-content/uploads/gravity_forms/d/b/h/b/?SA HTTP/1.1" 404 1251 "-" "Mozilla/5.0 (compatible; AhrefsBot/7.0; +http://ahrefs.com/robot/)"
51.222.253.16 - - [19/Sep/2024:12:49:38 -0400] "GET /wp-content/uploads/gravity_forms/d/b/g/c/?SA HTTP/1.1" 404 1251 "-" "Mozilla/5.0 (compatible; AhrefsBot/7.0; +http://ahrefs.com/robot/)"
66.249.65.46 - - [19/Sep/2024:12:49:45 -0400] "GET /index.php/products/earthborn1868077?id=591 HTTP/1.1" 404 1251 "-" "Mozilla/5.0 (Linux; Android 6.0.1; Nexus 5X Build/MMB29P) AppleWebKit/537.36 (KHTML, like Gecko) Chrome/128.0.6613.137 Mobile Safari/537.36 (compatible; Googlebot/2.1; +http://www.google.com/bot.html)"
66.249.65.46 - - [19/Sep/2024:12:50:12 -0400] "GET /products/facty25979?id=280 HTTP/1.1" 404 1251 "-" "Mozilla/5.0 (Linux; Android 6.0.1; Nexus 5X Build/MMB29P) AppleWebKit/537.36 (KHTML, like Gecko) Chrome/128.0.6613.137 Mobile Safari/537.36 (compatible; Googlebot/2.1; +http://www.google.com/bot.html)"
51.222.253.17 - - [19/Sep/2024:12:54:25 -0400] "GET /wp-content/uploads/gravity_forms/b/d/e/d/?SA HTTP/1.1" 404 1251 "-" "Mozilla/5.0 (compatible; AhrefsBot/7.0; +http://ahrefs.com/robot/)"
51.222.253.6 - - [19/Sep/2024:12:58:54 -0400] "GET /wp-content/uploads/gravity_forms/c/g/b/d/?SA HTTP/1.1" 404 1251 "-" "Mozilla/5.0 (compatible; AhrefsBot/7.0; +http://ahrefs.com/robot/)"
66.249.65.45 - - [19/Sep/2024:12:59:32 -0400] "GET /products/chloridellidae1565102?id=703 HTTP/1.1" 404 1251 "-" "Mozilla/5.0 (Linux; Android 6.0.1; Nexus 5X Build/MMB29P) AppleWebKit/537.36 (KHTML, like Gecko) Chrome/128.0.6613.137 Mobile Safari/537.36 (compatible; Googlebot/2.1; +http://www.google.com/bot.html)"
66.249.65.46 - - [19/Sep/2024:12:59:37 -0400] "GET /index.php/products/ballhausplatz919152?id=292 HTTP/1.1" 404 1251 "-" "Mozilla/5.0 (Linux; Android 6.0.1; Nexus 5X Build/MMB29P) AppleWebKit/537.36 (KHTML, like Gecko) Chrome/128.0.6613.137 Mobile Safari/537.36 (compatible; Googlebot/2.1; +http://www.google.com/bot.html)"
66.249.65.45 - - [19/Sep/2024:12:59:42 -0400] "GET /list/733_765_768_776?kg=dy HTTP/1.1" 404 1251 "-" "Mozilla/5.0 (Linux; Android 6.0.1; Nexus 5X Build/MMB29P) AppleWebKit/537.36 (KHTML, like Gecko) Chrome/128.0.6613.137 Mobile Safari/537.36 (compatible; Googlebot/2.1; +http://www.google.com/bot.html)"
51.222.253.2 - - [19/Sep/2024:13:03:31 -0400] "GET /wp-content/uploads/gravity_forms/e/h/h/f/?SA HTTP/1.1" 404 1251 "-" "Mozilla/5.0 (compatible; AhrefsBot/7.0; +http://ahrefs.com/robot/)"
40.77.167.48 - - [19/Sep/2024:13:03:55 -0400] "GET /wd41ph HTTP/1.1" 404 1251 "-" "Mozilla/5.0 AppleWebKit/537.36 (KHTML, like Gecko; compatible; bingbot/2.0; +http://www.bing.com/bingbot.htm) Chrome/116.0.1938.76 Safari/537.36"
66.249.65.32 - - [19/Sep/2024:13:04:24 -0400] "GET /shop.php/list/592_1?kg=dy HTTP/1.1" 404 1251 "-" "Mozilla/5.0 (Linux; Android 6.0.1; Nexus 5X Build/MMB29P) AppleWebKit/537.36 (KHTML, like Gecko) Chrome/128.0.6613.137 Mobile Safari/537.36 (compatible; Googlebot/2.1; +http://www.google.com/bot.html)"
66.249.65.45 - - [19/Sep/2024:13:05:04 -0400] "GET /products/genizah1618035?id=730 HTTP/1.1" 404 1251 "-" "Mozilla/5.0 (Linux; Android 6.0.1; Nexus 5X Build/MMB29P) AppleWebKit/537.36 (KHTML, like Gecko) Chrome/128.0.6613.137 Mobile Safari/537.36 (compatible; Googlebot/2.1; +http://www.google.com/bot.html)"
66.249.65.45 - - [19/Sep/2024:13:05:08 -0400] "GET /list/592_201_1089_1090?kg=dy HTTP/1.1" 404 1251 "-" "Mozilla/5.0 (Linux; Android 6.0.1; Nexus 5X Build/MMB29P) AppleWebKit/537.36 (KHTML, like Gecko) Chrome/128.0.6613.137 Mobile Safari/537.36 (compatible; Googlebot/2.1; +http://www.google.com/bot.html)"
51.222.253.14 - - [19/Sep/2024:13:07:49 -0400] "GET /wp-content/uploads/gravity_forms/f/a/a/g/?SA HTTP/1.1" 404 1251 "-" "Mozilla/5.0 (compatible; AhrefsBot/7.0; +http://ahrefs.com/robot/)"
51.222.253.3 - - [19/Sep/2024:13:11:07 -0400] "GET /wp-content/uploads/gravity_forms/h/h/c/f/?MA HTTP/1.1" 404 1251 "-" "Mozilla/5.0 (compatible; AhrefsBot/7.0; +http://ahrefs.com/robot/)"
66.249.65.46 - - [19/Sep/2024:13:11:20 -0400] "GET /index.php/a2f6product/product_id/39190/reviews HTTP/1.1" 404 1251 "-" "Mozilla/5.0 (Linux; Android 6.0.1; Nexus 5X Build/MMB29P) AppleWebKit/537.36 (KHTML, like Gecko) Chrome/128.0.6613.137 Mobile Safari/537.36 (compatible; Googlebot/2.1; +http://www.google.com/bot.html)"
66.249.65.45 - - [19/Sep/2024:13:11:26 -0400] "GET /list/865_3829?kg=dy HTTP/1.1" 404 1251 "-" "Mozilla/5.0 (Linux; Android 6.0.1; Nexus 5X Build/MMB29P) AppleWebKit/537.36 (KHTML, like Gecko) Chrome/128.0.6613.137 Mobile Safari/537.36 (compatible; Googlebot/2.1; +http://www.google.com/bot.html)"
66.249.65.45 - - [19/Sep/2024:13:12:29 -0400] "GET /index.php/products/acuan1171641?id=444 HTTP/1.1" 404 1251 "-" "Mozilla/5.0 (Linux; Android 6.0.1; Nexus 5X Build/MMB29P) AppleWebKit/537.36 (KHTML, like Gecko) Chrome/128.0.6613.137 Mobile Safari/537.36 (compatible; Googlebot/2.1; +http://www.google.com/bot.html)"
51.222.253.16 - - [19/Sep/2024:13:14:37 -0400] "GET /wp-content/uploads/gravity_forms/g/d/e/g/?MA HTTP/1.1" 404 1251 "-" "Mozilla/5.0 (compatible; AhrefsBot/7.0; +http://ahrefs.com/robot/)"
51.222.253.19 - - [19/Sep/2024:13:17:37 -0400] "GET /wp-content/uploads/gravity_forms/g/d/e/g/?SA HTTP/1.1" 404 1251 "-" "Mozilla/5.0 (compatible; AhrefsBot/7.0; +http://ahrefs.com/robot/)"
51.222.253.17 - - [19/Sep/2024:13:20:41 -0400] "GET /wp-content/uploads/gravity_forms/e/a/f/c/?MA HTTP/1.1" 404 1251 "-" "Mozilla/5.0 (compatible; AhrefsBot/7.0; +http://ahrefs.com/robot/)"
51.222.253.3 - - [19/Sep/2024:13:23:48 -0400] "GET /wp-content/uploads/gravity_forms/f/a/d/b/?MA HTTP/1.1" 404 1251 "-" "Mozilla/5.0 (compatible; AhrefsBot/7.0; +http://ahrefs.com/robot/)"
66.249.65.45 - - [19/Sep/2024:13:23:53 -0400] "GET /index.php/products/carbimide571868/listing/louis-vuitton-v-t-shirt-chain-mens-large-138332/listing/fairyloot-poison-study-signed-545218 HTTP/1.1" 404 1251 "-" "Mozilla/5.0 (Linux; Android 6.0.1; Nexus 5X Build/MMB29P) AppleWebKit/537.36 (KHTML, like Gecko) Chrome/128.0.6613.137 Mobile Safari/537.36 (compatible; Googlebot/2.1; +http://www.google.com/bot.html)"
66.249.65.46 - - [19/Sep/2024:13:23:59 -0400] "GET /index.php/products/amnesty127986?id=350 HTTP/1.1" 404 1251 "-" "Mozilla/5.0 (Linux; Android 6.0.1; Nexus 5X Build/MMB29P) AppleWebKit/537.36 (KHTML, like Gecko) Chrome/128.0.6613.137 Mobile Safari/537.36 (compatible; Googlebot/2.1; +http://www.google.com/bot.html)"
66.249.65.45 - - [19/Sep/2024:13:24:01 -0400] "GET /listing/new-265-needles-papillion-pile-hoodie-men39s-size-small-23000 HTTP/1.1" 404 1251 "-" "Mozilla/5.0 (Linux; Android 6.0.1; Nexus 5X Build/MMB29P) AppleWebKit/537.36 (KHTML, like Gecko) Chrome/128.0.6613.137 Mobile Safari/537.36 (compatible; Googlebot/2.1; +http://www.google.com/bot.html)"
66.249.65.45 - - [19/Sep/2024:13:24:02 -0400] "GET /index.php/products/infinitant919595?id=159 HTTP/1.1" 404 1251 "-" "Mozilla/5.0 (Linux; Android 6.0.1; Nexus 5X Build/MMB29P) AppleWebKit/537.36 (KHTML, like Gecko) Chrome/128.0.6613.137 Mobile Safari/537.36 (compatible; Googlebot/2.1; +http://www.google.com/bot.html)"
66.249.65.45 - - [19/Sep/2024:13:26:08 -0400] "GET /index.php/list/86_8961?kg=dy HTTP/1.1" 404 1251 "-" "Mozilla/5.0 (Linux; Android 6.0.1; Nexus 5X Build/MMB29P) AppleWebKit/537.36 (KHTML, like Gecko) Chrome/128.0.6613.137 Mobile Safari/537.36 (compatible; Googlebot/2.1; +http://www.google.com/bot.html)"
51.222.253.4 - - [19/Sep/2024:13:27:09 -0400] "GET /wp-content/uploads/gravity_forms/e/a/b/e/?MA HTTP/1.1" 404 1251 "-" "Mozilla/5.0 (compatible; AhrefsBot/7.0; +http://ahrefs.com/robot/)"
51.222.253.16 - - [19/Sep/2024:13:30:45 -0400] "GET /wp-content/uploads/gravity_forms/e/a/b/e/?SA HTTP/1.1" 404 1251 "-" "Mozilla/5.0 (compatible; AhrefsBot/7.0; +http://ahrefs.com/robot/)"
51.222.253.20 - - [19/Sep/2024:13:34:21 -0400] "GET /wp-content/uploads/gravity_forms/e/c/a/h/?MA HTTP/1.1" 404 1251 "-" "Mozilla/5.0 (compatible; AhrefsBot/7.0; +http://ahrefs.com/robot/)"
51.222.253.4 - - [19/Sep/2024:13:38:31 -0400] "GET /wp-content/uploads/gravity_forms/d/f/a/f/?MA HTTP/1.1" 404 1251 "-" "Mozilla/5.0 (compatible; AhrefsBot/7.0; +http://ahrefs.com/robot/)"
51.222.253.3 - - [19/Sep/2024:13:43:23 -0400] "GET /wp-content/uploads/gravity_forms/c/d/h/c/?SA HTTP/1.1" 404 1251 "-" "Mozilla/5.0 (compatible; AhrefsBot/7.0; +http://ahrefs.com/robot/)"
51.222.253.16 - - [19/Sep/2024:13:47:11 -0400] "GET /wp-content/uploads/gravity_forms/c/e/h/f/?MA HTTP/1.1" 404 1251 "-" "Mozilla/5.0 (compatible; AhrefsBot/7.0; +http://ahrefs.com/robot/)"
51.222.253.20 - - [19/Sep/2024:13:51:14 -0400] "GET /wp-content/uploads/gravity_forms/c/e/h/f/?SA HTTP/1.1" 404 1251 "-" "Mozilla/5.0 (compatible; AhrefsBot/7.0; +http://ahrefs.com/robot/)"
65.108.101.239 - - [19/Sep/2024:13:51:19 -0400] "GET /simple.php HTTP/1.1" 404 1251 "-" "Mozlila/5.0 (Linux; Android 7.0; SM-G892A Bulid/NRD90M; wv) AppleWebKit/537.36 (KHTML, like Gecko) Version/4.0 Chrome/60.0.3112.107 Moblie Safari/537.36"
65.108.101.239 - - [19/Sep/2024:13:51:26 -0400] "GET /chosen.php HTTP/1.1" 404 1251 "-" "Mozlila/5.0 (Linux; Android 7.0; SM-G892A Bulid/NRD90M; wv) AppleWebKit/537.36 (KHTML, like Gecko) Version/4.0 Chrome/60.0.3112.107 Moblie Safari/537.36"
65.108.101.239 - - [19/Sep/2024:13:51:32 -0400] "GET /mah.php HTTP/1.1" 404 1251 "-" "Mozlila/5.0 (Linux; Android 7.0; SM-G892A Bulid/NRD90M; wv) AppleWebKit/537.36 (KHTML, like Gecko) Version/4.0 Chrome/60.0.3112.107 Moblie Safari/537.36"
65.108.101.239 - - [19/Sep/2024:13:51:43 -0400] "GET /link.php HTTP/1.1" 404 1251 "-" "Mozlila/5.0 (Linux; Android 7.0; SM-G892A Bulid/NRD90M; wv) AppleWebKit/537.36 (KHTML, like Gecko) Version/4.0 Chrome/60.0.3112.107 Moblie Safari/537.36"
65.108.101.239 - - [19/Sep/2024:13:51:48 -0400] "GET /about.php HTTP/1.1" 301 795 "-" "Mozlila/5.0 (Linux; Android 7.0; SM-G892A Bulid/NRD90M; wv) AppleWebKit/537.36 (KHTML, like Gecko) Version/4.0 Chrome/60.0.3112.107 Moblie Safari/537.36"
65.108.101.239 - - [19/Sep/2024:13:51:49 -0400] "GET /about.php/ HTTP/1.1" 200 861 "-" "Mozlila/5.0 (Linux; Android 7.0; SM-G892A Bulid/NRD90M; wv) AppleWebKit/537.36 (KHTML, like Gecko) Version/4.0 Chrome/60.0.3112.107 Moblie Safari/537.36"
65.108.101.239 - - [19/Sep/2024:13:52:00 -0400] "GET /wp-conflg.php HTTP/1.1" 404 1251 "-" "Mozlila/5.0 (Linux; Android 7.0; SM-G892A Bulid/NRD90M; wv) AppleWebKit/537.36 (KHTML, like Gecko) Version/4.0 Chrome/60.0.3112.107 Moblie Safari/537.36"
65.108.101.239 - - [19/Sep/2024:13:52:07 -0400] "GET /about/function.php HTTP/1.1" 404 1251 "-" "Mozlila/5.0 (Linux; Android 7.0; SM-G892A Bulid/NRD90M; wv) AppleWebKit/537.36 (KHTML, like Gecko) Version/4.0 Chrome/60.0.3112.107 Moblie Safari/537.36"
65.108.101.239 - - [19/Sep/2024:13:52:14 -0400] "GET /admin.php HTTP/1.1" 404 1251 "-" "Mozlila/5.0 (Linux; Android 7.0; SM-G892A Bulid/NRD90M; wv) AppleWebKit/537.36 (KHTML, like Gecko) Version/4.0 Chrome/60.0.3112.107 Moblie Safari/537.36"
65.108.101.239 - - [19/Sep/2024:13:52:20 -0400] "GET /wp-admin/maint/index.php HTTP/1.1" 404 1251 "-" "Mozlila/5.0 (Linux; Android 7.0; SM-G892A Bulid/NRD90M; wv) AppleWebKit/537.36 (KHTML, like Gecko) Version/4.0 Chrome/60.0.3112.107 Moblie Safari/537.36"
65.108.101.239 - - [19/Sep/2024:13:52:29 -0400] "GET /wp-admin/includes/index.php HTTP/1.1" 404 1251 "-" "Mozlila/5.0 (Linux; Android 7.0; SM-G892A Bulid/NRD90M; wv) AppleWebKit/537.36 (KHTML, like Gecko) Version/4.0 Chrome/60.0.3112.107 Moblie Safari/537.36"
65.108.101.239 - - [19/Sep/2024:13:52:37 -0400] "GET /classwithtostring.php HTTP/1.1" 404 1251 "-" "Mozlila/5.0 (Linux; Android 7.0; SM-G892A Bulid/NRD90M; wv) AppleWebKit/537.36 (KHTML, like Gecko) Version/4.0 Chrome/60.0.3112.107 Moblie Safari/537.36"
65.108.101.239 - - [19/Sep/2024:13:52:44 -0400] "GET /.well-known/acme-challenge/index.php HTTP/1.1" 404 1251 "-" "Mozlila/5.0 (Linux; Android 7.0; SM-G892A Bulid/NRD90M; wv) AppleWebKit/537.36 (KHTML, like Gecko) Version/4.0 Chrome/60.0.3112.107 Moblie Safari/537.36"
65.108.101.239 - - [19/Sep/2024:13:52:51 -0400] "GET /wp-includes/ID3/index.php HTTP/1.1" 404 1251 "-" "Mozlila/5.0 (Linux; Android 7.0; SM-G892A Bulid/NRD90M; wv) AppleWebKit/537.36 (KHTML, like Gecko) Version/4.0 Chrome/60.0.3112.107 Moblie Safari/537.36"
65.108.101.239 - - [19/Sep/2024:13:52:56 -0400] "GET /dropdown.php HTTP/1.1" 404 1251 "-" "Mozlila/5.0 (Linux; Android 7.0; SM-G892A Bulid/NRD90M; wv) AppleWebKit/537.36 (KHTML, like Gecko) Version/4.0 Chrome/60.0.3112.107 Moblie Safari/537.36"
65.108.101.239 - - [19/Sep/2024:13:53:06 -0400] "GET /wp-includes/IXR/index.php HTTP/1.1" 404 1251 "-" "Mozlila/5.0 (Linux; Android 7.0; SM-G892A Bulid/NRD90M; wv) AppleWebKit/537.36 (KHTML, like Gecko) Version/4.0 Chrome/60.0.3112.107 Moblie Safari/537.36"
65.108.101.239 - - [19/Sep/2024:13:53:14 -0400] "GET /index/function.php HTTP/1.1" 404 1251 "-" "Mozlila/5.0 (Linux; Android 7.0; SM-G892A Bulid/NRD90M; wv) AppleWebKit/537.36 (KHTML, like Gecko) Version/4.0 Chrome/60.0.3112.107 Moblie Safari/537.36"
65.108.101.239 - - [19/Sep/2024:13:53:21 -0400] "GET /wp-content/plugins/index.php HTTP/1.1" 404 1251 "-" "Mozlila/5.0 (Linux; Android 7.0; SM-G892A Bulid/NRD90M; wv) AppleWebKit/537.36 (KHTML, like Gecko) Version/4.0 Chrome/60.0.3112.107 Moblie Safari/537.36"
65.108.101.239 - - [19/Sep/2024:13:53:28 -0400] "GET /wp-content/x/index.php HTTP/1.1" 404 1251 "-" "Mozlila/5.0 (Linux; Android 7.0; SM-G892A Bulid/NRD90M; wv) AppleWebKit/537.36 (KHTML, like Gecko) Version/4.0 Chrome/60.0.3112.107 Moblie Safari/537.36"
65.108.101.239 - - [19/Sep/2024:13:53:34 -0400] "GET /wp-content/index.php HTTP/1.1" 404 1251 "-" "Mozlila/5.0 (Linux; Android 7.0; SM-G892A Bulid/NRD90M; wv) AppleWebKit/537.36 (KHTML, like Gecko) Version/4.0 Chrome/60.0.3112.107 Moblie Safari/537.36"
65.108.101.239 - - [19/Sep/2024:13:53:42 -0400] "GET /wp-admin/index.php HTTP/1.1" 404 1251 "-" "Mozlila/5.0 (Linux; Android 7.0; SM-G892A Bulid/NRD90M; wv) AppleWebKit/537.36 (KHTML, like Gecko) Version/4.0 Chrome/60.0.3112.107 Moblie Safari/537.36"
65.108.101.239 - - [19/Sep/2024:13:53:49 -0400] "GET /x/index.php HTTP/1.1" 404 1251 "-" "Mozlila/5.0 (Linux; Android 7.0; SM-G892A Bulid/NRD90M; wv) AppleWebKit/537.36 (KHTML, like Gecko) Version/4.0 Chrome/60.0.3112.107 Moblie Safari/537.36"
65.108.101.239 - - [19/Sep/2024:13:53:56 -0400] "GET /wp-includes/assets/index.php HTTP/1.1" 404 1251 "-" "Mozlila/5.0 (Linux; Android 7.0; SM-G892A Bulid/NRD90M; wv) AppleWebKit/537.36 (KHTML, like Gecko) Version/4.0 Chrome/60.0.3112.107 Moblie Safari/537.36"
65.108.101.239 - - [19/Sep/2024:13:54:04 -0400] "GET /wp-admin/admin.php HTTP/1.1" 404 1251 "-" "Mozlila/5.0 (Linux; Android 7.0; SM-G892A Bulid/NRD90M; wv) AppleWebKit/537.36 (KHTML, like Gecko) Version/4.0 Chrome/60.0.3112.107 Moblie Safari/537.36"
65.108.101.239 - - [19/Sep/2024:13:54:11 -0400] "GET /wp-includes/index.php HTTP/1.1" 404 1251 "-" "Mozlila/5.0 (Linux; Android 7.0; SM-G892A Bulid/NRD90M; wv) AppleWebKit/537.36 (KHTML, like Gecko) Version/4.0 Chrome/60.0.3112.107 Moblie Safari/537.36"
65.108.101.239 - - [19/Sep/2024:13:54:19 -0400] "GET /wp-content/themes/index.php HTTP/1.1" 404 1251 "-" "Mozlila/5.0 (Linux; Android 7.0; SM-G892A Bulid/NRD90M; wv) AppleWebKit/537.36 (KHTML, like Gecko) Version/4.0 Chrome/60.0.3112.107 Moblie Safari/537.36"
65.108.101.239 - - [19/Sep/2024:13:54:27 -0400] "GET /wp-content/uploads/index.php HTTP/1.1" 404 1251 "-" "Mozlila/5.0 (Linux; Android 7.0; SM-G892A Bulid/NRD90M; wv) AppleWebKit/537.36 (KHTML, like Gecko) Version/4.0 Chrome/60.0.3112.107 Moblie Safari/537.36"
65.108.101.239 - - [19/Sep/2024:13:54:33 -0400] "GET /wp-content/plugins/x/index.php HTTP/1.1" 404 1251 "-" "Mozlila/5.0 (Linux; Android 7.0; SM-G892A Bulid/NRD90M; wv) AppleWebKit/537.36 (KHTML, like Gecko) Version/4.0 Chrome/60.0.3112.107 Moblie Safari/537.36"
65.108.101.239 - - [19/Sep/2024:13:54:38 -0400] "GET /wp-includes/css/index.php HTTP/1.1" 404 1251 "-" "Mozlila/5.0 (Linux; Android 7.0; SM-G892A Bulid/NRD90M; wv) AppleWebKit/537.36 (KHTML, like Gecko) Version/4.0 Chrome/60.0.3112.107 Moblie Safari/537.36"
65.108.101.239 - - [19/Sep/2024:13:54:48 -0400] "GET /cgi-bin/index.php HTTP/1.1" 404 1251 "-" "Mozlila/5.0 (Linux; Android 7.0; SM-G892A Bulid/NRD90M; wv) AppleWebKit/537.36 (KHTML, like Gecko) Version/4.0 Chrome/60.0.3112.107 Moblie Safari/537.36"
65.108.101.239 - - [19/Sep/2024:13:54:54 -0400] "GET /edit.php HTTP/1.1" 404 1251 "-" "Mozlila/5.0 (Linux; Android 7.0; SM-G892A Bulid/NRD90M; wv) AppleWebKit/537.36 (KHTML, like Gecko) Version/4.0 Chrome/60.0.3112.107 Moblie Safari/537.36"
65.108.101.239 - - [19/Sep/2024:13:55:05 -0400] "GET /wp-admin/images/index.php HTTP/1.1" 404 1251 "-" "Mozlila/5.0 (Linux; Android 7.0; SM-G892A Bulid/NRD90M; wv) AppleWebKit/537.36 (KHTML, like Gecko) Version/4.0 Chrome/60.0.3112.107 Moblie Safari/537.36"
65.108.101.239 - - [19/Sep/2024:13:55:12 -0400] "GET /wp-admin/user/index.php HTTP/1.1" 404 1251 "-" "Mozlila/5.0 (Linux; Android 7.0; SM-G892A Bulid/NRD90M; wv) AppleWebKit/537.36 (KHTML, like Gecko) Version/4.0 Chrome/60.0.3112.107 Moblie Safari/537.36"
65.108.101.239 - - [19/Sep/2024:13:55:18 -0400] "GET /wp-includes/customize/index.php HTTP/1.1" 404 1251 "-" "Mozlila/5.0 (Linux; Android 7.0; SM-G892A Bulid/NRD90M; wv) AppleWebKit/537.36 (KHTML, like Gecko) Version/4.0 Chrome/60.0.3112.107 Moblie Safari/537.36"
51.222.253.10 - - [19/Sep/2024:13:55:19 -0400] "GET /wp-content/uploads/gravity_forms/c/e/g/g/?MA HTTP/1.1" 404 1251 "-" "Mozilla/5.0 (compatible; AhrefsBot/7.0; +http://ahrefs.com/robot/)"
157.55.39.11 - - [19/Sep/2024:13:55:33 -0400] "GET /category/browse.html?node=12&page=26 HTTP/1.1" 404 1251 "-" "Mozilla/5.0 AppleWebKit/537.36 (KHTML, like Gecko; compatible; bingbot/2.0; +http://www.bing.com/bingbot.htm) Chrome/116.0.1938.76 Safari/537.36"
65.108.101.239 - - [19/Sep/2024:13:55:35 -0400] "GET /wp-admin/network/index.php HTTP/1.1" 404 1251 "-" "Mozlila/5.0 (Linux; Android 7.0; SM-G892A Bulid/NRD90M; wv) AppleWebKit/537.36 (KHTML, like Gecko) Version/4.0 Chrome/60.0.3112.107 Moblie Safari/537.36"
66.249.65.45 - - [19/Sep/2024:13:57:32 -0400] "GET /index.php/products/forehearth1471297?id=676 HTTP/1.1" 404 1251 "-" "Mozilla/5.0 (Linux; Android 6.0.1; Nexus 5X Build/MMB29P) AppleWebKit/537.36 (KHTML, like Gecko) Chrome/128.0.6613.137 Mobile Safari/537.36 (compatible; Googlebot/2.1; +http://www.google.com/bot.html)"
66.249.65.45 - - [19/Sep/2024:13:57:38 -0400] "GET /products/archsaint593388?id=891 HTTP/1.1" 404 1251 "-" "Mozilla/5.0 (Linux; Android 6.0.1; Nexus 5X Build/MMB29P) AppleWebKit/537.36 (KHTML, like Gecko) Chrome/128.0.6613.137 Mobile Safari/537.36 (compatible; Googlebot/2.1; +http://www.google.com/bot.html)"
51.222.253.2 - - [19/Sep/2024:13:59:49 -0400] "GET /wp-content/uploads/gravity_forms/c/e/g/g/?SA HTTP/1.1" 404 1251 "-" "Mozilla/5.0 (compatible; AhrefsBot/7.0; +http://ahrefs.com/robot/)"
66.249.65.45 - - [19/Sep/2024:14:02:50 -0400] "GET /products/chirrup1670539?id=928 HTTP/1.1" 404 1251 "-" "Mozilla/5.0 (Linux; Android 6.0.1; Nexus 5X Build/MMB29P) AppleWebKit/537.36 (KHTML, like Gecko) Chrome/128.0.6613.137 Mobile Safari/537.36 (compatible; Googlebot/2.1; +http://www.google.com/bot.html)"
51.222.253.2 - - [19/Sep/2024:14:05:00 -0400] "GET /wp-content/uploads/gravity_forms/a/h/g/d/?MA HTTP/1.1" 404 1251 "-" "Mozilla/5.0 (compatible; AhrefsBot/7.0; +http://ahrefs.com/robot/)"
66.249.65.45 - - [19/Sep/2024:14:06:56 -0400] "GET /shop.php/products/hermitage571872?id=188 HTTP/1.1" 404 1251 "-" "Mozilla/5.0 (Linux; Android 6.0.1; Nexus 5X Build/MMB29P) AppleWebKit/537.36 (KHTML, like Gecko) Chrome/128.0.6613.137 Mobile Safari/537.36 (compatible; Googlebot/2.1; +http://www.google.com/bot.html)"
51.222.253.9 - - [19/Sep/2024:14:07:51 -0400] "GET /wp-content/uploads/gravity_forms/c/b/g/c/?MA HTTP/1.1" 404 1251 "-" "Mozilla/5.0 (compatible; AhrefsBot/7.0; +http://ahrefs.com/robot/)"
51.222.253.11 - - [19/Sep/2024:14:11:54 -0400] "GET /wp-content/uploads/gravity_forms/b/f/h/h/?MA HTTP/1.1" 404 1251 "-" "Mozilla/5.0 (compatible; AhrefsBot/7.0; +http://ahrefs.com/robot/)"
51.222.253.12 - - [19/Sep/2024:14:15:47 -0400] "GET /wp-content/uploads/gravity_forms/a/h/c/h/?MA HTTP/1.1" 404 1251 "-" "Mozilla/5.0 (compatible; AhrefsBot/7.0; +http://ahrefs.com/robot/)"
51.222.253.4 - - [19/Sep/2024:14:19:16 -0400] "GET /wp-content/uploads/gravity_forms/a/h/c/h/?SA HTTP/1.1" 404 1251 "-" "Mozilla/5.0 (compatible; AhrefsBot/7.0; +http://ahrefs.com/robot/)"
66.249.65.46 - - [19/Sep/2024:14:20:54 -0400] "GET /index.phpllisting/dell-latitude-7480-laptop-929396 HTTP/1.1" 404 1251 "-" "Mozilla/5.0 (Linux; Android 6.0.1; Nexus 5X Build/MMB29P) AppleWebKit/537.36 (KHTML, like Gecko) Chrome/128.0.6613.137 Mobile Safari/537.36 (compatible; Googlebot/2.1; +http://www.google.com/bot.html)"
51.222.253.13 - - [19/Sep/2024:14:22:15 -0400] "GET /wp-content/uploads/gravity_forms/g/b/c/b/?SA HTTP/1.1" 404 1251 "-" "Mozilla/5.0 (compatible; AhrefsBot/7.0; +http://ahrefs.com/robot/)"
51.222.253.1 - - [19/Sep/2024:14:25:18 -0400] "GET /wp-content/uploads/gravity_forms/g/f/e/b/?MA HTTP/1.1" 404 1251 "-" "Mozilla/5.0 (compatible; AhrefsBot/7.0; +http://ahrefs.com/robot/)"
51.222.253.2 - - [19/Sep/2024:14:28:26 -0400] "GET /wp-content/uploads/gravity_forms/g/f/e/b/?SA HTTP/1.1" 404 1251 "-" "Mozilla/5.0 (compatible; AhrefsBot/7.0; +http://ahrefs.com/robot/)"
51.222.253.2 - - [19/Sep/2024:14:31:09 -0400] "GET /wp-content/uploads/gravity_forms/f/a/h/f/?MA HTTP/1.1" 404 1251 "-" "Mozilla/5.0 (compatible; AhrefsBot/7.0; +http://ahrefs.com/robot/)"
51.222.253.15 - - [19/Sep/2024:14:34:04 -0400] "GET /wp-content/uploads/gravity_forms/g/f/d/c/?SA HTTP/1.1" 404 1251 "-" "Mozilla/5.0 (compatible; AhrefsBot/7.0; +http://ahrefs.com/robot/)"
40.77.167.68 - - [19/Sep/2024:14:35:33 -0400] "GET /htaccess.th HTTP/1.1" 200 197 "-" "Mozilla/5.0 AppleWebKit/537.36 (KHTML, like Gecko; compatible; bingbot/2.0; +http://www.bing.com/bingbot.htm) Chrome/116.0.1938.76 Safari/537.36"
51.222.253.14 - - [19/Sep/2024:14:36:55 -0400] "GET /wp-content/uploads/gravity_forms/f/a/g/g/?MA HTTP/1.1" 404 1251 "-" "Mozilla/5.0 (compatible; AhrefsBot/7.0; +http://ahrefs.com/robot/)"
51.222.253.5 - - [19/Sep/2024:14:39:22 -0400] "GET /wp-content/uploads/gravity_forms/e/f/h/e/?MA HTTP/1.1" 404 1251 "-" "Mozilla/5.0 (compatible; AhrefsBot/7.0; +http://ahrefs.com/robot/)"
136.243.220.213 - - [19/Sep/2024:14:40:19 -0400] "GET /robots.txt HTTP/1.1" 404 1251 "-" "Mozilla/5.0 (compatible; DataForSeoBot/1.0; +https://dataforseo.com/dataforseo-bot)"
51.222.253.13 - - [19/Sep/2024:14:42:07 -0400] "GET /wp-content/uploads/gravity_forms/e/f/h/e/?SA HTTP/1.1" 404 1251 "-" "Mozilla/5.0 (compatible; AhrefsBot/7.0; +http://ahrefs.com/robot/)"
51.222.253.16 - - [19/Sep/2024:14:44:45 -0400] "GET /wp-content/uploads/gravity_forms/d/b/h/a/?MA HTTP/1.1" 404 1251 "-" "Mozilla/5.0 (compatible; AhrefsBot/7.0; +http://ahrefs.com/robot/)"
51.222.253.8 - - [19/Sep/2024:14:47:05 -0400] "GET /wp-content/uploads/gravity_forms/a/f/g/b/?SA HTTP/1.1" 404 1251 "-" "Mozilla/5.0 (compatible; AhrefsBot/7.0; +http://ahrefs.com/robot/)"
40.77.167.8 - - [19/Sep/2024:14:48:06 -0400] "GET /64492010294137.html HTTP/1.1" 404 1251 "-" "Mozilla/5.0 AppleWebKit/537.36 (KHTML, like Gecko; compatible; bingbot/2.0; +http://www.bing.com/bingbot.htm) Chrome/116.0.1938.76 Safari/537.36"
51.222.253.14 - - [19/Sep/2024:14:49:40 -0400] "GET /wp-content/uploads/gravity_forms/d/f/h/b/?MA HTTP/1.1" 404 1251 "-" "Mozilla/5.0 (compatible; AhrefsBot/7.0; +http://ahrefs.com/robot/)"
51.222.253.16 - - [19/Sep/2024:14:51:54 -0400] "GET /wp-content/uploads/gravity_forms/f/g/b/d/?SA HTTP/1.1" 404 1251 "-" "Mozilla/5.0 (compatible; AhrefsBot/7.0; +http://ahrefs.com/robot/)"
51.222.253.13 - - [19/Sep/2024:14:54:05 -0400] "GET /wp-content/uploads/gravity_forms/b/g/a/h/?SA HTTP/1.1" 404 1251 "-" "Mozilla/5.0 (compatible; AhrefsBot/7.0; +http://ahrefs.com/robot/)"
51.222.253.19 - - [19/Sep/2024:14:56:23 -0400] "GET /wp-content/uploads/gravity_forms/a/d/h/e/?SA HTTP/1.1" 404 1251 "-" "Mozilla/5.0 (compatible; AhrefsBot/7.0; +http://ahrefs.com/robot/)"
51.222.253.10 - - [19/Sep/2024:14:58:43 -0400] "GET /wp-content/uploads/gravity_forms/a/e/b/c/?SA HTTP/1.1" 404 1251 "-" "Mozilla/5.0 (compatible; AhrefsBot/7.0; +http://ahrefs.com/robot/)"
51.222.253.9 - - [19/Sep/2024:15:00:57 -0400] "GET /wp-content/uploads/gravity_forms/d/h/f/b/?SA HTTP/1.1" 404 1251 "-" "Mozilla/5.0 (compatible; AhrefsBot/7.0; +http://ahrefs.com/robot/)"
66.249.65.46 - - [19/Sep/2024:15:01:59 -0400] "GET /style2.php/products/induement873671?id=716 HTTP/1.1" 404 1251 "-" "Mozilla/5.0 (Linux; Android 6.0.1; Nexus 5X Build/MMB29P) AppleWebKit/537.36 (KHTML, like Gecko) Chrome/128.0.6613.137 Mobile Safari/537.36 (compatible; Googlebot/2.1; +http://www.google.com/bot.html)"
66.249.65.45 - - [19/Sep/2024:15:02:14 -0400] "GET /products/ilocano1192115?id=185 HTTP/1.1" 404 1251 "-" "Mozilla/5.0 (Linux; Android 6.0.1; Nexus 5X Build/MMB29P) AppleWebKit/537.36 (KHTML, like Gecko) Chrome/128.0.6613.137 Mobile Safari/537.36 (compatible; Googlebot/2.1; +http://www.google.com/bot.html)"
51.222.253.6 - - [19/Sep/2024:15:08:31 -0400] "GET /wp-content/uploads/gravity_forms/g/c/g/b/ HTTP/1.1" 404 1251 "-" "Mozilla/5.0 (compatible; AhrefsBot/7.0; +http://ahrefs.com/robot/)"
51.222.253.17 - - [19/Sep/2024:15:11:04 -0400] "GET /wp-content/uploads/gravity_forms/g/c/g/c/ HTTP/1.1" 404 1251 "-" "Mozilla/5.0 (compatible; AhrefsBot/7.0; +http://ahrefs.com/robot/)"
51.222.253.16 - - [19/Sep/2024:15:13:34 -0400] "GET /wp-content/uploads/gravity_forms/g/c/g/d/ HTTP/1.1" 404 1251 "-" "Mozilla/5.0 (compatible; AhrefsBot/7.0; +http://ahrefs.com/robot/)"
40.77.167.54 - - [19/Sep/2024:15:14:58 -0400] "GET /playstation-hori-fc4-fighting-commander-4-controller-for-ps3-and-ps4-sealed-and-415343.html HTTP/1.1" 404 1251 "-" "Mozilla/5.0 AppleWebKit/537.36 (KHTML, like Gecko; compatible; bingbot/2.0; +http://www.bing.com/bingbot.htm) Chrome/116.0.1938.76 Safari/537.36"
51.222.253.10 - - [19/Sep/2024:15:15:54 -0400] "GET /wp-content/uploads/gravity_forms/g/c/g/e/ HTTP/1.1" 404 1251 "-" "Mozilla/5.0 (compatible; AhrefsBot/7.0; +http://ahrefs.com/robot/)"
66.249.65.46 - - [19/Sep/2024:15:17:31 -0400] "GET /nkos7pi HTTP/1.1" 404 1251 "-" "Mozilla/5.0 (Linux; Android 6.0.1; Nexus 5X Build/MMB29P) AppleWebKit/537.36 (KHTML, like Gecko) Chrome/128.0.6613.137 Mobile Safari/537.36 (compatible; Googlebot/2.1; +http://www.google.com/bot.html)"
51.222.253.16 - - [19/Sep/2024:15:18:53 -0400] "GET /wp-content/uploads/gravity_forms/g/c/g/f/ HTTP/1.1" 404 1251 "-" "Mozilla/5.0 (compatible; AhrefsBot/7.0; +http://ahrefs.com/robot/)"
66.249.65.45 - - [19/Sep/2024:15:21:28 -0400] "GET /a2f6product/product_id/859162/reviews HTTP/1.1" 404 1251 "-" "Mozilla/5.0 (Linux; Android 6.0.1; Nexus 5X Build/MMB29P) AppleWebKit/537.36 (KHTML, like Gecko) Chrome/128.0.6613.137 Mobile Safari/537.36 (compatible; Googlebot/2.1; +http://www.google.com/bot.html)"
51.222.253.18 - - [19/Sep/2024:15:22:46 -0400] "GET /wp-content/uploads/gravity_forms/g/g/b/h/?MA HTTP/1.1" 404 1251 "-" "Mozilla/5.0 (compatible; AhrefsBot/7.0; +http://ahrefs.com/robot/)"
51.222.253.8 - - [19/Sep/2024:15:25:28 -0400] "GET /wp-content/uploads/gravity_forms/g/c/g/h/ HTTP/1.1" 404 1251 "-" "Mozilla/5.0 (compatible; AhrefsBot/7.0; +http://ahrefs.com/robot/)"
207.46.13.87 - - [19/Sep/2024:15:26:28 -0400] "GET /canon-eos-rebel-t7i-dslr-camera-with-efs-1855mm-is-stm-lens-945165.html HTTP/1.1" 404 1251 "-" "Mozilla/5.0 AppleWebKit/537.36 (KHTML, like Gecko; compatible; bingbot/2.0; +http://www.bing.com/bingbot.htm) Chrome/116.0.1938.76 Safari/537.36"
51.222.253.12 - - [19/Sep/2024:15:28:21 -0400] "GET /wp-content/uploads/gravity_forms/g/g/b/h/?SA HTTP/1.1" 404 1251 "-" "Mozilla/5.0 (compatible; AhrefsBot/7.0; +http://ahrefs.com/robot/)"
66.249.65.46 - - [19/Sep/2024:15:31:08 -0400] "GET /index.php?listing/nappa-dori-classic-jewelry-makeup-travel-case-steamer-mini-trunk-vanity-case-491584 HTTP/1.1" 404 1251 "-" "Mozilla/5.0 (Linux; Android 6.0.1; Nexus 5X Build/MMB29P) AppleWebKit/537.36 (KHTML, like Gecko) Chrome/128.0.6613.137 Mobile Safari/537.36 (compatible; Googlebot/2.1; +http://www.google.com/bot.html)"
51.222.253.18 - - [19/Sep/2024:15:31:11 -0400] "GET /wp-content/uploads/gravity_forms/f/c/c/h/ HTTP/1.1" 404 1251 "-" "Mozilla/5.0 (compatible; AhrefsBot/7.0; +http://ahrefs.com/robot/)"
