51.222.253.17 - - [19/Sep/2024:15:34:13 -0400] "GET /wp-content/uploads/gravity_forms/e/g/f/f/?MA HTTP/1.1" 404 1251 "-" "Mozilla/5.0 (compatible; AhrefsBot/7.0; +http://ahrefs.com/robot/)"
51.222.253.11 - - [19/Sep/2024:15:36:42 -0400] "GET /wp-content/uploads/gravity_forms/e/g/d/c/?MA HTTP/1.1" 404 1251 "-" "Mozilla/5.0 (compatible; AhrefsBot/7.0; +http://ahrefs.com/robot/)"
66.249.65.45 - - [19/Sep/2024:15:38:48 -0400] "GET /wp-config-sample.php/products/oversteadfastness770496?id=38 HTTP/1.1" 404 1251 "-" "Mozilla/5.0 (Linux; Android 6.0.1; Nexus 5X Build/MMB29P) AppleWebKit/537.36 (KHTML, like Gecko) Chrome/128.0.6613.137 Mobile Safari/537.36 (compatible; Googlebot/2.1; +http://www.google.com/bot.html)"
66.249.65.45 - - [19/Sep/2024:15:38:59 -0400] "GET /index.php/products/intercommunal1073267/listing/supreme%C2%AEumbro-jacquard-animal-print-soccer-short-navy-mens-size-small-ss23-195850 HTTP/1.1" 404 1251 "-" "Mozilla/5.0 (Linux; Android 6.0.1; Nexus 5X Build/MMB29P) AppleWebKit/537.36 (KHTML, like Gecko) Chrome/128.0.6613.137 Mobile Safari/537.36 (compatible; Googlebot/2.1; +http://www.google.com/bot.html)"
51.222.253.15 - - [19/Sep/2024:15:41:38 -0400] "GET /wp-content/uploads/gravity_forms/e/h/h/a/ HTTP/1.1" 404 1251 "-" "Mozilla/5.0 (compatible; AhrefsBot/7.0; +http://ahrefs.com/robot/)"
51.222.253.20 - - [19/Sep/2024:15:43:48 -0400] "GET /wp-content/uploads/gravity_forms/e/h/h/b/ HTTP/1.1" 404 1251 "-" "Mozilla/5.0 (compatible; AhrefsBot/7.0; +http://ahrefs.com/robot/)"
51.222.253.11 - - [19/Sep/2024:15:46:08 -0400] "GET /wp-content/uploads/gravity_forms/e/h/h/c/ HTTP/1.1" 404 1251 "-" "Mozilla/5.0 (compatible; AhrefsBot/7.0; +http://ahrefs.com/robot/)"
51.222.253.10 - - [19/Sep/2024:15:48:19 -0400] "GET /wp-content/uploads/gravity_forms/e/h/h/d/ HTTP/1.1" 404 1251 "-" "Mozilla/5.0 (compatible; AhrefsBot/7.0; +http://ahrefs.com/robot/)"
66.249.65.46 - - [19/Sep/2024:15:50:17 -0400] "GET /products/agathaumas1076663?id=222 HTTP/1.1" 404 1251 "-" "Mozilla/5.0 (Linux; Android 6.0.1; Nexus 5X Build/MMB29P) AppleWebKit/537.36 (KHTML, like Gecko) Chrome/128.0.6613.137 Mobile Safari/537.36 (compatible; Googlebot/2.1; +http://www.google.com/bot.html)"
51.222.253.11 - - [19/Sep/2024:15:51:01 -0400] "GET /wp-content/uploads/gravity_forms/e/h/h/e/ HTTP/1.1" 404 1251 "-" "Mozilla/5.0 (compatible; AhrefsBot/7.0; +http://ahrefs.com/robot/)"
51.222.253.12 - - [19/Sep/2024:15:53:45 -0400] "GET /wp-content/uploads/gravity_forms/e/h/h/f/ HTTP/1.1" 404 1251 "-" "Mozilla/5.0 (compatible; AhrefsBot/7.0; +http://ahrefs.com/robot/)"
51.222.253.12 - - [19/Sep/2024:15:56:22 -0400] "GET /wp-content/uploads/gravity_forms/e/h/h/g/ HTTP/1.1" 404 1251 "-" "Mozilla/5.0 (compatible; AhrefsBot/7.0; +http://ahrefs.com/robot/)"
51.222.253.1 - - [19/Sep/2024:15:58:31 -0400] "GET /wp-content/uploads/gravity_forms/a/e/c/a/ HTTP/1.1" 404 1251 "-" "Mozilla/5.0 (compatible; AhrefsBot/7.0; +http://ahrefs.com/robot/)"
54.36.148.142 - - [19/Sep/2024:16:00:47 -0400] "GET /robots.txt HTTP/1.1" 404 1251 "-" "Mozilla/5.0 (compatible; AhrefsBot/7.0; +http://ahrefs.com/robot/)"
51.222.253.5 - - [19/Sep/2024:16:00:48 -0400] "GET /wp-content/uploads/2023/03/ HTTP/1.1" 404 1251 "-" "Mozilla/5.0 (compatible; AhrefsBot/7.0; +http://ahrefs.com/robot/)"
51.222.253.19 - - [19/Sep/2024:16:03:19 -0400] "GET /wp-content/uploads/gravity_forms/a/e/c/b/ HTTP/1.1" 404 1251 "-" "Mozilla/5.0 (compatible; AhrefsBot/7.0; +http://ahrefs.com/robot/)"
51.222.253.19 - - [19/Sep/2024:16:05:44 -0400] "GET /wp-content/uploads/gravity_forms/a/e/c/c/ HTTP/1.1" 404 1251 "-" "Mozilla/5.0 (compatible; AhrefsBot/7.0; +http://ahrefs.com/robot/)"
66.249.65.45 - - [19/Sep/2024:16:06:28 -0400] "GET /robots.txt HTTP/1.1" 404 1251 "-" "Mozilla/5.0 (compatible; Googlebot/2.1; +http://www.google.com/bot.html)"
51.222.253.8 - - [19/Sep/2024:16:08:15 -0400] "GET /wp-content/uploads/gravity_forms/a/e/c/d/ HTTP/1.1" 404 1251 "-" "Mozilla/5.0 (compatible; AhrefsBot/7.0; +http://ahrefs.com/robot/)"
51.222.253.16 - - [19/Sep/2024:16:10:47 -0400] "GET /wp-content/uploads/gravity_forms/a/e/c/e/ HTTP/1.1" 404 1251 "-" "Mozilla/5.0 (compatible; AhrefsBot/7.0; +http://ahrefs.com/robot/)"
66.249.65.46 - - [19/Sep/2024:16:12:02 -0400] "GET /rrgbjfglm HTTP/1.1" 404 1251 "-" "Mozilla/5.0 (Linux; Android 6.0.1; Nexus 5X Build/MMB29P) AppleWebKit/537.36 (KHTML, like Gecko) Chrome/128.0.6613.137 Mobile Safari/537.36 (compatible; Googlebot/2.1; +http://www.google.com/bot.html)"
66.249.65.45 - - [19/Sep/2024:16:12:11 -0400] "GET /index.php/products/kibitzer834092?id=782 HTTP/1.1" 404 1251 "-" "Mozilla/5.0 (Linux; Android 6.0.1; Nexus 5X Build/MMB29P) AppleWebKit/537.36 (KHTML, like Gecko) Chrome/128.0.6613.137 Mobile Safari/537.36 (compatible; Googlebot/2.1; +http://www.google.com/bot.html)"
43.130.32.245 - - [19/Sep/2024:16:13:09 -0400] "GET / HTTP/1.1" 200 2084 "http://www.zombie.wtf" "Mozilla/5.0 (iPhone; CPU iPhone OS 13_2_3 like Mac OS X) AppleWebKit/605.1.15 (KHTML, like Gecko) Version/13.0.3 Mobile/15E148 Safari/604.1"
51.222.253.3 - - [19/Sep/2024:16:13:40 -0400] "GET /wp-content/uploads/gravity_forms/a/e/c/f/ HTTP/1.1" 404 1251 "-" "Mozilla/5.0 (compatible; AhrefsBot/7.0; +http://ahrefs.com/robot/)"
51.222.253.18 - - [19/Sep/2024:16:16:13 -0400] "GET /wp-content/uploads/gravity_forms/a/e/c/g/ HTTP/1.1" 404 1251 "-" "Mozilla/5.0 (compatible; AhrefsBot/7.0; +http://ahrefs.com/robot/)"
51.222.253.11 - - [19/Sep/2024:16:18:27 -0400] "GET /wp-content/uploads/gravity_forms/a/e/c/h/ HTTP/1.1" 404 1251 "-" "Mozilla/5.0 (compatible; AhrefsBot/7.0; +http://ahrefs.com/robot/)"
52.167.144.19 - - [19/Sep/2024:16:19:37 -0400] "GET /76178-daily-bugle-spider-man-complete-952238.html HTTP/1.1" 404 1251 "-" "Mozilla/5.0 AppleWebKit/537.36 (KHTML, like Gecko; compatible; bingbot/2.0; +http://www.bing.com/bingbot.htm) Chrome/116.0.1938.76 Safari/537.36"
51.222.253.3 - - [19/Sep/2024:16:20:37 -0400] "GET /wp-content/uploads/gravity_forms/a/e/h/a/ HTTP/1.1" 404 1251 "-" "Mozilla/5.0 (compatible; AhrefsBot/7.0; +http://ahrefs.com/robot/)"
66.249.65.46 - - [19/Sep/2024:16:20:53 -0400] "GET /shop.php/products/corallet1765394?id=863 HTTP/1.1" 404 1251 "-" "Mozilla/5.0 (Linux; Android 6.0.1; Nexus 5X Build/MMB29P) AppleWebKit/537.36 (KHTML, like Gecko) Chrome/128.0.6613.137 Mobile Safari/537.36 (compatible; Googlebot/2.1; +http://www.google.com/bot.html)"
51.222.253.8 - - [19/Sep/2024:16:22:47 -0400] "GET /wp-content/uploads/gravity_forms/a/e/h/b/ HTTP/1.1" 404 1251 "-" "Mozilla/5.0 (compatible; AhrefsBot/7.0; +http://ahrefs.com/robot/)"
51.222.253.18 - - [19/Sep/2024:16:24:45 -0400] "GET /wp-content/uploads/gravity_forms/a/e/h/c/ HTTP/1.1" 404 1251 "-" "Mozilla/5.0 (compatible; AhrefsBot/7.0; +http://ahrefs.com/robot/)"
51.222.253.9 - - [19/Sep/2024:16:26:48 -0400] "GET /wp-content/uploads/gravity_forms/a/e/h/e/ HTTP/1.1" 404 1251 "-" "Mozilla/5.0 (compatible; AhrefsBot/7.0; +http://ahrefs.com/robot/)"
51.222.253.3 - - [19/Sep/2024:16:29:03 -0400] "GET /wp-content/uploads/gravity_forms/a/e/h/f/ HTTP/1.1" 404 1251 "-" "Mozilla/5.0 (compatible; AhrefsBot/7.0; +http://ahrefs.com/robot/)"
51.222.253.2 - - [19/Sep/2024:16:31:08 -0400] "GET /wp-content/uploads/gravity_forms/a/e/h/g/ HTTP/1.1" 404 1251 "-" "Mozilla/5.0 (compatible; AhrefsBot/7.0; +http://ahrefs.com/robot/)"
51.222.253.17 - - [19/Sep/2024:16:33:29 -0400] "GET /wp-content/uploads/gravity_forms/a/e/h/h/ HTTP/1.1" 404 1251 "-" "Mozilla/5.0 (compatible; AhrefsBot/7.0; +http://ahrefs.com/robot/)"
51.222.253.18 - - [19/Sep/2024:16:35:39 -0400] "GET /wp-content/uploads/gravity_forms/a/c/h/a/ HTTP/1.1" 404 1251 "-" "Mozilla/5.0 (compatible; AhrefsBot/7.0; +http://ahrefs.com/robot/)"
66.249.65.46 - - [19/Sep/2024:16:37:13 -0400] "GET /index.php/products/prejudiciously323517?id=649 HTTP/1.1" 404 1251 "-" "Mozilla/5.0 (Linux; Android 6.0.1; Nexus 5X Build/MMB29P) AppleWebKit/537.36 (KHTML, like Gecko) Chrome/128.0.6613.137 Mobile Safari/537.36 (compatible; Googlebot/2.1; +http://www.google.com/bot.html)"
51.222.253.11 - - [19/Sep/2024:16:37:59 -0400] "GET /wp-content/uploads/gravity_forms/a/c/h/c/ HTTP/1.1" 404 1251 "-" "Mozilla/5.0 (compatible; AhrefsBot/7.0; +http://ahrefs.com/robot/)"
51.222.253.19 - - [19/Sep/2024:16:40:15 -0400] "GET /wp-content/uploads/gravity_forms/a/c/h/d/ HTTP/1.1" 404 1251 "-" "Mozilla/5.0 (compatible; AhrefsBot/7.0; +http://ahrefs.com/robot/)"
51.222.253.14 - - [19/Sep/2024:16:42:37 -0400] "GET /wp-content/uploads/gravity_forms/a/c/h/f/ HTTP/1.1" 404 1251 "-" "Mozilla/5.0 (compatible; AhrefsBot/7.0; +http://ahrefs.com/robot/)"
51.222.253.4 - - [19/Sep/2024:16:44:50 -0400] "GET /wp-content/uploads/gravity_forms/a/c/h/g/ HTTP/1.1" 404 1251 "-" "Mozilla/5.0 (compatible; AhrefsBot/7.0; +http://ahrefs.com/robot/)"
51.222.253.12 - - [19/Sep/2024:16:47:07 -0400] "GET /wp-content/uploads/gravity_forms/a/c/h/h/ HTTP/1.1" 404 1251 "-" "Mozilla/5.0 (compatible; AhrefsBot/7.0; +http://ahrefs.com/robot/)"
51.222.253.13 - - [19/Sep/2024:16:49:04 -0400] "GET /wp-content/uploads/gravity_forms/a/b/c/a/ HTTP/1.1" 404 1251 "-" "Mozilla/5.0 (compatible; AhrefsBot/7.0; +http://ahrefs.com/robot/)"
51.222.253.5 - - [19/Sep/2024:16:51:18 -0400] "GET /wp-content/uploads/gravity_forms/a/b/c/b/ HTTP/1.1" 404 1251 "-" "Mozilla/5.0 (compatible; AhrefsBot/7.0; +http://ahrefs.com/robot/)"
51.222.253.18 - - [19/Sep/2024:16:53:32 -0400] "GET /robots.txt HTTP/1.1" 404 1251 "-" "Mozilla/5.0 (compatible; AhrefsBot/7.0; +http://ahrefs.com/robot/)"
51.222.253.9 - - [19/Sep/2024:16:53:33 -0400] "GET /wp-content/uploads/gravity_forms/a/f/b/?MA HTTP/1.1" 404 1251 "-" "Mozilla/5.0 (compatible; AhrefsBot/7.0; +http://ahrefs.com/robot/)"
51.222.253.12 - - [19/Sep/2024:16:55:47 -0400] "GET /wp-content/uploads/gravity_forms/a/b/c/c/ HTTP/1.1" 404 1251 "-" "Mozilla/5.0 (compatible; AhrefsBot/7.0; +http://ahrefs.com/robot/)"
51.222.253.5 - - [19/Sep/2024:16:57:24 -0400] "GET /wp-content/uploads/gravity_forms/a/f/b/?SA HTTP/1.1" 404 1251 "-" "Mozilla/5.0 (compatible; AhrefsBot/7.0; +http://ahrefs.com/robot/)"
51.222.253.15 - - [19/Sep/2024:16:59:38 -0400] "GET /wp-content/uploads/gravity_forms/a/b/c/d/ HTTP/1.1" 404 1251 "-" "Mozilla/5.0 (compatible; AhrefsBot/7.0; +http://ahrefs.com/robot/)"
51.222.253.15 - - [19/Sep/2024:17:01:46 -0400] "GET /wp-content/uploads/gravity_forms/a/b/c/e/ HTTP/1.1" 404 1251 "-" "Mozilla/5.0 (compatible; AhrefsBot/7.0; +http://ahrefs.com/robot/)"
51.222.253.20 - - [19/Sep/2024:17:06:26 -0400] "GET /wp-content/uploads/gravity_forms/a/b/c/f/ HTTP/1.1" 404 1251 "-" "Mozilla/5.0 (compatible; AhrefsBot/7.0; +http://ahrefs.com/robot/)"
51.222.253.17 - - [19/Sep/2024:17:08:40 -0400] "GET /wp-content/uploads/gravity_forms/a/b/c/g/ HTTP/1.1" 404 1251 "-" "Mozilla/5.0 (compatible; AhrefsBot/7.0; +http://ahrefs.com/robot/)"
51.222.253.9 - - [19/Sep/2024:17:11:12 -0400] "GET /wp-content/uploads/gravity_forms/a/b/c/h/ HTTP/1.1" 404 1251 "-" "Mozilla/5.0 (compatible; AhrefsBot/7.0; +http://ahrefs.com/robot/)"
51.222.253.12 - - [19/Sep/2024:17:13:26 -0400] "GET /wp-content/uploads/gravity_forms/b/d/c/a/ HTTP/1.1" 404 1251 "-" "Mozilla/5.0 (compatible; AhrefsBot/7.0; +http://ahrefs.com/robot/)"
51.222.253.9 - - [19/Sep/2024:17:21:44 -0400] "GET /wp-content/uploads/gravity_forms/b/d/c/b/ HTTP/1.1" 404 1251 "-" "Mozilla/5.0 (compatible; AhrefsBot/7.0; +http://ahrefs.com/robot/)"
51.222.253.9 - - [19/Sep/2024:17:23:54 -0400] "GET /wp-content/uploads/gravity_forms/b/d/c/c/ HTTP/1.1" 404 1251 "-" "Mozilla/5.0 (compatible; AhrefsBot/7.0; +http://ahrefs.com/robot/)"
66.249.65.45 - - [19/Sep/2024:17:24:21 -0400] "GET /index.php/products/mediocrist195604/kyuusan-food/haribo.html/listing/disney-x-coach-pink-leather-mini-rowan-crossbody-with-ice-skate-motif-617868 HTTP/1.1" 404 1251 "-" "Mozilla/5.0 (Linux; Android 6.0.1; Nexus 5X Build/MMB29P) AppleWebKit/537.36 (KHTML, like Gecko) Chrome/128.0.6613.137 Mobile Safari/537.36 (compatible; Googlebot/2.1; +http://www.google.com/bot.html)"
66.249.65.45 - - [19/Sep/2024:17:24:53 -0400] "GET /index.phpllisting/qty-1-real-diamond-princess-cut-band-609143 HTTP/1.1" 404 1251 "-" "Mozilla/5.0 (Linux; Android 6.0.1; Nexus 5X Build/MMB29P) AppleWebKit/537.36 (KHTML, like Gecko) Chrome/128.0.6613.137 Mobile Safari/537.36 (compatible; Googlebot/2.1; +http://www.google.com/bot.html)"
51.222.253.16 - - [19/Sep/2024:17:26:00 -0400] "GET /wp-content/uploads/gravity_forms/b/d/c/d/ HTTP/1.1" 404 1251 "-" "Mozilla/5.0 (compatible; AhrefsBot/7.0; +http://ahrefs.com/robot/)"
51.222.253.11 - - [19/Sep/2024:17:28:32 -0400] "GET /wp-content/uploads/gravity_forms/a/a/b/b/?MA HTTP/1.1" 404 1251 "-" "Mozilla/5.0 (compatible; AhrefsBot/7.0; +http://ahrefs.com/robot/)"
51.222.253.10 - - [19/Sep/2024:17:31:08 -0400] "GET /wp-content/uploads/gravity_forms/b/d/c/e/ HTTP/1.1" 404 1251 "-" "Mozilla/5.0 (compatible; AhrefsBot/7.0; +http://ahrefs.com/robot/)"
51.222.253.3 - - [19/Sep/2024:17:33:35 -0400] "GET /wp-content/uploads/gravity_forms/a/a/b/b/?SA HTTP/1.1" 404 1251 "-" "Mozilla/5.0 (compatible; AhrefsBot/7.0; +http://ahrefs.com/robot/)"
66.249.65.46 - - [19/Sep/2024:17:35:53 -0400] "GET /listing/video-game-lot-382618 HTTP/1.1" 404 1251 "-" "Mozilla/5.0 (compatible; Googlebot/2.1; +http://www.google.com/bot.html)"
51.222.253.13 - - [19/Sep/2024:17:36:12 -0400] "GET /wp-content/uploads/gravity_forms/a/a/b/c/?MA HTTP/1.1" 404 1251 "-" "Mozilla/5.0 (compatible; AhrefsBot/7.0; +http://ahrefs.com/robot/)"
66.249.65.46 - - [19/Sep/2024:17:36:46 -0400] "GET /listing/frieza-japanese-funko-pop-194527 HTTP/1.1" 404 1251 "-" "Mozilla/5.0 (Linux; Android 6.0.1; Nexus 5X Build/MMB29P) AppleWebKit/537.36 (KHTML, like Gecko) Chrome/128.0.6613.137 Mobile Safari/537.36 (compatible; Googlebot/2.1; +http://www.google.com/bot.html)"
51.222.253.5 - - [19/Sep/2024:17:44:07 -0400] "GET /wp-content/uploads/gravity_forms/a/a/b/e/?MA HTTP/1.1" 404 1251 "-" "Mozilla/5.0 (compatible; AhrefsBot/7.0; +http://ahrefs.com/robot/)"
51.222.253.2 - - [19/Sep/2024:17:39:02 -0400] "GET /wp-content/uploads/gravity_forms/a/a/b/d/?MA HTTP/1.1" 404 1251 "-" "Mozilla/5.0 (compatible; AhrefsBot/7.0; +http://ahrefs.com/robot/)"
51.222.253.6 - - [19/Sep/2024:17:41:29 -0400] "GET /wp-content/uploads/gravity_forms/a/a/b/d/?SA HTTP/1.1" 404 1251 "-" "Mozilla/5.0 (compatible; AhrefsBot/7.0; +http://ahrefs.com/robot/)"
51.222.253.17 - - [19/Sep/2024:17:46:40 -0400] "GET /wp-content/uploads/gravity_forms/b/d/c/f/ HTTP/1.1" 404 1251 "-" "Mozilla/5.0 (compatible; AhrefsBot/7.0; +http://ahrefs.com/robot/)"
51.222.253.1 - - [19/Sep/2024:17:49:25 -0400] "GET /wp-content/uploads/gravity_forms/a/a/b/e/?SA HTTP/1.1" 404 1251 "-" "Mozilla/5.0 (compatible; AhrefsBot/7.0; +http://ahrefs.com/robot/)"
194.38.23.16 - - [19/Sep/2024:17:49:49 -0400] "GET /assets/plugins/ckeditor/elfinder/php/connector.php HTTP/1.1" 404 1251 "-" "ALittle Client"
51.222.253.11 - - [19/Sep/2024:17:52:13 -0400] "GET /fe3de/?MA HTTP/1.1" 200 703 "-" "Mozilla/5.0 (compatible; AhrefsBot/7.0; +http://ahrefs.com/robot/)"
51.15.16.101 - - [19/Sep/2024:17:55:17 -0400] "GET /wp-apxupx.php?apx=upx HTTP/1.1" 404 1251 "www.google.com" "Mozlila/5.0 (Linux; Android 7.0; SM-G892A Bulid/NRD90M; wv) AppleWebKit/537.36 (KHTML, like Gecko) Version/4.0 Chrome/60.0.3112.107 Moblie Safari/537.36"
51.222.253.14 - - [19/Sep/2024:17:55:30 -0400] "GET /wp-content/uploads/gravity_forms/b/d/h/b/?SA HTTP/1.1" 404 1251 "-" "Mozilla/5.0 (compatible; AhrefsBot/7.0; +http://ahrefs.com/robot/)"
51.222.253.10 - - [19/Sep/2024:18:00:06 -0400] "GET /wp-content/uploads/gravity_forms/g/c/g/a/ HTTP/1.1" 404 1251 "-" "Mozilla/5.0 (compatible; AhrefsBot/7.0; +http://ahrefs.com/robot/)"
51.222.253.20 - - [19/Sep/2024:18:04:38 -0400] "GET /wp-content/uploads/gravity_forms/e/g/d/c/?SA HTTP/1.1" 404 1251 "-" "Mozilla/5.0 (compatible; AhrefsBot/7.0; +http://ahrefs.com/robot/)"
51.222.253.6 - - [19/Sep/2024:18:08:55 -0400] "GET /fe3de/?SA HTTP/1.1" 200 702 "-" "Mozilla/5.0 (compatible; AhrefsBot/7.0; +http://ahrefs.com/robot/)"
51.222.253.7 - - [19/Sep/2024:18:13:31 -0400] "GET /wp-content/uploads/gravity_forms/b/d/c/g/ HTTP/1.1" 404 1251 "-" "Mozilla/5.0 (compatible; AhrefsBot/7.0; +http://ahrefs.com/robot/)"
66.249.65.46 - - [19/Sep/2024:18:16:18 -0400] "GET /index.php?listing/blue-of-a-kind-handmade-apollo-jeans-made-in-italy-upcycled-boyfrend-large-606415 HTTP/1.1" 404 1251 "-" "Mozilla/5.0 (Linux; Android 6.0.1; Nexus 5X Build/MMB29P) AppleWebKit/537.36 (KHTML, like Gecko) Chrome/128.0.6613.137 Mobile Safari/537.36 (compatible; Googlebot/2.1; +http://www.google.com/bot.html)"
51.222.253.13 - - [19/Sep/2024:18:17:11 -0400] "GET /wp-content/uploads/gravity_forms/b/d/c/h/ HTTP/1.1" 404 1251 "-" "Mozilla/5.0 (compatible; AhrefsBot/7.0; +http://ahrefs.com/robot/)"
51.222.253.5 - - [19/Sep/2024:18:20:31 -0400] "GET /wp-content/uploads/gravity_forms/b/c/h/a/ HTTP/1.1" 404 1251 "-" "Mozilla/5.0 (compatible; AhrefsBot/7.0; +http://ahrefs.com/robot/)"
51.222.253.19 - - [19/Sep/2024:18:24:12 -0400] "GET /wp-content/uploads/gravity_forms/b/c/h/b/ HTTP/1.1" 404 1251 "-" "Mozilla/5.0 (compatible; AhrefsBot/7.0; +http://ahrefs.com/robot/)"
47.128.20.244 - - [19/Sep/2024:18:25:41 -0400] "GET /robots.txt HTTP/1.1" 404 1251 "-" "Mozilla/5.0 (Linux; Android 5.0) AppleWebKit/537.36 (KHTML, like Gecko) Mobile Safari/537.36 (compatible; Bytespider; spider-feedback@bytedance.com)"
51.222.253.14 - - [19/Sep/2024:18:28:57 -0400] "GET /wp-content/uploads/gravity_forms/b/c/h/c/ HTTP/1.1" 404 1251 "-" "Mozilla/5.0 (compatible; AhrefsBot/7.0; +http://ahrefs.com/robot/)"
66.249.65.45 - - [19/Sep/2024:18:29:12 -0400] "GET /products/grainways751351?id=640 HTTP/1.1" 404 1251 "-" "Mozilla/5.0 (Linux; Android 6.0.1; Nexus 5X Build/MMB29P) AppleWebKit/537.36 (KHTML, like Gecko) Chrome/128.0.6613.137 Mobile Safari/537.36 (compatible; Googlebot/2.1; +http://www.google.com/bot.html)"
66.249.65.46 - - [19/Sep/2024:18:34:54 -0400] "GET /products/gleba1166124?id=152 HTTP/1.1" 404 1251 "-" "Mozilla/5.0 (Linux; Android 6.0.1; Nexus 5X Build/MMB29P) AppleWebKit/537.36 (KHTML, like Gecko) Chrome/128.0.6613.137 Mobile Safari/537.36 (compatible; Googlebot/2.1; +http://www.google.com/bot.html)"
51.222.253.11 - - [19/Sep/2024:18:37:53 -0400] "GET /wp-content/uploads/gravity_forms/b/c/h/e/ HTTP/1.1" 404 1251 "-" "Mozilla/5.0 (compatible; AhrefsBot/7.0; +http://ahrefs.com/robot/)"
51.222.253.10 - - [19/Sep/2024:18:42:19 -0400] "GET /wp-content/uploads/gravity_forms/b/c/h/f/ HTTP/1.1" 404 1251 "-" "Mozilla/5.0 (compatible; AhrefsBot/7.0; +http://ahrefs.com/robot/)"
51.222.253.7 - - [19/Sep/2024:18:46:13 -0400] "GET /wp-content/uploads/gravity_forms/b/c/h/g/ HTTP/1.1" 404 1251 "-" "Mozilla/5.0 (compatible; AhrefsBot/7.0; +http://ahrefs.com/robot/)"
91.92.242.21 - - [19/Sep/2024:18:46:17 -0400] "GET /wp-content/plugins/wp-catcher/index.php HTTP/1.1" 404 1251 "www.google.com" "Mozlila/5.0 (Linux; Android 7.0; SM-G892A Bulid/NRD90M; wv) AppleWebKit/537.36 (KHTML, like Gecko) Version/4.0 Chrome/60.0.3112.107 Moblie Safari/537.36"
51.222.253.2 - - [19/Sep/2024:18:49:35 -0400] "GET /wp-content/uploads/gravity_forms/b/c/h/h/ HTTP/1.1" 404 1251 "-" "Mozilla/5.0 (compatible; AhrefsBot/7.0; +http://ahrefs.com/robot/)"
66.249.65.45 - - [19/Sep/2024:18:49:51 -0400] "GET /products/beadleism1186200?id=71 HTTP/1.1" 404 1251 "-" "Mozilla/5.0 (Linux; Android 6.0.1; Nexus 5X Build/MMB29P) AppleWebKit/537.36 (KHTML, like Gecko) Chrome/128.0.6613.137 Mobile Safari/537.36 (compatible; Googlebot/2.1; +http://www.google.com/bot.html)"
66.249.65.45 - - [19/Sep/2024:18:49:56 -0400] "GET /504603102917117.html HTTP/1.1" 404 1251 "-" "Mozilla/5.0 (Linux; Android 6.0.1; Nexus 5X Build/MMB29P) AppleWebKit/537.36 (KHTML, like Gecko) Chrome/128.0.6613.137 Mobile Safari/537.36 (compatible; Googlebot/2.1; +http://www.google.com/bot.html)"
51.222.253.8 - - [19/Sep/2024:18:53:20 -0400] "GET /wp-content/uploads/gravity_forms/c/f/b/a/ HTTP/1.1" 404 1251 "-" "Mozilla/5.0 (compatible; AhrefsBot/7.0; +http://ahrefs.com/robot/)"
51.222.253.7 - - [19/Sep/2024:18:56:37 -0400] "GET /wp-content/uploads/gravity_forms/c/f/b/b/ HTTP/1.1" 404 1251 "-" "Mozilla/5.0 (compatible; AhrefsBot/7.0; +http://ahrefs.com/robot/)"
51.222.253.19 - - [19/Sep/2024:19:00:09 -0400] "GET /wp-content/uploads/gravity_forms/c/f/b/c/ HTTP/1.1" 404 1251 "-" "Mozilla/5.0 (compatible; AhrefsBot/7.0; +http://ahrefs.com/robot/)"
51.222.253.15 - - [19/Sep/2024:19:04:15 -0400] "GET /wp-content/uploads/gravity_forms/c/f/b/d/ HTTP/1.1" 404 1251 "-" "Mozilla/5.0 (compatible; AhrefsBot/7.0; +http://ahrefs.com/robot/)"
51.222.253.5 - - [19/Sep/2024:19:07:22 -0400] "GET /wp-content/uploads/gravity_forms/c/f/b/e/ HTTP/1.1" 404 1251 "-" "Mozilla/5.0 (compatible; AhrefsBot/7.0; +http://ahrefs.com/robot/)"
47.128.44.22 - - [19/Sep/2024:19:08:36 -0400] "GET /robots.txt HTTP/1.1" 404 1251 "-" "Mozilla/5.0 (Linux; Android 5.0) AppleWebKit/537.36 (KHTML, like Gecko) Mobile Safari/537.36 (compatible; Bytespider; spider-feedback@bytedance.com)"
40.77.167.43 - - [19/Sep/2024:19:10:13 -0400] "GET /list/646_1231?kg=dy HTTP/1.1" 404 1251 "-" "Mozilla/5.0 AppleWebKit/537.36 (KHTML, like Gecko; compatible; bingbot/2.0; +http://www.bing.com/bingbot.htm) Chrome/116.0.1938.76 Safari/537.36"
51.222.253.11 - - [19/Sep/2024:19:11:30 -0400] "GET /wp-content/uploads/gravity_forms/c/f/b/f/ HTTP/1.1" 404 1251 "-" "Mozilla/5.0 (compatible; AhrefsBot/7.0; +http://ahrefs.com/robot/)"
40.77.167.1 - - [19/Sep/2024:19:13:06 -0400] "GET /integra-slim-network-av-receiver-dsx3-724879.html HTTP/1.1" 404 1251 "-" "Mozilla/5.0 AppleWebKit/537.36 (KHTML, like Gecko; compatible; bingbot/2.0; +http://www.bing.com/bingbot.htm) Chrome/116.0.1938.76 Safari/537.36"
66.249.65.45 - - [19/Sep/2024:19:13:12 -0400] "GET /index.php/products/constitutively1368543?id=548 HTTP/1.1" 404 1251 "-" "Mozilla/5.0 (Linux; Android 6.0.1; Nexus 5X Build/MMB29P) AppleWebKit/537.36 (KHTML, like Gecko) Chrome/128.0.6613.137 Mobile Safari/537.36 (compatible; Googlebot/2.1; +http://www.google.com/bot.html)"
51.222.253.17 - - [19/Sep/2024:19:14:44 -0400] "GET /wp-content/uploads/gravity_forms/c/f/b/g/ HTTP/1.1" 404 1251 "-" "Mozilla/5.0 (compatible; AhrefsBot/7.0; +http://ahrefs.com/robot/)"
51.222.253.20 - - [19/Sep/2024:19:18:09 -0400] "GET /wp-content/uploads/gravity_forms/c/f/b/h/ HTTP/1.1" 404 1251 "-" "Mozilla/5.0 (compatible; AhrefsBot/7.0; +http://ahrefs.com/robot/)"
51.222.253.12 - - [19/Sep/2024:19:22:06 -0400] "GET /wp-content/uploads/gravity_forms/d/h/a/a/ HTTP/1.1" 404 1251 "-" "Mozilla/5.0 (compatible; AhrefsBot/7.0; +http://ahrefs.com/robot/)"
66.249.65.45 - - [19/Sep/2024:19:22:45 -0400] "GET /index.php/products/bellabella729841?id=490 HTTP/1.1" 404 1251 "-" "Mozilla/5.0 (Linux; Android 6.0.1; Nexus 5X Build/MMB29P) AppleWebKit/537.36 (KHTML, like Gecko) Chrome/128.0.6613.137 Mobile Safari/537.36 (compatible; Googlebot/2.1; +http://www.google.com/bot.html)"
52.167.144.180 - - [19/Sep/2024:19:24:08 -0400] "GET /products/asquirm246102?id=196 HTTP/1.1" 404 1251 "-" "Mozilla/5.0 AppleWebKit/537.36 (KHTML, like Gecko; compatible; bingbot/2.0; +http://www.bing.com/bingbot.htm) Chrome/116.0.1938.76 Safari/537.36"
40.77.167.243 - - [19/Sep/2024:19:25:06 -0400] "GET /64492010293104.html HTTP/1.1" 404 1251 "-" "Mozilla/5.0 AppleWebKit/537.36 (KHTML, like Gecko; compatible; bingbot/2.0; +http://www.bing.com/bingbot.htm) Chrome/116.0.1938.76 Safari/537.36"
51.222.253.12 - - [19/Sep/2024:19:26:38 -0400] "GET /wp-content/uploads/gravity_forms/d/h/a/b/ HTTP/1.1" 404 1251 "-" "Mozilla/5.0 (compatible; AhrefsBot/7.0; +http://ahrefs.com/robot/)"
51.222.253.11 - - [19/Sep/2024:19:30:30 -0400] "GET /wp-content/uploads/gravity_forms/d/h/a/c/ HTTP/1.1" 404 1251 "-" "Mozilla/5.0 (compatible; AhrefsBot/7.0; +http://ahrefs.com/robot/)"
47.128.28.214 - - [19/Sep/2024:19:32:00 -0400] "GET /robots.txt HTTP/1.1" 404 1251 "-" "Mozilla/5.0 (Linux; Android 5.0) AppleWebKit/537.36 (KHTML, like Gecko) Mobile Safari/537.36 (compatible; Bytespider; spider-feedback@bytedance.com)"
66.249.65.45 - - [19/Sep/2024:19:32:28 -0400] "GET /index.phpllisting/for-love-and-lemons-amelia-in-rosebud-flower-applique-off-the-shoulder-size-l-276611 HTTP/1.1" 404 1251 "-" "Mozilla/5.0 (Linux; Android 6.0.1; Nexus 5X Build/MMB29P) AppleWebKit/537.36 (KHTML, like Gecko) Chrome/128.0.6613.137 Mobile Safari/537.36 (compatible; Googlebot/2.1; +http://www.google.com/bot.html)"
66.249.65.46 - - [19/Sep/2024:19:32:31 -0400] "GET /products/guitarist936671?id=699 HTTP/1.1" 404 1251 "-" "Mozilla/5.0 (Linux; Android 6.0.1; Nexus 5X Build/MMB29P) AppleWebKit/537.36 (KHTML, like Gecko) Chrome/128.0.6613.137 Mobile Safari/537.36 (compatible; Googlebot/2.1; +http://www.google.com/bot.html)"
66.249.65.46 - - [19/Sep/2024:19:33:01 -0400] "GET /products/meniscus1059531?id=101 HTTP/1.1" 404 1251 "-" "Mozilla/5.0 (Linux; Android 6.0.1; Nexus 5X Build/MMB29P) AppleWebKit/537.36 (KHTML, like Gecko) Chrome/128.0.6613.137 Mobile Safari/537.36 (compatible; Googlebot/2.1; +http://www.google.com/bot.html)"
51.222.253.3 - - [19/Sep/2024:19:34:31 -0400] "GET /wp-content/uploads/gravity_forms/d/h/a/d/ HTTP/1.1" 404 1251 "-" "Mozilla/5.0 (compatible; AhrefsBot/7.0; +http://ahrefs.com/robot/)"
51.222.253.10 - - [19/Sep/2024:19:38:22 -0400] "GET /wp-content/uploads/gravity_forms/d/h/a/e/ HTTP/1.1" 404 1251 "-" "Mozilla/5.0 (compatible; AhrefsBot/7.0; +http://ahrefs.com/robot/)"
51.222.253.5 - - [19/Sep/2024:19:42:00 -0400] "GET /wp-content/uploads/gravity_forms/d/h/a/f/ HTTP/1.1" 404 1251 "-" "Mozilla/5.0 (compatible; AhrefsBot/7.0; +http://ahrefs.com/robot/)"
51.222.253.8 - - [19/Sep/2024:19:45:50 -0400] "GET /wp-content/uploads/gravity_forms/d/h/a/h/ HTTP/1.1" 404 1251 "-" "Mozilla/5.0 (compatible; AhrefsBot/7.0; +http://ahrefs.com/robot/)"
51.222.253.6 - - [19/Sep/2024:19:49:59 -0400] "GET /wp-content/uploads/gravity_forms/d/e/b/a/ HTTP/1.1" 404 1251 "-" "Mozilla/5.0 (compatible; AhrefsBot/7.0; +http://ahrefs.com/robot/)"
51.222.253.2 - - [19/Sep/2024:19:53:51 -0400] "GET /wp-content/uploads/gravity_forms/d/e/b/b/ HTTP/1.1" 404 1251 "-" "Mozilla/5.0 (compatible; AhrefsBot/7.0; +http://ahrefs.com/robot/)"
51.222.253.20 - - [19/Sep/2024:19:56:50 -0400] "GET /wp-content/uploads/gravity_forms/d/e/b/c/ HTTP/1.1" 404 1251 "-" "Mozilla/5.0 (compatible; AhrefsBot/7.0; +http://ahrefs.com/robot/)"
47.128.124.249 - - [19/Sep/2024:19:58:31 -0400] "GET /robots.txt HTTP/1.1" 404 1251 "-" "Mozilla/5.0 (Linux; Android 5.0) AppleWebKit/537.36 (KHTML, like Gecko) Mobile Safari/537.36 (compatible; Bytespider; spider-feedback@bytedance.com)"
47.128.16.145 - - [19/Sep/2024:19:59:30 -0400] "GET /taking-a-break-for-a-little-167/ HTTP/1.1" 404 1251 "-" "Mozilla/5.0 (compatible; Bytespider; spider-feedback@bytedance.com) AppleWebKit/537.36 (KHTML, like Gecko) Chrome/70.0.0.0 Safari/537.36"
51.222.253.15 - - [19/Sep/2024:20:01:10 -0400] "GET /wp-content/uploads/gravity_forms/d/e/b/d/ HTTP/1.1" 404 1251 "-" "Mozilla/5.0 (compatible; AhrefsBot/7.0; +http://ahrefs.com/robot/)"
51.222.253.19 - - [19/Sep/2024:20:05:14 -0400] "GET /wp-content/uploads/gravity_forms/d/e/b/e/ HTTP/1.1" 404 1251 "-" "Mozilla/5.0 (compatible; AhrefsBot/7.0; +http://ahrefs.com/robot/)"
51.222.253.10 - - [19/Sep/2024:20:08:58 -0400] "GET /wp-content/uploads/gravity_forms/d/e/b/g/ HTTP/1.1" 404 1251 "-" "Mozilla/5.0 (compatible; AhrefsBot/7.0; +http://ahrefs.com/robot/)"
51.222.253.10 - - [19/Sep/2024:20:13:28 -0400] "GET /wp-content/uploads/gravity_forms/d/e/b/h/ HTTP/1.1" 404 1251 "-" "Mozilla/5.0 (compatible; AhrefsBot/7.0; +http://ahrefs.com/robot/)"
51.222.253.18 - - [19/Sep/2024:20:17:02 -0400] "GET /wp-content/uploads/gravity_forms/d/e/h/a/ HTTP/1.1" 404 1251 "-" "Mozilla/5.0 (compatible; AhrefsBot/7.0; +http://ahrefs.com/robot/)"
51.222.253.20 - - [19/Sep/2024:20:21:04 -0400] "GET /wp-content/uploads/gravity_forms/d/e/h/c/ HTTP/1.1" 404 1251 "-" "Mozilla/5.0 (compatible; AhrefsBot/7.0; +http://ahrefs.com/robot/)"
66.249.65.32 - - [19/Sep/2024:20:23:33 -0400] "GET /index.php/a2f6product/product_id/1826356/reviews HTTP/1.1" 404 1251 "-" "Mozilla/5.0 (Linux; Android 6.0.1; Nexus 5X Build/MMB29P) AppleWebKit/537.36 (KHTML, like Gecko) Chrome/128.0.6613.137 Mobile Safari/537.36 (compatible; Googlebot/2.1; +http://www.google.com/bot.html)"
51.222.253.5 - - [19/Sep/2024:20:25:31 -0400] "GET /wp-content/uploads/gravity_forms/d/e/h/d/ HTTP/1.1" 404 1251 "-" "Mozilla/5.0 (compatible; AhrefsBot/7.0; +http://ahrefs.com/robot/)"
51.222.253.14 - - [19/Sep/2024:20:30:10 -0400] "GET /wp-content/uploads/gravity_forms/d/e/h/e/ HTTP/1.1" 404 1251 "-" "Mozilla/5.0 (compatible; AhrefsBot/7.0; +http://ahrefs.com/robot/)"
51.222.253.3 - - [19/Sep/2024:20:34:36 -0400] "GET /wp-content/uploads/gravity_forms/d/e/h/f/ HTTP/1.1" 404 1251 "-" "Mozilla/5.0 (compatible; AhrefsBot/7.0; +http://ahrefs.com/robot/)"
51.222.253.12 - - [19/Sep/2024:20:39:27 -0400] "GET /wp-content/uploads/gravity_forms/h/c/a/b/ HTTP/1.1" 404 1251 "-" "Mozilla/5.0 (compatible; AhrefsBot/7.0; +http://ahrefs.com/robot/)"
114.119.158.142 - - [19/Sep/2024:20:43:19 -0400] "GET /wp-content/uploads/2021/09/ledger-trezor-metamask-200x200.png HTTP/1.1" 404 1251 "https://zombie.wtf/page/3/" "Mozilla/5.0 (Linux; Android 7.0;) AppleWebKit/537.36 (KHTML, like Gecko) Mobile Safari/537.36 (compatible; PetalBot;+https://webmaster.petalsearch.com/site/petalbot)"
51.222.253.19 - - [19/Sep/2024:20:44:18 -0400] "GET /wp-content/uploads/gravity_forms/h/c/e/a/ HTTP/1.1" 404 1251 "-" "Mozilla/5.0 (compatible; AhrefsBot/7.0; +http://ahrefs.com/robot/)"
40.77.167.25 - - [19/Sep/2024:20:48:01 -0400] "GET /6vdd348 HTTP/1.1" 404 1251 "-" "Mozilla/5.0 AppleWebKit/537.36 (KHTML, like Gecko; compatible; bingbot/2.0; +http://www.bing.com/bingbot.htm) Chrome/116.0.1938.76 Safari/537.36"
51.222.253.15 - - [19/Sep/2024:20:48:40 -0400] "GET /wp-content/uploads/gravity_forms/d/e/h/g/ HTTP/1.1" 404 1251 "-" "Mozilla/5.0 (compatible; AhrefsBot/7.0; +http://ahrefs.com/robot/)"
51.222.253.6 - - [19/Sep/2024:20:52:12 -0400] "GET /wp-content/uploads/gravity_forms/h/c/e/b/ HTTP/1.1" 404 1251 "-" "Mozilla/5.0 (compatible; AhrefsBot/7.0; +http://ahrefs.com/robot/)"

Hacked By AnonymousFox1.0, Coded By AnonymousFox